68.230.204.146 - - [17/Jun/2004:13:33:28 -0700] "GET /blah/chinese_waterskiing.jpg HTTP/1.1" 200 32992 "http://phunny.drghetto.com/blah/" "Mozilla/4.0 (compatible; MSIE 6.0; Windows NT 5.1; FunWebProducts)"
68.230.204.146 - - [17/Jun/2004:13:33:35 -0700] "GET /blah/b4coffee.jpg HTTP/1.1" 200 16993 "http://phunny.drghetto.com/blah/" "Mozilla/4.0 (compatible; MSIE 6.0; Windows NT 5.1; FunWebProducts)"
68.230.204.146 - - [17/Jun/2004:13:33:50 -0700] "GET /blah/Weeeeeeee.swf HTTP/1.1" 200 928372 "http://phunny.drghetto.com/blah/" "Mozilla/4.0 (compatible; MSIE 6.0; Windows NT 5.1; FunWebProducts)"
68.230.204.146 - - [17/Jun/2004:13:33:51 -0700] "GET /blah/orb.swf HTTP/1.1" 404 294 "-" "Mozilla/4.0 (compatible; MSIE 6.0; Windows NT 5.1; FunWebProducts)"
68.230.204.146 - - [17/Jun/2004:13:33:55 -0700] "GET /blah/WEIGHT.jpg HTTP/1.1" 200 23419 "http://phunny.drghetto.com/blah/" "Mozilla/4.0 (compatible; MSIE 6.0; Windows NT 5.1; FunWebProducts)"
68.230.204.146 - - [17/Jun/2004:13:34:06 -0700] "GET /blah/Thong.jpg HTTP/1.1" 200 37894 "http://phunny.drghetto.com/blah/" "Mozilla/4.0 (compatible; MSIE 6.0; Windows NT 5.1; FunWebProducts)"
68.230.204.146 - - [17/Jun/2004:13:34:22 -0700] "GET /blah/Slide13.JPG HTTP/1.1" 200 42306 "http://phunny.drghetto.com/blah/" "Mozilla/4.0 (compatible; MSIE 6.0; Windows NT 5.1; FunWebProducts)"
68.230.204.146 - - [17/Jun/2004:13:34:40 -0700] "GET /blah/Slide12.JPG HTTP/1.1" 200 32850 "http://phunny.drghetto.com/blah/" "Mozilla/4.0 (compatible; MSIE 6.0; Windows NT 5.1; FunWebProducts)"
136.235.12.7 - - [17/Jun/2004:13:34:45 -0700] "GET /cnn.jpg HTTP/1.0" 200 150090 "-" "Mozilla/4.0 (compatible;)"
68.230.204.146 - - [17/Jun/2004:13:34:46 -0700] "GET /blah/Slide11.JPG HTTP/1.1" 200 39436 "http://phunny.drghetto.com/blah/" "Mozilla/4.0 (compatible; MSIE 6.0; Windows NT 5.1; FunWebProducts)"
68.230.204.146 - - [17/Jun/2004:13:34:51 -0700] "GET /blah/Slide5.JPG HTTP/1.1" 200 38045 "http://phunny.drghetto.com/blah/" "Mozilla/4.0 (compatible; MSIE 6.0; Windows NT 5.1; FunWebProducts)"
68.230.204.146 - - [17/Jun/2004:13:34:56 -0700] "GET /blah/Slide9.JPG HTTP/1.1" 200 43707 "http://phunny.drghetto.com/blah/" "Mozilla/4.0 (compatible; MSIE 6.0; Windows NT 5.1; FunWebProducts)"
68.230.204.146 - - [17/Jun/2004:13:35:04 -0700] "GET /blah/Slide10.JPG HTTP/1.1" 200 32688 "http://phunny.drghetto.com/blah/" "Mozilla/4.0 (compatible; MSIE 6.0; Windows NT 5.1; FunWebProducts)"
68.230.204.146 - - [17/Jun/2004:13:35:32 -0700] "GET /blah/Slide3.JPG HTTP/1.1" 200 40896 "http://phunny.drghetto.com/blah/" "Mozilla/4.0 (compatible; MSIE 6.0; Windows NT 5.1; FunWebProducts)"
172.208.137.20 - - [17/Jun/2004:13:35:35 -0700] "GET /retarded.jpg HTTP/1.1" 200 37603 "-" "Mozilla/4.0 (compatible; MSIE 5.12; Mac_PowerPC)"
68.230.204.146 - - [17/Jun/2004:13:35:52 -0700] "GET /blah/Peanuts-Last-Strip.gif HTTP/1.1" 200 363326 "http://phunny.drghetto.com/blah/" "Mozilla/4.0 (compatible; MSIE 6.0; Windows NT 5.1; FunWebProducts)"
68.230.204.146 - - [17/Jun/2004:13:35:55 -0700] "GET /blah/Power_of_love_31.jpg HTTP/1.1" 200 31465 "http://phunny.drghetto.com/blah/" "Mozilla/4.0 (compatible; MSIE 6.0; Windows NT 5.1; FunWebProducts)"
68.10.4.184 - - [17/Jun/2004:13:36:20 -0700] "GET / HTTP/1.1" 200 30727 "http://www.google.com/search?hl=en&ie=UTF-8&q=drghetto" "Mozilla/4.0 (compatible; MSIE 6.0; Windows NT 5.1)"
68.10.4.184 - - [17/Jun/2004:13:36:20 -0700] "GET /icons/blank.gif HTTP/1.1" 200 148 "http://phunny.drghetto.com/" "Mozilla/4.0 (compatible; MSIE 6.0; Windows NT 5.1)"
68.10.4.184 - - [17/Jun/2004:13:36:20 -0700] "GET /icons/back.gif HTTP/1.1" 200 216 "http://phunny.drghetto.com/" "Mozilla/4.0 (compatible; MSIE 6.0; Windows NT 5.1)"
68.10.4.184 - - [17/Jun/2004:13:36:20 -0700] "GET /icons/movie.gif HTTP/1.1" 200 243 "http://phunny.drghetto.com/" "Mozilla/4.0 (compatible; MSIE 6.0; Windows NT 5.1)"
68.10.4.184 - - [17/Jun/2004:13:36:20 -0700] "GET /icons/image2.gif HTTP/1.1" 200 309 "http://phunny.drghetto.com/" "Mozilla/4.0 (compatible; MSIE 6.0; Windows NT 5.1)"
68.10.4.184 - - [17/Jun/2004:13:36:20 -0700] "GET /icons/unknown.gif HTTP/1.1" 200 245 "http://phunny.drghetto.com/" "Mozilla/4.0 (compatible; MSIE 6.0; Windows NT 5.1)"
68.10.4.184 - - [17/Jun/2004:13:36:20 -0700] "GET /icons/sound2.gif HTTP/1.1" 200 221 "http://phunny.drghetto.com/" "Mozilla/4.0 (compatible; MSIE 6.0; Windows NT 5.1)"
68.10.4.184 - - [17/Jun/2004:13:36:20 -0700] "GET /icons/folder.gif HTTP/1.1" 200 225 "http://phunny.drghetto.com/" "Mozilla/4.0 (compatible; MSIE 6.0; Windows NT 5.1)"
68.10.4.184 - - [17/Jun/2004:13:36:25 -0700] "GET /0000154587.mpeg HTTP/1.1" 200 112256 "http://phunny.drghetto.com/" "Mozilla/4.0 (compatible; MSIE 6.0; Windows NT 5.1)"
68.10.4.184 - - [17/Jun/2004:13:36:26 -0700] "GET /0000154587.mpeg HTTP/1.1" 200 49277 "-" "Windows-Media-Player/8.00.00.4491"
68.10.4.184 - - [17/Jun/2004:13:36:35 -0700] "GET /0000154587.mpeg HTTP/1.1" 206 2265242 "-" "Mozilla/4.0 (compatible; MSIE 6.0; Windows NT 5.1)"
68.10.4.184 - - [17/Jun/2004:13:36:36 -0700] "GET /384033.1.jpg HTTP/1.1" 200 63822 "http://phunny.drghetto.com/" "Mozilla/4.0 (compatible; MSIE 6.0; Windows NT 5.1)"
68.10.4.184 - - [17/Jun/2004:13:36:49 -0700] "GET /57629.jpg HTTP/1.1" 200 59218 "http://phunny.drghetto.com/" "Mozilla/4.0 (compatible; MSIE 6.0; Windows NT 5.1)"
68.10.4.184 - - [17/Jun/2004:13:36:55 -0700] "GET /70756.jpg HTTP/1.1" 200 24647 "http://phunny.drghetto.com/" "Mozilla/4.0 (compatible; MSIE 6.0; Windows NT 5.1)"
68.10.4.184 - - [17/Jun/2004:13:37:12 -0700] "GET /85361_ABORT.swf HTTP/1.1" 200 1081890 "http://phunny.drghetto.com/" "Mozilla/4.0 (compatible; MSIE 6.0; Windows NT 5.1)"
68.10.4.184 - - [17/Jun/2004:13:37:58 -0700] "GET /%3fbeaver2.jpg HTTP/1.1" 200 302 "http://phunny.drghetto.com/" "Mozilla/4.0 (compatible; MSIE 6.0; Windows NT 5.1)"
68.10.4.184 - - [17/Jun/2004:13:37:59 -0700] "GET /beaver2.jpg HTTP/1.1" 200 75877 "http://phunny.drghetto.com/%3fbeaver2.jpg" "Mozilla/4.0 (compatible; MSIE 6.0; Windows NT 5.1)"
68.10.4.184 - - [17/Jun/2004:13:38:39 -0700] "GET /AYB2.swf HTTP/1.1" 200 1678697 "http://phunny.drghetto.com/" "Mozilla/4.0 (compatible; MSIE 6.0; Windows NT 5.1)"
68.10.4.184 - - [17/Jun/2004:13:39:09 -0700] "GET /BADCHILD.AVI HTTP/1.1" 200 104753 "http://phunny.drghetto.com/" "Mozilla/4.0 (compatible; MSIE 6.0; Windows NT 5.1)"
68.10.4.184 - - [17/Jun/2004:13:39:09 -0700] "GET /BADCHILD.AVI HTTP/1.1" 200 30293 "-" "Windows-Media-Player/8.00.00.4491"
68.10.4.184 - - [17/Jun/2004:13:39:14 -0700] "GET /BADCHILD.AVI HTTP/1.1" 206 590894 "-" "Mozilla/4.0 (compatible; MSIE 6.0; Windows NT 5.1)"
199.72.155.130 - - [17/Jun/2004:13:39:25 -0700] "GET /FBI-MCSOTerroristFlyer-Front.jpg HTTP/1.1" 200 138882 "http://www.twelvestone.com/forums/showthread.php?s=&threadid=17211" "Mozilla/4.0 (compatible; MSIE 6.0; Windows NT 5.1)"
199.72.155.130 - - [17/Jun/2004:13:39:26 -0700] "GET /FBI-MCSOTerroristFlyer-Back.jpg HTTP/1.1" 200 169336 "http://www.twelvestone.com/forums/showthread.php?s=&threadid=17211" "Mozilla/4.0 (compatible; MSIE 6.0; Windows NT 5.1)"
68.10.4.184 - - [17/Jun/2004:13:39:45 -0700] "GET /BZP4.jpg HTTP/1.1" 200 93362 "http://phunny.drghetto.com/" "Mozilla/4.0 (compatible; MSIE 6.0; Windows NT 5.1)"
68.10.4.184 - - [17/Jun/2004:13:39:49 -0700] "GET /Best%20Company%20Name%20Ever.jpg HTTP/1.1" 200 23261 "http://phunny.drghetto.com/" "Mozilla/4.0 (compatible; MSIE 6.0; Windows NT 5.1)"
68.10.4.184 - - [17/Jun/2004:13:39:57 -0700] "GET /Bruiser.jpg HTTP/1.1" 200 48332 "http://phunny.drghetto.com/" "Mozilla/4.0 (compatible; MSIE 6.0; Windows NT 5.1)"
68.10.4.184 - - [17/Jun/2004:13:40:04 -0700] "GET /Conan%20O'Brien%20-%20Pimpbot%205000.mpeg HTTP/1.1" 200 57344 "http://phunny.drghetto.com/" "Mozilla/4.0 (compatible; MSIE 6.0; Windows NT 5.1)"
68.10.4.184 - - [17/Jun/2004:13:40:05 -0700] "GET /Conan%20O'Brien%20-%20Pimpbot%205000.mpeg HTTP/1.1" 200 30296 "-" "Windows-Media-Player/8.00.00.4491"
68.10.4.184 - - [17/Jun/2004:13:40:24 -0700] "GET /Conan%20O'Brien%20-%20Pimpbot%205000.mpeg HTTP/1.1" 206 4462088 "-" "Mozilla/4.0 (compatible; MSIE 6.0; Windows NT 5.1)"
68.230.204.146 - - [17/Jun/2004:13:40:42 -0700] "GET /blah/Toiletseat.jpg HTTP/1.1" 200 11993 "http://phunny.drghetto.com/blah/" "Mozilla/4.0 (compatible; MSIE 6.0; Windows NT 5.1; FunWebProducts)"
68.10.4.184 - - [17/Jun/2004:13:40:50 -0700] "GET /Divorce_Sept_11_Style.jpg HTTP/1.1" 200 26289 "http://phunny.drghetto.com/" "Mozilla/4.0 (compatible; MSIE 6.0; Windows NT 5.1)"
68.230.204.146 - - [17/Jun/2004:13:40:52 -0700] "GET /blah/REEFER4.GIF HTTP/1.1" 200 8136 "http://phunny.drghetto.com/blah/" "Mozilla/4.0 (compatible; MSIE 6.0; Windows NT 5.1; FunWebProducts)"
68.10.4.184 - - [17/Jun/2004:13:40:53 -0700] "GET /DENMovie.swf HTTP/1.1" 200 3753392 "http://phunny.drghetto.com/" "Mozilla/4.0 (compatible; MSIE 6.0; Windows NT 5.1)"
68.230.204.146 - - [17/Jun/2004:13:41:03 -0700] "GET /blah/PHART.GIF HTTP/1.1" 200 42773 "http://phunny.drghetto.com/blah/" "Mozilla/4.0 (compatible; MSIE 6.0; Windows NT 5.1; FunWebProducts)"
68.10.4.184 - - [17/Jun/2004:13:41:11 -0700] "GET /Eric.avi HTTP/1.1" 200 33211 "http://phunny.drghetto.com/" "Mozilla/4.0 (compatible; MSIE 6.0; Windows NT 5.1)"
68.10.4.184 - - [17/Jun/2004:13:41:15 -0700] "GET /Eric.avi HTTP/1.1" 200 36131 "-" "Windows-Media-Player/8.00.00.4491"
68.10.4.184 - - [17/Jun/2004:13:41:34 -0700] "GET /Eric.avi HTTP/1.1" 206 3187597 "-" "Mozilla/4.0 (compatible; MSIE 6.0; Windows NT 5.1)"
68.10.4.184 - - [17/Jun/2004:13:41:42 -0700] "GET /Santa_Drunk.jpg HTTP/1.1" 200 44875 "http://phunny.drghetto.com/" "Mozilla/4.0 (compatible; MSIE 6.0; Windows NT 5.1)"
68.230.204.146 - - [17/Jun/2004:13:41:44 -0700] "GET /blah/Organograma0_1.jpg HTTP/1.1" 200 40934 "http://phunny.drghetto.com/blah/" "Mozilla/4.0 (compatible; MSIE 6.0; Windows NT 5.1; FunWebProducts)"
68.10.4.184 - - [17/Jun/2004:13:41:48 -0700] "GET /babyteeth(TwistedHumor.com).jpg HTTP/1.1" 200 24716 "http://phunny.drghetto.com/" "Mozilla/4.0 (compatible; MSIE 6.0; Windows NT 5.1)"
68.230.204.146 - - [17/Jun/2004:13:42:13 -0700] "GET /blah/Nice__image_(1).jpg HTTP/1.1" 200 24930 "http://phunny.drghetto.com/blah/" "Mozilla/4.0 (compatible; MSIE 6.0; Windows NT 5.1; FunWebProducts)"
68.230.204.146 - - [17/Jun/2004:13:42:27 -0700] "GET /blah/New_Jeans.jpg HTTP/1.1" 200 38896 "http://phunny.drghetto.com/blah/" "Mozilla/4.0 (compatible; MSIE 6.0; Windows NT 5.1; FunWebProducts)"
68.230.204.146 - - [17/Jun/2004:13:42:43 -0700] "GET /blah/NATURALE6.jpg HTTP/1.1" 200 14361 "http://phunny.drghetto.com/blah/" "Mozilla/4.0 (compatible; MSIE 6.0; Windows NT 5.1; FunWebProducts)"
68.230.204.146 - - [17/Jun/2004:13:42:51 -0700] "GET /blah/NATURALE5.jpg HTTP/1.1" 200 36398 "http://phunny.drghetto.com/blah/" "Mozilla/4.0 (compatible; MSIE 6.0; Windows NT 5.1; FunWebProducts)"
68.230.204.146 - - [17/Jun/2004:13:43:01 -0700] "GET /blah/NATURALE2.jpg HTTP/1.1" 200 22151 "http://phunny.drghetto.com/blah/" "Mozilla/4.0 (compatible; MSIE 6.0; Windows NT 5.1; FunWebProducts)"
68.230.204.146 - - [17/Jun/2004:13:43:09 -0700] "GET /blah/NATURALE.jpg HTTP/1.1" 200 14890 "http://phunny.drghetto.com/blah/" "Mozilla/4.0 (compatible; MSIE 6.0; Windows NT 5.1; FunWebProducts)"
68.230.204.146 - - [17/Jun/2004:13:43:21 -0700] "GET /blah/Minnesota%20Most%20Dangerous.jpg HTTP/1.1" 200 64276 "http://phunny.drghetto.com/blah/" "Mozilla/4.0 (compatible; MSIE 6.0; Windows NT 5.1; FunWebProducts)"
68.230.204.146 - - [17/Jun/2004:13:43:27 -0700] "GET /blah/Milking2.jpg HTTP/1.1" 200 39193 "http://phunny.drghetto.com/blah/" "Mozilla/4.0 (compatible; MSIE 6.0; Windows NT 5.1; FunWebProducts)"
68.230.204.146 - - [17/Jun/2004:13:43:33 -0700] "GET /blah/HERBER.GIF HTTP/1.1" 200 44021 "http://phunny.drghetto.com/blah/" "Mozilla/4.0 (compatible; MSIE 6.0; Windows NT 5.1; FunWebProducts)"
68.230.204.146 - - [17/Jun/2004:13:43:39 -0700] "GET /blah/Bodypaint_SILVER.jpg HTTP/1.1" 200 59694 "http://phunny.drghetto.com/blah/" "Mozilla/4.0 (compatible; MSIE 6.0; Windows NT 5.1; FunWebProducts)"
68.230.204.146 - - [17/Jun/2004:13:43:52 -0700] "GET /blah/Cold%20Zipper.jpg HTTP/1.1" 200 66306 "http://phunny.drghetto.com/blah/" "Mozilla/4.0 (compatible; MSIE 6.0; Windows NT 5.1; FunWebProducts)"
68.230.204.146 - - [17/Jun/2004:13:44:05 -0700] "GET /blah/Bodypaint_GREEN.jpg HTTP/1.1" 200 63769 "http://phunny.drghetto.com/blah/" "Mozilla/4.0 (compatible; MSIE 6.0; Windows NT 5.1; FunWebProducts)"
68.230.204.146 - - [17/Jun/2004:13:44:20 -0700] "GET /blah/Bodypaint_CHEETA~1.jpg HTTP/1.1" 200 56081 "http://phunny.drghetto.com/blah/" "Mozilla/4.0 (compatible; MSIE 6.0; Windows NT 5.1; FunWebProducts)"
68.230.204.146 - - [17/Jun/2004:13:44:25 -0700] "GET /blah/Bodypaint_MYSTIQUE.jpg HTTP/1.1" 200 59489 "http://phunny.drghetto.com/blah/" "Mozilla/4.0 (compatible; MSIE 6.0; Windows NT 5.1; FunWebProducts)"
68.230.204.146 - - [17/Jun/2004:13:44:30 -0700] "GET /blah/Bodypaint_4PAINT~1.jpg HTTP/1.1" 200 69178 "http://phunny.drghetto.com/blah/" "Mozilla/4.0 (compatible; MSIE 6.0; Windows NT 5.1; FunWebProducts)"
68.230.204.146 - - [17/Jun/2004:13:44:39 -0700] "GET /blah/BinLaden.swf HTTP/1.1" 200 253661 "http://phunny.drghetto.com/blah/" "Mozilla/4.0 (compatible; MSIE 6.0; Windows NT 5.1; FunWebProducts)"
68.230.204.146 - - [17/Jun/2004:13:44:43 -0700] "GET /blah/ HTTP/1.1" 200 45594 "http://phunny.drghetto.com/?N=D" "Mozilla/4.0 (compatible; MSIE 6.0; Windows NT 5.1; FunWebProducts)"
68.230.204.146 - - [17/Jun/2004:13:44:45 -0700] "GET /blah/BabyMoses.jpg HTTP/1.1" 200 33845 "http://phunny.drghetto.com/blah/" "Mozilla/4.0 (compatible; MSIE 6.0; Windows NT 5.1; FunWebProducts)"
68.230.204.146 - - [17/Jun/2004:13:45:28 -0700] "GET /blah/Attach.jpg HTTP/1.1" 200 65632 "http://phunny.drghetto.com/blah/" "Mozilla/4.0 (compatible; MSIE 6.0; Windows NT 5.1; FunWebProducts)"
68.230.204.146 - - [17/Jun/2004:13:45:51 -0700] "GET /blah/3.jpg HTTP/1.1" 200 21945 "http://phunny.drghetto.com/blah/" "Mozilla/4.0 (compatible; MSIE 6.0; Windows NT 5.1; FunWebProducts)"
68.230.204.146 - - [17/Jun/2004:13:46:14 -0700] "GET /blah/Big%20One.jpg HTTP/1.1" 200 65257 "http://phunny.drghetto.com/blah/" "Mozilla/4.0 (compatible; MSIE 6.0; Windows NT 5.1; FunWebProducts)"
68.230.204.146 - - [17/Jun/2004:13:46:29 -0700] "GET /blah/Bodypaint_TRIPLETS.jpg HTTP/1.1" 200 60284 "http://phunny.drghetto.com/blah/" "Mozilla/4.0 (compatible; MSIE 6.0; Windows NT 5.1; FunWebProducts)"
68.230.204.146 - - [17/Jun/2004:13:46:38 -0700] "GET /blah/Computer-expert.jpg HTTP/1.1" 200 53970 "http://phunny.drghetto.com/blah/" "Mozilla/4.0 (compatible; MSIE 6.0; Windows NT 5.1; FunWebProducts)"
68.230.204.146 - - [17/Jun/2004:13:47:04 -0700] "GET /blah/DIRTYJ10.jpg HTTP/1.1" 200 17082 "http://phunny.drghetto.com/blah/" "Mozilla/4.0 (compatible; MSIE 6.0; Windows NT 5.1; FunWebProducts)"
68.230.204.146 - - [17/Jun/2004:13:47:13 -0700] "GET /blah/DIRTYJO1.jpg HTTP/1.1" 200 47511 "http://phunny.drghetto.com/blah/" "Mozilla/4.0 (compatible; MSIE 6.0; Windows NT 5.1; FunWebProducts)"
68.230.204.146 - - [17/Jun/2004:13:47:35 -0700] "GET /blah/DIRTYJO5.jpg HTTP/1.1" 200 43850 "http://phunny.drghetto.com/blah/" "Mozilla/4.0 (compatible; MSIE 6.0; Windows NT 5.1; FunWebProducts)"
68.230.204.146 - - [17/Jun/2004:13:47:54 -0700] "GET /blah/Discreet.jpg HTTP/1.1" 200 21846 "http://phunny.drghetto.com/blah/" "Mozilla/4.0 (compatible; MSIE 6.0; Windows NT 5.1; FunWebProducts)"
68.230.204.146 - - [17/Jun/2004:13:48:00 -0700] "GET /blah/Eight%20Reasons%20to%20Love%20Summer.jpg HTTP/1.1" 200 56847 "http://phunny.drghetto.com/blah/" "Mozilla/4.0 (compatible; MSIE 6.0; Windows NT 5.1; FunWebProducts)"
68.230.204.146 - - [17/Jun/2004:13:48:28 -0700] "GET /blah/FIRST.GIF HTTP/1.1" 200 65507 "http://phunny.drghetto.com/blah/" "Mozilla/4.0 (compatible; MSIE 6.0; Windows NT 5.1; FunWebProducts)"
68.230.204.146 - - [17/Jun/2004:13:48:32 -0700] "GET /blah/GANJA.JPG HTTP/1.1" 200 7398 "http://phunny.drghetto.com/blah/" "Mozilla/4.0 (compatible; MSIE 6.0; Windows NT 5.1; FunWebProducts)"
68.230.204.146 - - [17/Jun/2004:13:48:38 -0700] "GET /blah/HALFBA~1.JPG HTTP/1.1" 200 7156 "http://phunny.drghetto.com/blah/" "Mozilla/4.0 (compatible; MSIE 6.0; Windows NT 5.1; FunWebProducts)"
68.230.204.146 - - [17/Jun/2004:13:48:43 -0700] "GET /blah/Holiday%20Baking.jpg HTTP/1.1" 200 74642 "http://phunny.drghetto.com/blah/" "Mozilla/4.0 (compatible; MSIE 6.0; Windows NT 5.1; FunWebProducts)"
68.230.204.146 - - [17/Jun/2004:13:49:12 -0700] "GET /blah/Hotdogs.jpg HTTP/1.1" 200 26310 "http://phunny.drghetto.com/blah/" "Mozilla/4.0 (compatible; MSIE 6.0; Windows NT 5.1; FunWebProducts)"
82.35.32.42 - - [17/Jun/2004:13:49:14 -0700] "GET /FBI-MCSOTerroristFlyer-Back.jpg HTTP/1.1" 200 169336 "http://twelvestone.com/forums/showthread.php?s=55ffb2139f4c152d555e85da80dec40f&threadid=17211" "Mozilla/4.0 (compatible; MSIE 6.0; Windows NT 5.1; .NET CLR 1.1.4322)"
82.35.32.42 - - [17/Jun/2004:13:49:16 -0700] "GET /FBI-MCSOTerroristFlyer-Front.jpg HTTP/1.1" 200 138882 "http://twelvestone.com/forums/showthread.php?s=55ffb2139f4c152d555e85da80dec40f&threadid=17211" "Mozilla/4.0 (compatible; MSIE 6.0; Windows NT 5.1; .NET CLR 1.1.4322)"
68.230.204.146 - - [17/Jun/2004:13:49:29 -0700] "GET /blah/Jpeg1.jpg HTTP/1.1" 200 36029 "http://phunny.drghetto.com/blah/" "Mozilla/4.0 (compatible; MSIE 6.0; Windows NT 5.1; FunWebProducts)"
68.230.204.146 - - [17/Jun/2004:13:49:44 -0700] "GET /blah/Kitty-Kitty.jpg HTTP/1.1" 200 27587 "http://phunny.drghetto.com/blah/" "Mozilla/4.0 (compatible; MSIE 6.0; Windows NT 5.1; FunWebProducts)"
68.230.204.146 - - [17/Jun/2004:13:49:49 -0700] "GET /blah/MALE-BRA.GIF HTTP/1.1" 200 10352 "http://phunny.drghetto.com/blah/" "Mozilla/4.0 (compatible; MSIE 6.0; Windows NT 5.1; FunWebProducts)"
68.230.204.146 - - [17/Jun/2004:13:50:39 -0700] "GET /blah/Male%20Brain.jpg HTTP/1.1" 200 17664 "http://phunny.drghetto.com/blah/" "Mozilla/4.0 (compatible; MSIE 6.0; Windows NT 5.1; FunWebProducts)"
68.230.204.146 - - [17/Jun/2004:13:50:50 -0700] "GET /blah/PIC1-nail.jpg HTTP/1.1" 200 22692 "http://phunny.drghetto.com/blah/" "Mozilla/4.0 (compatible; MSIE 6.0; Windows NT 5.1; FunWebProducts)"
68.230.204.146 - - [17/Jun/2004:13:50:57 -0700] "GET /blah/PIC3pen.jpg HTTP/1.1" 200 13593 "http://phunny.drghetto.com/blah/" "Mozilla/4.0 (compatible; MSIE 6.0; Windows NT 5.1; FunWebProducts)"
68.230.204.146 - - [17/Jun/2004:13:51:02 -0700] "GET /blah/SWIMMERS.JPG HTTP/1.1" 200 98185 "http://phunny.drghetto.com/blah/" "Mozilla/4.0 (compatible; MSIE 6.0; Windows NT 5.1; FunWebProducts)"
68.230.204.146 - - [17/Jun/2004:13:51:12 -0700] "GET /blah/POKERNIGHT.jpg HTTP/1.1" 200 46256 "http://phunny.drghetto.com/blah/" "Mozilla/4.0 (compatible; MSIE 6.0; Windows NT 5.1; FunWebProducts)"
68.230.204.146 - - [17/Jun/2004:13:51:21 -0700] "GET /blah/Password1.jpg HTTP/1.1" 200 29615 "http://phunny.drghetto.com/blah/" "Mozilla/4.0 (compatible; MSIE 6.0; Windows NT 5.1; FunWebProducts)"
68.230.204.146 - - [17/Jun/2004:13:51:35 -0700] "GET /blah/ROADKILL.JPG HTTP/1.1" 200 40622 "http://phunny.drghetto.com/blah/" "Mozilla/4.0 (compatible; MSIE 6.0; Windows NT 5.1; FunWebProducts)"
68.230.204.146 - - [17/Jun/2004:13:51:42 -0700] "GET /blah/RP67LP.JPG HTTP/1.1" 200 53658 "http://phunny.drghetto.com/blah/" "Mozilla/4.0 (compatible; MSIE 6.0; Windows NT 5.1; FunWebProducts)"
68.230.204.146 - - [17/Jun/2004:13:51:47 -0700] "GET /blah/Rhino.jpg HTTP/1.1" 200 42756 "http://phunny.drghetto.com/blah/" "Mozilla/4.0 (compatible; MSIE 6.0; Windows NT 5.1; FunWebProducts)"
68.230.204.146 - - [17/Jun/2004:13:52:14 -0700] "GET /blah/Shirt1.jpg HTTP/1.1" 200 7735 "http://phunny.drghetto.com/blah/" "Mozilla/4.0 (compatible; MSIE 6.0; Windows NT 5.1; FunWebProducts)"
68.230.204.146 - - [17/Jun/2004:13:52:18 -0700] "GET /blah/Santa_bad.jpg HTTP/1.1" 200 37663 "http://phunny.drghetto.com/blah/" "Mozilla/4.0 (compatible; MSIE 6.0; Windows NT 5.1; FunWebProducts)"
68.230.204.146 - - [17/Jun/2004:13:52:30 -0700] "GET /blah/Save.jpg HTTP/1.1" 200 21299 "http://phunny.drghetto.com/blah/" "Mozilla/4.0 (compatible; MSIE 6.0; Windows NT 5.1; FunWebProducts)"
68.230.204.146 - - [17/Jun/2004:13:52:35 -0700] "GET /blah/Shirt2.jpg HTTP/1.1" 200 18236 "http://phunny.drghetto.com/blah/" "Mozilla/4.0 (compatible; MSIE 6.0; Windows NT 5.1; FunWebProducts)"
68.230.204.146 - - [17/Jun/2004:13:52:41 -0700] "GET /blah/Shirt3.jpg HTTP/1.1" 200 19822 "http://phunny.drghetto.com/blah/" "Mozilla/4.0 (compatible; MSIE 6.0; Windows NT 5.1; FunWebProducts)"
68.230.204.146 - - [17/Jun/2004:13:52:46 -0700] "GET /blah/Shirt4.jpg HTTP/1.1" 200 41882 "http://phunny.drghetto.com/blah/" "Mozilla/4.0 (compatible; MSIE 6.0; Windows NT 5.1; FunWebProducts)"
68.230.204.146 - - [17/Jun/2004:13:52:56 -0700] "GET /blah/Shirt5.jpg HTTP/1.1" 200 33225 "http://phunny.drghetto.com/blah/" "Mozilla/4.0 (compatible; MSIE 6.0; Windows NT 5.1; FunWebProducts)"
68.230.204.146 - - [17/Jun/2004:13:53:04 -0700] "GET /blah/Shirt6.jpg HTTP/1.1" 200 23110 "http://phunny.drghetto.com/blah/" "Mozilla/4.0 (compatible; MSIE 6.0; Windows NT 5.1; FunWebProducts)"
68.230.204.146 - - [17/Jun/2004:13:53:10 -0700] "GET /blah/Speed.jpg HTTP/1.1" 200 16295 "http://phunny.drghetto.com/blah/" "Mozilla/4.0 (compatible; MSIE 6.0; Windows NT 5.1; FunWebProducts)"
68.230.204.146 - - [17/Jun/2004:13:53:32 -0700] "GET /blah/WhatEveryOfficeNeeds.jpg HTTP/1.1" 200 28782 "http://phunny.drghetto.com/blah/" "Mozilla/4.0 (compatible; MSIE 6.0; Windows NT 5.1; FunWebProducts)"
68.230.204.146 - - [17/Jun/2004:13:53:39 -0700] "GET /blah/X-MAS%20OUTFIT!.jpg HTTP/1.1" 200 53778 "http://phunny.drghetto.com/blah/" "Mozilla/4.0 (compatible; MSIE 6.0; Windows NT 5.1; FunWebProducts)"
68.230.204.146 - - [17/Jun/2004:13:54:04 -0700] "GET /blah/XMas%201.jpg HTTP/1.1" 200 33152 "http://phunny.drghetto.com/blah/" "Mozilla/4.0 (compatible; MSIE 6.0; Windows NT 5.1; FunWebProducts)"
68.230.204.146 - - [17/Jun/2004:13:54:09 -0700] "GET /blah/XMas%202.jpg HTTP/1.1" 200 41204 "http://phunny.drghetto.com/blah/" "Mozilla/4.0 (compatible; MSIE 6.0; Windows NT 5.1; FunWebProducts)"
68.230.204.146 - - [17/Jun/2004:13:54:19 -0700] "GET /blah/XMas%203.jpg HTTP/1.1" 200 36680 "http://phunny.drghetto.com/blah/" "Mozilla/4.0 (compatible; MSIE 6.0; Windows NT 5.1; FunWebProducts)"
68.230.204.146 - - [17/Jun/2004:13:54:26 -0700] "GET /blah/XMas%204.jpg HTTP/1.1" 200 35809 "http://phunny.drghetto.com/blah/" "Mozilla/4.0 (compatible; MSIE 6.0; Windows NT 5.1; FunWebProducts)"
68.230.204.146 - - [17/Jun/2004:13:54:30 -0700] "GET /blah/XMas%205.jpg HTTP/1.1" 200 12240 "http://phunny.drghetto.com/blah/" "Mozilla/4.0 (compatible; MSIE 6.0; Windows NT 5.1; FunWebProducts)"
68.230.204.146 - - [17/Jun/2004:13:54:41 -0700] "GET /blah/XMas%206.jpg HTTP/1.1" 200 46693 "http://phunny.drghetto.com/blah/" "Mozilla/4.0 (compatible; MSIE 6.0; Windows NT 5.1; FunWebProducts)"
68.230.204.146 - - [17/Jun/2004:13:54:51 -0700] "GET /blah/XMas%207.jpg HTTP/1.1" 200 37240 "http://phunny.drghetto.com/blah/" "Mozilla/4.0 (compatible; MSIE 6.0; Windows NT 5.1; FunWebProducts)"
68.230.204.146 - - [17/Jun/2004:13:55:01 -0700] "GET /blah/%5bX-BUDDiES%5d200205.jpg HTTP/1.1" 200 13918 "http://phunny.drghetto.com/blah/" "Mozilla/4.0 (compatible; MSIE 6.0; Windows NT 5.1; FunWebProducts)"
68.230.204.146 - - [17/Jun/2004:13:55:08 -0700] "GET /blah/amishter.jpg HTTP/1.1" 200 72054 "http://phunny.drghetto.com/blah/" "Mozilla/4.0 (compatible; MSIE 6.0; Windows NT 5.1; FunWebProducts)"
68.230.204.146 - - [17/Jun/2004:13:55:14 -0700] "GET /blah/bodyart5.jpg HTTP/1.1" 200 57964 "http://phunny.drghetto.com/blah/" "Mozilla/4.0 (compatible; MSIE 6.0; Windows NT 5.1; FunWebProducts)"
68.230.204.146 - - [17/Jun/2004:13:55:19 -0700] "GET /blah/bodyart6.jpg HTTP/1.1" 200 45409 "http://phunny.drghetto.com/blah/" "Mozilla/4.0 (compatible; MSIE 6.0; Windows NT 5.1; FunWebProducts)"
68.230.204.146 - - [17/Jun/2004:13:55:41 -0700] "GET /blah/cx2.jpg HTTP/1.1" 200 261712 "http://phunny.drghetto.com/blah/" "Mozilla/4.0 (compatible; MSIE 6.0; Windows NT 5.1; FunWebProducts)"
68.230.204.146 - - [17/Jun/2004:13:56:44 -0700] "GET /blah/cx1.jpg HTTP/1.1" 200 151266 "http://phunny.drghetto.com/blah/" "Mozilla/4.0 (compatible; MSIE 6.0; Windows NT 5.1; FunWebProducts)"
68.230.204.146 - - [17/Jun/2004:13:57:17 -0700] "GET /blah/coochie.jpg HTTP/1.1" 200 30740 "http://phunny.drghetto.com/blah/" "Mozilla/4.0 (compatible; MSIE 6.0; Windows NT 5.1; FunWebProducts)"
68.230.204.146 - - [17/Jun/2004:13:57:41 -0700] "GET /blah/extreme_sports.jpg HTTP/1.1" 200 156333 "http://phunny.drghetto.com/blah/" "Mozilla/4.0 (compatible; MSIE 6.0; Windows NT 5.1; FunWebProducts)"
68.230.204.146 - - [17/Jun/2004:13:57:59 -0700] "GET /blah/icicle.jpg HTTP/1.1" 200 26429 "http://phunny.drghetto.com/blah/" "Mozilla/4.0 (compatible; MSIE 6.0; Windows NT 5.1; FunWebProducts)"
68.230.204.146 - - [17/Jun/2004:13:58:59 -0700] "GET /blah/notnowkid.jpg HTTP/1.1" 200 148979 "http://phunny.drghetto.com/blah/" "Mozilla/4.0 (compatible; MSIE 6.0; Windows NT 5.1; FunWebProducts)"
68.230.204.146 - - [17/Jun/2004:13:59:28 -0700] "GET /blah/faccia07%5b1%5d.jpg HTTP/1.1" 200 24173 "http://phunny.drghetto.com/blah/" "Mozilla/4.0 (compatible; MSIE 6.0; Windows NT 5.1; FunWebProducts)"
68.230.204.146 - - [17/Jun/2004:13:59:33 -0700] "GET /blah/faccia18%5b1%5d.jpg HTTP/1.1" 200 21737 "http://phunny.drghetto.com/blah/" "Mozilla/4.0 (compatible; MSIE 6.0; Windows NT 5.1; FunWebProducts)"
68.230.204.146 - - [17/Jun/2004:13:59:36 -0700] "GET /blah/firstthought.jpg HTTP/1.1" 200 13485 "http://phunny.drghetto.com/blah/" "Mozilla/4.0 (compatible; MSIE 6.0; Windows NT 5.1; FunWebProducts)"
68.230.204.146 - - [17/Jun/2004:13:59:38 -0700] "GET /blah/flowers(TwistedHumor.com).jpg HTTP/1.1" 200 21201 "http://phunny.drghetto.com/blah/" "Mozilla/4.0 (compatible; MSIE 6.0; Windows NT 5.1; FunWebProducts)"
68.230.204.146 - - [17/Jun/2004:13:59:42 -0700] "GET /blah/free.jpg HTTP/1.1" 200 45372 "http://phunny.drghetto.com/blah/" "Mozilla/4.0 (compatible; MSIE 6.0; Windows NT 5.1; FunWebProducts)"
68.230.204.146 - - [17/Jun/2004:13:59:54 -0700] "GET /blah/frogs.jpg HTTP/1.1" 200 63224 "http://phunny.drghetto.com/blah/" "Mozilla/4.0 (compatible; MSIE 6.0; Windows NT 5.1; FunWebProducts)"
68.230.204.146 - - [17/Jun/2004:13:59:59 -0700] "GET /blah/funny_BagdadCola.jpg HTTP/1.1" 200 170448 "http://phunny.drghetto.com/blah/" "Mozilla/4.0 (compatible; MSIE 6.0; Windows NT 5.1; FunWebProducts)"
68.230.204.146 - - [17/Jun/2004:14:00:03 -0700] "GET /blah/funny_CatAtHome.jpg HTTP/1.1" 200 46434 "http://phunny.drghetto.com/blah/" "Mozilla/4.0 (compatible; MSIE 6.0; Windows NT 5.1; FunWebProducts)"
68.230.204.146 - - [17/Jun/2004:14:00:05 -0700] "GET /blah/funny_Windoze_NT.jpg HTTP/1.1" 200 22178 "http://phunny.drghetto.com/blah/" "Mozilla/4.0 (compatible; MSIE 6.0; Windows NT 5.1; FunWebProducts)"
68.230.204.146 - - [17/Jun/2004:14:00:09 -0700] "GET /blah/funny_XMAS1.jpg HTTP/1.1" 200 136058 "http://phunny.drghetto.com/blah/" "Mozilla/4.0 (compatible; MSIE 6.0; Windows NT 5.1; FunWebProducts)"
68.230.204.146 - - [17/Jun/2004:14:00:30 -0700] "GET /blah/funny_afghan_5dayforecast.jpg HTTP/1.1" 200 30564 "http://phunny.drghetto.com/blah/" "Mozilla/4.0 (compatible; MSIE 6.0; Windows NT 5.1; FunWebProducts)"
68.230.204.146 - - [17/Jun/2004:14:00:42 -0700] "GET /blah/funny_beachwear2%5b1%5d.jpg HTTP/1.1" 200 34831 "http://phunny.drghetto.com/blah/" "Mozilla/4.0 (compatible; MSIE 6.0; Windows NT 5.1; FunWebProducts)"
68.230.204.146 - - [17/Jun/2004:14:00:58 -0700] "GET /blah/funny_belt.jpg HTTP/1.1" 200 36150 "http://phunny.drghetto.com/blah/" "Mozilla/4.0 (compatible; MSIE 6.0; Windows NT 5.1; FunWebProducts)"
68.230.204.146 - - [17/Jun/2004:14:01:26 -0700] "GET /blah/funny_bombraider.jpg HTTP/1.1" 200 108422 "http://phunny.drghetto.com/blah/" "Mozilla/4.0 (compatible; MSIE 6.0; Windows NT 5.1; FunWebProducts)"
68.230.204.146 - - [17/Jun/2004:14:01:29 -0700] "GET /blah/funny_bubbles.jpg HTTP/1.1" 200 24735 "http://phunny.drghetto.com/blah/" "Mozilla/4.0 (compatible; MSIE 6.0; Windows NT 5.1; FunWebProducts)"
68.230.204.146 - - [17/Jun/2004:14:01:53 -0700] "GET /blah/funny_church_of_joe.jpg HTTP/1.1" 200 47352 "http://phunny.drghetto.com/blah/" "Mozilla/4.0 (compatible; MSIE 6.0; Windows NT 5.1; FunWebProducts)"
68.230.204.146 - - [17/Jun/2004:14:01:57 -0700] "GET /blah/funny_cigarette.JPG HTTP/1.1" 200 23335 "http://phunny.drghetto.com/blah/" "Mozilla/4.0 (compatible; MSIE 6.0; Windows NT 5.1; FunWebProducts)"
68.230.204.146 - - [17/Jun/2004:14:02:03 -0700] "GET /blah/funny_confession.jpg HTTP/1.1" 200 43841 "http://phunny.drghetto.com/blah/" "Mozilla/4.0 (compatible; MSIE 6.0; Windows NT 5.1; FunWebProducts)"
68.230.204.146 - - [17/Jun/2004:14:02:10 -0700] "GET /blah/funny_desert.jpg HTTP/1.1" 200 34488 "http://phunny.drghetto.com/blah/" "Mozilla/4.0 (compatible; MSIE 6.0; Windows NT 5.1; FunWebProducts)"
68.230.204.146 - - [17/Jun/2004:14:02:17 -0700] "GET /blah/funny_dogs.jpg HTTP/1.1" 200 31694 "http://phunny.drghetto.com/blah/" "Mozilla/4.0 (compatible; MSIE 6.0; Windows NT 5.1; FunWebProducts)"
68.230.204.146 - - [17/Jun/2004:14:02:21 -0700] "GET /blah/funny_fast.jpg HTTP/1.1" 200 32709 "http://phunny.drghetto.com/blah/" "Mozilla/4.0 (compatible; MSIE 6.0; Windows NT 5.1; FunWebProducts)"
68.230.204.146 - - [17/Jun/2004:14:02:25 -0700] "GET /blah/funny_human.jpg HTTP/1.1" 200 34447 "http://phunny.drghetto.com/blah/" "Mozilla/4.0 (compatible; MSIE 6.0; Windows NT 5.1; FunWebProducts)"
68.230.204.146 - - [17/Jun/2004:14:02:29 -0700] "GET /blah/funny_garage.jpg HTTP/1.1" 200 99638 "http://phunny.drghetto.com/blah/" "Mozilla/4.0 (compatible; MSIE 6.0; Windows NT 5.1; FunWebProducts)"
68.230.204.146 - - [17/Jun/2004:14:02:33 -0700] "GET /blah/funny_ironman.jpg HTTP/1.1" 200 36259 "http://phunny.drghetto.com/blah/" "Mozilla/4.0 (compatible; MSIE 6.0; Windows NT 5.1; FunWebProducts)"
68.230.204.146 - - [17/Jun/2004:14:02:38 -0700] "GET /blah/funny_lol.jpg HTTP/1.1" 200 22795 "http://phunny.drghetto.com/blah/" "Mozilla/4.0 (compatible; MSIE 6.0; Windows NT 5.1; FunWebProducts)"
68.230.204.146 - - [17/Jun/2004:14:02:42 -0700] "GET /blah/funny_mann-16-gr.jpg HTTP/1.1" 200 23683 "http://phunny.drghetto.com/blah/" "Mozilla/4.0 (compatible; MSIE 6.0; Windows NT 5.1; FunWebProducts)"
68.230.204.146 - - [17/Jun/2004:14:02:45 -0700] "GET /blah/funny_mouse_lol.jpg HTTP/1.1" 200 21569 "http://phunny.drghetto.com/blah/" "Mozilla/4.0 (compatible; MSIE 6.0; Windows NT 5.1; FunWebProducts)"
68.230.204.146 - - [17/Jun/2004:14:02:48 -0700] "GET /blah/funny_not_an_even_suntan.jpg HTTP/1.1" 200 26966 "http://phunny.drghetto.com/blah/" "Mozilla/4.0 (compatible; MSIE 6.0; Windows NT 5.1; FunWebProducts)"
68.230.204.146 - - [17/Jun/2004:14:02:53 -0700] "GET /blah/funny_nudist.jpg HTTP/1.1" 200 36075 "http://phunny.drghetto.com/blah/" "Mozilla/4.0 (compatible; MSIE 6.0; Windows NT 5.1; FunWebProducts)"
68.230.204.146 - - [17/Jun/2004:14:02:56 -0700] "GET /blah/funny_pee_suop.jpg HTTP/1.1" 200 51453 "http://phunny.drghetto.com/blah/" "Mozilla/4.0 (compatible; MSIE 6.0; Windows NT 5.1; FunWebProducts)"
68.230.204.146 - - [17/Jun/2004:14:03:03 -0700] "GET /blah/funny_rabbit.jpg HTTP/1.1" 200 44659 "http://phunny.drghetto.com/blah/" "Mozilla/4.0 (compatible; MSIE 6.0; Windows NT 5.1; FunWebProducts)"
68.230.204.146 - - [17/Jun/2004:14:03:14 -0700] "GET /blah/funny_shot.jpg HTTP/1.1" 200 29187 "http://phunny.drghetto.com/blah/" "Mozilla/4.0 (compatible; MSIE 6.0; Windows NT 5.1; FunWebProducts)"
68.230.204.146 - - [17/Jun/2004:14:03:18 -0700] "GET /blah/funny_stalk.jpg HTTP/1.1" 200 60103 "http://phunny.drghetto.com/blah/" "Mozilla/4.0 (compatible; MSIE 6.0; Windows NT 5.1; FunWebProducts)"
68.230.204.146 - - [17/Jun/2004:14:03:21 -0700] "GET /blah/funny_team.jpg HTTP/1.1" 200 37443 "http://phunny.drghetto.com/blah/" "Mozilla/4.0 (compatible; MSIE 6.0; Windows NT 5.1; FunWebProducts)"
68.230.204.146 - - [17/Jun/2004:14:03:26 -0700] "GET /blah/funny_team_work.jpg HTTP/1.1" 200 105554 "http://phunny.drghetto.com/blah/" "Mozilla/4.0 (compatible; MSIE 6.0; Windows NT 5.1; FunWebProducts)"
68.230.204.146 - - [17/Jun/2004:14:03:30 -0700] "GET /blah/funny_tinted.jpg HTTP/1.1" 200 22869 "http://phunny.drghetto.com/blah/" "Mozilla/4.0 (compatible; MSIE 6.0; Windows NT 5.1; FunWebProducts)"
68.230.204.146 - - [17/Jun/2004:14:03:43 -0700] "GET /blah/funny_viagra.jpg HTTP/1.1" 200 40997 "http://phunny.drghetto.com/blah/" "Mozilla/4.0 (compatible; MSIE 6.0; Windows NT 5.1; FunWebProducts)"
83.116.77.253 - - [17/Jun/2004:14:03:47 -0700] "GET /icons/blank.gif HTTP/1.1" 200 148 "http://phunny.drghetto.com/blah/" "Mozilla/5.0 (X11; U; Linux i686; en-US; rv:1.6) Gecko/20040506 Firefox/0.8"
68.230.204.146 - - [17/Jun/2004:14:03:47 -0700] "GET /blah/funny_warning.jpg HTTP/1.1" 200 47795 "http://phunny.drghetto.com/blah/" "Mozilla/4.0 (compatible; MSIE 6.0; Windows NT 5.1; FunWebProducts)"
83.116.77.253 - - [17/Jun/2004:14:03:47 -0700] "GET /blah/ HTTP/1.1" 200 45594 "-" "Mozilla/5.0 (X11; U; Linux i686; en-US; rv:1.6) Gecko/20040506 Firefox/0.8"
83.116.77.253 - - [17/Jun/2004:14:03:47 -0700] "GET /icons/back.gif HTTP/1.1" 200 216 "http://phunny.drghetto.com/blah/" "Mozilla/5.0 (X11; U; Linux i686; en-US; rv:1.6) Gecko/20040506 Firefox/0.8"
83.116.77.253 - - [17/Jun/2004:14:03:47 -0700] "GET /icons/image2.gif HTTP/1.1" 200 309 "http://phunny.drghetto.com/blah/" "Mozilla/5.0 (X11; U; Linux i686; en-US; rv:1.6) Gecko/20040506 Firefox/0.8"
83.116.77.253 - - [17/Jun/2004:14:03:47 -0700] "GET /icons/unknown.gif HTTP/1.1" 200 245 "http://phunny.drghetto.com/blah/" "Mozilla/5.0 (X11; U; Linux i686; en-US; rv:1.6) Gecko/20040506 Firefox/0.8"
83.116.77.253 - - [17/Jun/2004:14:03:48 -0700] "GET /favicon.ico HTTP/1.1" 404 293 "-" "Mozilla/5.0 (X11; U; Linux i686; en-US; rv:1.6) Gecko/20040506 Firefox/0.8"
83.116.77.253 - - [17/Jun/2004:14:03:48 -0700] "GET /icons/sound2.gif HTTP/1.1" 200 221 "http://phunny.drghetto.com/blah/" "Mozilla/5.0 (X11; U; Linux i686; en-US; rv:1.6) Gecko/20040506 Firefox/0.8"
83.116.77.253 - - [17/Jun/2004:14:03:48 -0700] "GET /icons/compressed.gif HTTP/1.1" 200 1038 "http://phunny.drghetto.com/blah/" "Mozilla/5.0 (X11; U; Linux i686; en-US; rv:1.6) Gecko/20040506 Firefox/0.8"
68.230.204.146 - - [17/Jun/2004:14:03:50 -0700] "GET /blah/funny_wooohoo.jpg HTTP/1.1" 200 24640 "http://phunny.drghetto.com/blah/" "Mozilla/4.0 (compatible; MSIE 6.0; Windows NT 5.1; FunWebProducts)"
83.116.77.253 - - [17/Jun/2004:14:03:52 -0700] "GET /blah/New_Jeans.jpg HTTP/1.1" 200 38896 "http://phunny.drghetto.com/blah/" "Mozilla/5.0 (X11; U; Linux i686; en-US; rv:1.6) Gecko/20040506 Firefox/0.8"
68.230.204.146 - - [17/Jun/2004:14:03:53 -0700] "GET /blah/funny_worst_job.jpg HTTP/1.1" 200 32802 "http://phunny.drghetto.com/blah/" "Mozilla/4.0 (compatible; MSIE 6.0; Windows NT 5.1; FunWebProducts)"
83.116.77.253 - - [17/Jun/2004:14:04:06 -0700] "GET /blah/Minnesota%20Most%20Dangerous.jpg HTTP/1.1" 200 64276 "http://phunny.drghetto.com/blah/" "Mozilla/5.0 (X11; U; Linux i686; en-US; rv:1.6) Gecko/20040506 Firefox/0.8"
68.230.204.146 - - [17/Jun/2004:14:04:13 -0700] "GET /blah/funny_xanamolhada.jpg HTTP/1.1" 200 27710 "http://phunny.drghetto.com/blah/" "Mozilla/4.0 (compatible; MSIE 6.0; Windows NT 5.1; FunWebProducts)"
68.230.204.146 - - [17/Jun/2004:14:04:20 -0700] "GET /blah/ga000130.gif HTTP/1.1" 200 100464 "http://phunny.drghetto.com/blah/" "Mozilla/4.0 (compatible; MSIE 6.0; Windows NT 5.1; FunWebProducts)"
68.230.204.146 - - [17/Jun/2004:14:04:31 -0700] "GET /blah/guess_who.jpg HTTP/1.1" 200 38301 "http://phunny.drghetto.com/blah/" "Mozilla/4.0 (compatible; MSIE 6.0; Windows NT 5.1; FunWebProducts)"
68.230.204.146 - - [17/Jun/2004:14:04:34 -0700] "GET /blah/hairdryer.jpg HTTP/1.1" 200 17399 "http://phunny.drghetto.com/blah/" "Mozilla/4.0 (compatible; MSIE 6.0; Windows NT 5.1; FunWebProducts)"
68.230.204.146 - - [17/Jun/2004:14:04:37 -0700] "GET /blah/handicapped.jpg HTTP/1.1" 200 11591 "http://phunny.drghetto.com/blah/" "Mozilla/4.0 (compatible; MSIE 6.0; Windows NT 5.1; FunWebProducts)"
68.230.204.146 - - [17/Jun/2004:14:04:40 -0700] "GET /blah/his_motorcycle.jpg HTTP/1.1" 200 64190 "http://phunny.drghetto.com/blah/" "Mozilla/4.0 (compatible; MSIE 6.0; Windows NT 5.1; FunWebProducts)"
68.230.204.146 - - [17/Jun/2004:14:04:45 -0700] "GET /blah/hohfull.jpg HTTP/1.1" 200 385230 "http://phunny.drghetto.com/blah/" "Mozilla/4.0 (compatible; MSIE 6.0; Windows NT 5.1; FunWebProducts)"
68.230.204.146 - - [17/Jun/2004:14:04:48 -0700] "GET /blah/homer.jpg HTTP/1.1" 200 45395 "http://phunny.drghetto.com/blah/" "Mozilla/4.0 (compatible; MSIE 6.0; Windows NT 5.1; FunWebProducts)"
83.116.77.253 - - [17/Jun/2004:14:04:50 -0700] "GET /blah/NATURALE.jpg HTTP/1.1" 200 14890 "http://phunny.drghetto.com/blah/" "Mozilla/5.0 (X11; U; Linux i686; en-US; rv:1.6) Gecko/20040506 Firefox/0.8"
83.116.77.253 - - [17/Jun/2004:14:04:55 -0700] "GET /blah/NATURALE2.jpg HTTP/1.1" 200 22151 "http://phunny.drghetto.com/blah/" "Mozilla/5.0 (X11; U; Linux i686; en-US; rv:1.6) Gecko/20040506 Firefox/0.8"
68.230.204.146 - - [17/Jun/2004:14:05:02 -0700] "GET /blah/how_to_tell_if_your_cat_is_male.jpg HTTP/1.1" 200 27728 "http://phunny.drghetto.com/blah/" "Mozilla/4.0 (compatible; MSIE 6.0; Windows NT 5.1; FunWebProducts)"
83.116.77.253 - - [17/Jun/2004:14:05:05 -0700] "GET /blah/NATURALE5.jpg HTTP/1.1" 200 36398 "http://phunny.drghetto.com/blah/" "Mozilla/5.0 (X11; U; Linux i686; en-US; rv:1.6) Gecko/20040506 Firefox/0.8"
68.230.204.146 - - [17/Jun/2004:14:05:07 -0700] "GET /blah/hotchick.jpg HTTP/1.1" 200 45834 "http://phunny.drghetto.com/blah/" "Mozilla/4.0 (compatible; MSIE 6.0; Windows NT 5.1; FunWebProducts)"
83.116.77.253 - - [17/Jun/2004:14:05:10 -0700] "GET /blah/NATURALE6.jpg HTTP/1.1" 200 14361 "http://phunny.drghetto.com/blah/" "Mozilla/5.0 (X11; U; Linux i686; en-US; rv:1.6) Gecko/20040506 Firefox/0.8"
68.230.204.146 - - [17/Jun/2004:14:05:11 -0700] "GET /blah/honesty.jpg HTTP/1.1" 200 32941 "http://phunny.drghetto.com/blah/" "Mozilla/4.0 (compatible; MSIE 6.0; Windows NT 5.1; FunWebProducts)"
83.116.77.253 - - [17/Jun/2004:14:05:17 -0700] "GET /blah/Nice__image_(1).jpg HTTP/1.1" 200 24930 "http://phunny.drghetto.com/blah/" "Mozilla/5.0 (X11; U; Linux i686; en-US; rv:1.6) Gecko/20040506 Firefox/0.8"
83.116.77.253 - - [17/Jun/2004:14:05:23 -0700] "GET /blah/Organograma0_1.jpg HTTP/1.1" 200 40934 "http://phunny.drghetto.com/blah/" "Mozilla/5.0 (X11; U; Linux i686; en-US; rv:1.6) Gecko/20040506 Firefox/0.8"
83.116.77.253 - - [17/Jun/2004:14:05:34 -0700] "GET /blah/PHART.GIF HTTP/1.1" 200 42773 "http://phunny.drghetto.com/blah/" "Mozilla/5.0 (X11; U; Linux i686; en-US; rv:1.6) Gecko/20040506 Firefox/0.8"
68.230.204.146 - - [17/Jun/2004:14:05:47 -0700] "GET /blah/hotbabe.jpg HTTP/1.1" 200 9364 "http://phunny.drghetto.com/blah/" "Mozilla/4.0 (compatible; MSIE 6.0; Windows NT 5.1; FunWebProducts)"
83.116.77.253 - - [17/Jun/2004:14:05:48 -0700] "GET /blah/PIC1-nail.jpg HTTP/1.1" 200 22692 "http://phunny.drghetto.com/blah/" "Mozilla/5.0 (X11; U; Linux i686; en-US; rv:1.6) Gecko/20040506 Firefox/0.8"
68.230.204.146 - - [17/Jun/2004:14:05:51 -0700] "GET /blah/if_men_got_pregnant.jpg HTTP/1.1" 200 46209 "http://phunny.drghetto.com/blah/" "Mozilla/4.0 (compatible; MSIE 6.0; Windows NT 5.1; FunWebProducts)"
68.230.204.146 - - [17/Jun/2004:14:05:55 -0700] "GET /blah/image003.jpg HTTP/1.1" 200 16267 "http://phunny.drghetto.com/blah/" "Mozilla/4.0 (compatible; MSIE 6.0; Windows NT 5.1; FunWebProducts)"
68.230.204.146 - - [17/Jun/2004:14:06:01 -0700] "GET /blah/internet(TwistedHumor.com)%5b1%5d.jpg HTTP/1.1" 200 28947 "http://phunny.drghetto.com/blah/" "Mozilla/4.0 (compatible; MSIE 6.0; Windows NT 5.1; FunWebProducts)"
83.116.77.253 - - [17/Jun/2004:14:06:04 -0700] "GET /blah/PIC3pen.jpg HTTP/1.1" 200 13593 "http://phunny.drghetto.com/blah/" "Mozilla/5.0 (X11; U; Linux i686; en-US; rv:1.6) Gecko/20040506 Firefox/0.8"
68.230.204.146 - - [17/Jun/2004:14:06:11 -0700] "GET /blah/igotanf(TwistedHumor.com).jpg HTTP/1.1" 200 45918 "http://phunny.drghetto.com/blah/" "Mozilla/4.0 (compatible; MSIE 6.0; Windows NT 5.1; FunWebProducts)"
68.230.204.146 - - [17/Jun/2004:14:06:25 -0700] "GET /blah/jeans.jpg HTTP/1.1" 200 21044 "http://phunny.drghetto.com/blah/" "Mozilla/4.0 (compatible; MSIE 6.0; Windows NT 5.1; FunWebProducts)"
83.116.77.253 - - [17/Jun/2004:14:06:27 -0700] "GET /blah/POKERNIGHT.jpg HTTP/1.1" 200 46256 "http://phunny.drghetto.com/blah/" "Mozilla/5.0 (X11; U; Linux i686; en-US; rv:1.6) Gecko/20040506 Firefox/0.8"
68.230.204.146 - - [17/Jun/2004:14:06:30 -0700] "GET /blah/kidsnow.jpg HTTP/1.1" 200 29921 "http://phunny.drghetto.com/blah/" "Mozilla/4.0 (compatible; MSIE 6.0; Windows NT 5.1; FunWebProducts)"
68.230.204.146 - - [17/Jun/2004:14:06:33 -0700] "GET /blah/kingkong(TwistedHumor.com).jpg HTTP/1.1" 200 28633 "http://phunny.drghetto.com/blah/" "Mozilla/4.0 (compatible; MSIE 6.0; Windows NT 5.1; FunWebProducts)"
68.230.204.146 - - [17/Jun/2004:14:06:40 -0700] "GET /blah/kink.jpg HTTP/1.1" 200 35124 "http://phunny.drghetto.com/blah/" "Mozilla/4.0 (compatible; MSIE 6.0; Windows NT 5.1; FunWebProducts)"
68.230.204.146 - - [17/Jun/2004:14:06:44 -0700] "GET /blah/knocker.jpg HTTP/1.1" 200 66008 "http://phunny.drghetto.com/blah/" "Mozilla/4.0 (compatible; MSIE 6.0; Windows NT 5.1; FunWebProducts)"
68.230.204.146 - - [17/Jun/2004:14:06:46 -0700] "GET /blah/ladylib(TwistedHumor.com)%5b1%5d.jpg HTTP/1.1" 200 25484 "http://phunny.drghetto.com/blah/" "Mozilla/4.0 (compatible; MSIE 6.0; Windows NT 5.1; FunWebProducts)"
68.230.204.146 - - [17/Jun/2004:14:06:49 -0700] "GET /blah/launcher.jpg HTTP/1.1" 200 32430 "http://phunny.drghetto.com/blah/" "Mozilla/4.0 (compatible; MSIE 6.0; Windows NT 5.1; FunWebProducts)"
83.116.77.253 - - [17/Jun/2004:14:06:54 -0700] "GET /blah/Password1.jpg HTTP/1.1" 200 29615 "http://phunny.drghetto.com/blah/" "Mozilla/5.0 (X11; U; Linux i686; en-US; rv:1.6) Gecko/20040506 Firefox/0.8"
68.230.204.146 - - [17/Jun/2004:14:06:59 -0700] "GET /blah/lb.jpg HTTP/1.1" 200 6205 "http://phunny.drghetto.com/blah/" "Mozilla/4.0 (compatible; MSIE 6.0; Windows NT 5.1; FunWebProducts)"
68.230.204.146 - - [17/Jun/2004:14:07:03 -0700] "GET /blah/leftright.jpg HTTP/1.1" 200 20801 "http://phunny.drghetto.com/blah/" "Mozilla/4.0 (compatible; MSIE 6.0; Windows NT 5.1; FunWebProducts)"
83.116.77.253 - - [17/Jun/2004:14:07:08 -0700] "GET /blah/Peanuts-Last-Strip.gif HTTP/1.1" 200 363326 "http://phunny.drghetto.com/blah/" "Mozilla/5.0 (X11; U; Linux i686; en-US; rv:1.6) Gecko/20040506 Firefox/0.8"
68.230.204.146 - - [17/Jun/2004:14:07:08 -0700] "GET /blah/lingerie.jpg HTTP/1.1" 200 75970 "http://phunny.drghetto.com/blah/" "Mozilla/4.0 (compatible; MSIE 6.0; Windows NT 5.1; FunWebProducts)"
68.230.204.146 - - [17/Jun/2004:14:07:12 -0700] "GET /blah/make_love_not_war.jpg HTTP/1.1" 200 49137 "http://phunny.drghetto.com/blah/" "Mozilla/4.0 (compatible; MSIE 6.0; Windows NT 5.1; FunWebProducts)"
83.116.77.253 - - [17/Jun/2004:14:07:20 -0700] "GET /blah/Power_of_love_31.jpg HTTP/1.1" 200 31465 "http://phunny.drghetto.com/blah/" "Mozilla/5.0 (X11; U; Linux i686; en-US; rv:1.6) Gecko/20040506 Firefox/0.8"
68.230.204.146 - - [17/Jun/2004:14:07:20 -0700] "GET /blah/manseekswoman(TwistedHumor.com).jpg HTTP/1.1" 200 26625 "http://phunny.drghetto.com/blah/" "Mozilla/4.0 (compatible; MSIE 6.0; Windows NT 5.1; FunWebProducts)"
83.116.77.253 - - [17/Jun/2004:14:07:25 -0700] "GET /blah/REEFER4.GIF HTTP/1.1" 200 8136 "http://phunny.drghetto.com/blah/" "Mozilla/5.0 (X11; U; Linux i686; en-US; rv:1.6) Gecko/20040506 Firefox/0.8"
68.230.204.146 - - [17/Jun/2004:14:07:29 -0700] "GET /blah/menu_from_a_dutch_coffeeshop.jpg HTTP/1.1" 200 88672 "http://phunny.drghetto.com/blah/" "Mozilla/4.0 (compatible; MSIE 6.0; Windows NT 5.1; FunWebProducts)"
68.230.204.146 - - [17/Jun/2004:14:07:31 -0700] "GET /blah/menwork.jpg HTTP/1.1" 200 17665 "http://phunny.drghetto.com/blah/" "Mozilla/4.0 (compatible; MSIE 6.0; Windows NT 5.1; FunWebProducts)"
68.230.204.146 - - [17/Jun/2004:14:07:34 -0700] "GET /blah/midnight.jpg HTTP/1.1" 200 29063 "http://phunny.drghetto.com/blah/" "Mozilla/4.0 (compatible; MSIE 6.0; Windows NT 5.1; FunWebProducts)"
68.230.204.146 - - [17/Jun/2004:14:07:43 -0700] "GET /blah/miss_taliban_2001.jpg HTTP/1.1" 200 53919 "http://phunny.drghetto.com/blah/" "Mozilla/4.0 (compatible; MSIE 6.0; Windows NT 5.1; FunWebProducts)"
83.116.77.253 - - [17/Jun/2004:14:07:44 -0700] "GET /blah/ROADKILL.JPG HTTP/1.1" 200 40622 "http://phunny.drghetto.com/blah/" "Mozilla/5.0 (X11; U; Linux i686; en-US; rv:1.6) Gecko/20040506 Firefox/0.8"
68.230.204.146 - - [17/Jun/2004:14:07:46 -0700] "GET /blah/mooned.jpg HTTP/1.1" 200 123915 "http://phunny.drghetto.com/blah/" "Mozilla/4.0 (compatible; MSIE 6.0; Windows NT 5.1; FunWebProducts)"
83.116.77.253 - - [17/Jun/2004:14:07:50 -0700] "GET /blah/RP67LP.JPG HTTP/1.1" 200 53658 "http://phunny.drghetto.com/blah/" "Mozilla/5.0 (X11; U; Linux i686; en-US; rv:1.6) Gecko/20040506 Firefox/0.8"
68.230.204.146 - - [17/Jun/2004:14:08:06 -0700] "GET /blah/mpost.gif HTTP/1.1" 200 94514 "http://phunny.drghetto.com/blah/" "Mozilla/4.0 (compatible; MSIE 6.0; Windows NT 5.1; FunWebProducts)"
83.116.77.253 - - [17/Jun/2004:14:08:08 -0700] "GET /blah/Rhino.jpg HTTP/1.1" 200 42756 "http://phunny.drghetto.com/blah/" "Mozilla/5.0 (X11; U; Linux i686; en-US; rv:1.6) Gecko/20040506 Firefox/0.8"
68.230.204.146 - - [17/Jun/2004:14:08:12 -0700] "GET /blah/new_mc.jpg HTTP/1.1" 200 154444 "http://phunny.drghetto.com/blah/" "Mozilla/4.0 (compatible; MSIE 6.0; Windows NT 5.1; FunWebProducts)"
68.230.204.146 - - [17/Jun/2004:14:08:16 -0700] "GET /blah/new_olympic_event1.jpg HTTP/1.1" 200 76764 "http://phunny.drghetto.com/blah/" "Mozilla/4.0 (compatible; MSIE 6.0; Windows NT 5.1; FunWebProducts)"
83.116.77.253 - - [17/Jun/2004:14:08:16 -0700] "GET /blah/SWIMMERS.JPG HTTP/1.1" 200 98185 "http://phunny.drghetto.com/blah/" "Mozilla/5.0 (X11; U; Linux i686; en-US; rv:1.6) Gecko/20040506 Firefox/0.8"
68.230.204.146 - - [17/Jun/2004:14:08:33 -0700] "GET /blah/newj(TwistedHumor.com)%5b1%5d.jpg HTTP/1.1" 200 38896 "http://phunny.drghetto.com/blah/" "Mozilla/4.0 (compatible; MSIE 6.0; Windows NT 5.1; FunWebProducts)"
68.230.204.146 - - [17/Jun/2004:14:08:37 -0700] "GET /blah/notfair(TwistedHumor.com)%5b1%5d.jpg HTTP/1.1" 200 36142 "http://phunny.drghetto.com/blah/" "Mozilla/4.0 (compatible; MSIE 6.0; Windows NT 5.1; FunWebProducts)"
68.230.204.146 - - [17/Jun/2004:14:08:41 -0700] "GET /blah/notmilk.JPG HTTP/1.1" 200 25739 "http://phunny.drghetto.com/blah/" "Mozilla/4.0 (compatible; MSIE 6.0; Windows NT 5.1; FunWebProducts)"
68.230.204.146 - - [17/Jun/2004:14:08:47 -0700] "GET /blah/nun.jpg HTTP/1.1" 200 8028 "http://phunny.drghetto.com/blah/" "Mozilla/4.0 (compatible; MSIE 6.0; Windows NT 5.1; FunWebProducts)"
68.230.204.146 - - [17/Jun/2004:14:08:56 -0700] "GET /blah/nurse.jpg HTTP/1.1" 200 21307 "http://phunny.drghetto.com/blah/" "Mozilla/4.0 (compatible; MSIE 6.0; Windows NT 5.1; FunWebProducts)"
68.230.204.146 - - [17/Jun/2004:14:09:03 -0700] "GET /blah/oops3.jpg HTTP/1.1" 200 40201 "http://phunny.drghetto.com/blah/" "Mozilla/4.0 (compatible; MSIE 6.0; Windows NT 5.1; FunWebProducts)"
68.230.204.146 - - [17/Jun/2004:14:09:18 -0700] "GET /blah/optimism.JPG HTTP/1.1" 200 42666 "http://phunny.drghetto.com/blah/" "Mozilla/4.0 (compatible; MSIE 6.0; Windows NT 5.1; FunWebProducts)"
68.230.204.146 - - [17/Jun/2004:14:09:31 -0700] "GET /blah/osama(TwistedHumor.com).jpg HTTP/1.1" 200 41319 "http://phunny.drghetto.com/blah/" "Mozilla/4.0 (compatible; MSIE 6.0; Windows NT 5.1; FunWebProducts)"
68.230.204.146 - - [17/Jun/2004:14:09:40 -0700] "GET /blah/ounce-fabsoft.jpg HTTP/1.1" 200 16956 "http://phunny.drghetto.com/blah/" "Mozilla/4.0 (compatible; MSIE 6.0; Windows NT 5.1; FunWebProducts)"
68.230.204.146 - - [17/Jun/2004:14:09:47 -0700] "GET /blah/p10.jpg HTTP/1.1" 200 43841 "http://phunny.drghetto.com/blah/" "Mozilla/4.0 (compatible; MSIE 6.0; Windows NT 5.1; FunWebProducts)"
68.230.204.146 - - [17/Jun/2004:14:09:50 -0700] "GET /blah/p11.jpg HTTP/1.1" 200 24735 "http://phunny.drghetto.com/blah/" "Mozilla/4.0 (compatible; MSIE 6.0; Windows NT 5.1; FunWebProducts)"
68.230.204.146 - - [17/Jun/2004:14:09:57 -0700] "GET /blah/p15.jpg HTTP/1.1" 200 32802 "http://phunny.drghetto.com/blah/" "Mozilla/4.0 (compatible; MSIE 6.0; Windows NT 5.1; FunWebProducts)"
68.230.204.146 - - [17/Jun/2004:14:10:00 -0700] "GET /blah/p3.jpg HTTP/1.1" 200 22795 "http://phunny.drghetto.com/blah/" "Mozilla/4.0 (compatible; MSIE 6.0; Windows NT 5.1; FunWebProducts)"
68.230.204.146 - - [17/Jun/2004:14:10:03 -0700] "GET /blah/p7.jpg HTTP/1.1" 200 60103 "http://phunny.drghetto.com/blah/" "Mozilla/4.0 (compatible; MSIE 6.0; Windows NT 5.1; FunWebProducts)"
68.230.204.146 - - [17/Jun/2004:14:10:07 -0700] "GET /blah/p8.jpg HTTP/1.1" 200 51453 "http://phunny.drghetto.com/blah/" "Mozilla/4.0 (compatible; MSIE 6.0; Windows NT 5.1; FunWebProducts)"
68.230.204.146 - - [17/Jun/2004:14:10:09 -0700] "GET /blah/pa1976.jpg HTTP/1.1" 200 5917 "http://phunny.drghetto.com/blah/" "Mozilla/4.0 (compatible; MSIE 6.0; Windows NT 5.1; FunWebProducts)"
68.230.204.146 - - [17/Jun/2004:14:10:18 -0700] "GET /blah/penisenlarger.jpg HTTP/1.1" 200 51477 "http://phunny.drghetto.com/blah/" "Mozilla/4.0 (compatible; MSIE 6.0; Windows NT 5.1; FunWebProducts)"
68.230.204.146 - - [17/Jun/2004:14:10:25 -0700] "GET /blah/perfectmatch.jpg HTTP/1.1" 200 30371 "http://phunny.drghetto.com/blah/" "Mozilla/4.0 (compatible; MSIE 6.0; Windows NT 5.1; FunWebProducts)"
68.230.204.146 - - [17/Jun/2004:14:10:31 -0700] "GET /blah/poorplan.jpg HTTP/1.1" 200 44647 "http://phunny.drghetto.com/blah/" "Mozilla/4.0 (compatible; MSIE 6.0; Windows NT 5.1; FunWebProducts)"
68.230.204.146 - - [17/Jun/2004:14:10:36 -0700] "GET /blah/pornfordeaf.jpg HTTP/1.1" 200 13400 "http://phunny.drghetto.com/blah/" "Mozilla/4.0 (compatible; MSIE 6.0; Windows NT 5.1; FunWebProducts)"
