12.9.9.204 - - [16/Jun/2004:10:15:52 -0700] "GET /icons/sound2.gif HTTP/1.1" 200 221 "http://phunny.drghetto.com/" "Mozilla/4.0 (compatible; MSIE 6.0; Windows NT 5.0; ESB{67ACDBC4-426A-496E-BE3C-4E3D5D73B845})"
12.9.9.204 - - [16/Jun/2004:10:15:52 -0700] "GET /icons/folder.gif HTTP/1.1" 200 225 "http://phunny.drghetto.com/" "Mozilla/4.0 (compatible; MSIE 6.0; Windows NT 5.0; ESB{67ACDBC4-426A-496E-BE3C-4E3D5D73B845})"
12.9.9.204 - - [16/Jun/2004:10:15:57 -0700] "GET /tarmkoll.jpg HTTP/1.1" 200 67833 "http://phunny.drghetto.com/" "Mozilla/4.0 (compatible; MSIE 6.0; Windows NT 5.0; ESB{67ACDBC4-426A-496E-BE3C-4E3D5D73B845})"
12.9.9.204 - - [16/Jun/2004:10:16:17 -0700] "GET /icons/image2.gif HTTP/1.1" 200 309 "http://phunny.drghetto.com/" "Mozilla/4.0 (compatible; MSIE 6.0; Windows NT 5.0; ESB{67ACDBC4-426A-496E-BE3C-4E3D5D73B845})"
12.9.9.204 - - [16/Jun/2004:10:16:17 -0700] "GET / HTTP/1.1" 200 30727 "-" "Mozilla/4.0 (compatible; MSIE 6.0; Windows NT 5.0; ESB{67ACDBC4-426A-496E-BE3C-4E3D5D73B845})"
12.9.9.204 - - [16/Jun/2004:10:16:17 -0700] "GET /icons/unknown.gif HTTP/1.1" 200 245 "http://phunny.drghetto.com/" "Mozilla/4.0 (compatible; MSIE 6.0; Windows NT 5.0; ESB{67ACDBC4-426A-496E-BE3C-4E3D5D73B845})"
12.9.9.204 - - [16/Jun/2004:10:16:17 -0700] "GET /icons/sound2.gif HTTP/1.1" 200 221 "http://phunny.drghetto.com/" "Mozilla/4.0 (compatible; MSIE 6.0; Windows NT 5.0; ESB{67ACDBC4-426A-496E-BE3C-4E3D5D73B845})"
12.9.9.204 - - [16/Jun/2004:10:16:17 -0700] "GET /icons/folder.gif HTTP/1.1" 200 225 "http://phunny.drghetto.com/" "Mozilla/4.0 (compatible; MSIE 6.0; Windows NT 5.0; ESB{67ACDBC4-426A-496E-BE3C-4E3D5D73B845})"
12.9.9.204 - - [16/Jun/2004:10:26:50 -0700] "GET /richie2.jpg HTTP/1.1" 200 9887 "http://phunny.drghetto.com/" "Mozilla/4.0 (compatible; MSIE 6.0; Windows NT 5.0; ESB{67ACDBC4-426A-496E-BE3C-4E3D5D73B845})"
12.9.9.204 - - [16/Jun/2004:10:26:52 -0700] "GET /icons/image2.gif HTTP/1.1" 200 309 "http://phunny.drghetto.com/" "Mozilla/4.0 (compatible; MSIE 6.0; Windows NT 5.0; ESB{67ACDBC4-426A-496E-BE3C-4E3D5D73B845})"
12.9.9.204 - - [16/Jun/2004:10:26:52 -0700] "GET / HTTP/1.1" 200 30727 "-" "Mozilla/4.0 (compatible; MSIE 6.0; Windows NT 5.0; ESB{67ACDBC4-426A-496E-BE3C-4E3D5D73B845})"
12.9.9.204 - - [16/Jun/2004:10:26:52 -0700] "GET /icons/unknown.gif HTTP/1.1" 200 245 "http://phunny.drghetto.com/" "Mozilla/4.0 (compatible; MSIE 6.0; Windows NT 5.0; ESB{67ACDBC4-426A-496E-BE3C-4E3D5D73B845})"
12.9.9.204 - - [16/Jun/2004:10:26:52 -0700] "GET /icons/sound2.gif HTTP/1.1" 200 221 "http://phunny.drghetto.com/" "Mozilla/4.0 (compatible; MSIE 6.0; Windows NT 5.0; ESB{67ACDBC4-426A-496E-BE3C-4E3D5D73B845})"
12.9.9.204 - - [16/Jun/2004:10:26:52 -0700] "GET /icons/folder.gif HTTP/1.1" 200 225 "http://phunny.drghetto.com/" "Mozilla/4.0 (compatible; MSIE 6.0; Windows NT 5.0; ESB{67ACDBC4-426A-496E-BE3C-4E3D5D73B845})"
12.9.9.204 - - [16/Jun/2004:10:26:54 -0700] "GET /rollover_4.gif HTTP/1.1" 200 2798 "http://phunny.drghetto.com/" "Mozilla/4.0 (compatible; MSIE 6.0; Windows NT 5.0; ESB{67ACDBC4-426A-496E-BE3C-4E3D5D73B845})"
12.9.9.204 - - [16/Jun/2004:10:27:11 -0700] "GET /icons/image2.gif HTTP/1.1" 200 309 "http://phunny.drghetto.com/" "Mozilla/4.0 (compatible; MSIE 6.0; Windows NT 5.0; ESB{67ACDBC4-426A-496E-BE3C-4E3D5D73B845})"
12.9.9.204 - - [16/Jun/2004:10:27:11 -0700] "GET / HTTP/1.1" 200 30727 "-" "Mozilla/4.0 (compatible; MSIE 6.0; Windows NT 5.0; ESB{67ACDBC4-426A-496E-BE3C-4E3D5D73B845})"
12.9.9.204 - - [16/Jun/2004:10:27:11 -0700] "GET /icons/unknown.gif HTTP/1.1" 200 245 "http://phunny.drghetto.com/" "Mozilla/4.0 (compatible; MSIE 6.0; Windows NT 5.0; ESB{67ACDBC4-426A-496E-BE3C-4E3D5D73B845})"
12.9.9.204 - - [16/Jun/2004:10:27:11 -0700] "GET /icons/sound2.gif HTTP/1.1" 200 221 "http://phunny.drghetto.com/" "Mozilla/4.0 (compatible; MSIE 6.0; Windows NT 5.0; ESB{67ACDBC4-426A-496E-BE3C-4E3D5D73B845})"
12.9.9.204 - - [16/Jun/2004:10:27:11 -0700] "GET /icons/folder.gif HTTP/1.1" 200 225 "http://phunny.drghetto.com/" "Mozilla/4.0 (compatible; MSIE 6.0; Windows NT 5.0; ESB{67ACDBC4-426A-496E-BE3C-4E3D5D73B845})"
12.9.9.204 - - [16/Jun/2004:10:27:18 -0700] "GET /whatapredicament.jpg HTTP/1.1" 200 36216 "http://phunny.drghetto.com/" "Mozilla/4.0 (compatible; MSIE 6.0; Windows NT 5.0; ESB{67ACDBC4-426A-496E-BE3C-4E3D5D73B845})"
12.9.9.204 - - [16/Jun/2004:10:27:25 -0700] "GET /icons/image2.gif HTTP/1.1" 200 309 "http://phunny.drghetto.com/" "Mozilla/4.0 (compatible; MSIE 6.0; Windows NT 5.0; ESB{67ACDBC4-426A-496E-BE3C-4E3D5D73B845})"
12.9.9.204 - - [16/Jun/2004:10:27:25 -0700] "GET / HTTP/1.1" 200 30727 "-" "Mozilla/4.0 (compatible; MSIE 6.0; Windows NT 5.0; ESB{67ACDBC4-426A-496E-BE3C-4E3D5D73B845})"
12.9.9.204 - - [16/Jun/2004:10:27:25 -0700] "GET /icons/unknown.gif HTTP/1.1" 200 245 "http://phunny.drghetto.com/" "Mozilla/4.0 (compatible; MSIE 6.0; Windows NT 5.0; ESB{67ACDBC4-426A-496E-BE3C-4E3D5D73B845})"
12.9.9.204 - - [16/Jun/2004:10:27:25 -0700] "GET /icons/sound2.gif HTTP/1.1" 200 221 "http://phunny.drghetto.com/" "Mozilla/4.0 (compatible; MSIE 6.0; Windows NT 5.0; ESB{67ACDBC4-426A-496E-BE3C-4E3D5D73B845})"
12.9.9.204 - - [16/Jun/2004:10:27:25 -0700] "GET /icons/folder.gif HTTP/1.1" 200 225 "http://phunny.drghetto.com/" "Mozilla/4.0 (compatible; MSIE 6.0; Windows NT 5.0; ESB{67ACDBC4-426A-496E-BE3C-4E3D5D73B845})"
12.9.9.204 - - [16/Jun/2004:10:27:27 -0700] "GET /weird021.jpg HTTP/1.1" 200 59367 "http://phunny.drghetto.com/" "Mozilla/4.0 (compatible; MSIE 6.0; Windows NT 5.0; ESB{67ACDBC4-426A-496E-BE3C-4E3D5D73B845})"
12.9.9.204 - - [16/Jun/2004:10:27:29 -0700] "GET /icons/image2.gif HTTP/1.1" 200 309 "http://phunny.drghetto.com/" "Mozilla/4.0 (compatible; MSIE 6.0; Windows NT 5.0; ESB{67ACDBC4-426A-496E-BE3C-4E3D5D73B845})"
12.9.9.204 - - [16/Jun/2004:10:27:29 -0700] "GET / HTTP/1.1" 200 30727 "-" "Mozilla/4.0 (compatible; MSIE 6.0; Windows NT 5.0; ESB{67ACDBC4-426A-496E-BE3C-4E3D5D73B845})"
12.9.9.204 - - [16/Jun/2004:10:27:29 -0700] "GET /icons/unknown.gif HTTP/1.1" 200 245 "http://phunny.drghetto.com/" "Mozilla/4.0 (compatible; MSIE 6.0; Windows NT 5.0; ESB{67ACDBC4-426A-496E-BE3C-4E3D5D73B845})"
12.9.9.204 - - [16/Jun/2004:10:27:29 -0700] "GET /icons/sound2.gif HTTP/1.1" 200 221 "http://phunny.drghetto.com/" "Mozilla/4.0 (compatible; MSIE 6.0; Windows NT 5.0; ESB{67ACDBC4-426A-496E-BE3C-4E3D5D73B845})"
12.9.9.204 - - [16/Jun/2004:10:27:29 -0700] "GET /icons/folder.gif HTTP/1.1" 200 225 "http://phunny.drghetto.com/" "Mozilla/4.0 (compatible; MSIE 6.0; Windows NT 5.0; ESB{67ACDBC4-426A-496E-BE3C-4E3D5D73B845})"
12.9.9.204 - - [16/Jun/2004:10:27:30 -0700] "GET /weeddude.jpg HTTP/1.1" 200 36259 "http://phunny.drghetto.com/" "Mozilla/4.0 (compatible; MSIE 6.0; Windows NT 5.0; ESB{67ACDBC4-426A-496E-BE3C-4E3D5D73B845})"
12.9.9.204 - - [16/Jun/2004:10:27:50 -0700] "GET / HTTP/1.1" 200 30727 "-" "Mozilla/4.0 (compatible; MSIE 6.0; Windows NT 5.0; ESB{67ACDBC4-426A-496E-BE3C-4E3D5D73B845})"
12.9.9.204 - - [16/Jun/2004:10:27:50 -0700] "GET /icons/image2.gif HTTP/1.1" 200 309 "http://phunny.drghetto.com/" "Mozilla/4.0 (compatible; MSIE 6.0; Windows NT 5.0; ESB{67ACDBC4-426A-496E-BE3C-4E3D5D73B845})"
12.9.9.204 - - [16/Jun/2004:10:27:50 -0700] "GET /icons/unknown.gif HTTP/1.1" 200 245 "http://phunny.drghetto.com/" "Mozilla/4.0 (compatible; MSIE 6.0; Windows NT 5.0; ESB{67ACDBC4-426A-496E-BE3C-4E3D5D73B845})"
12.9.9.204 - - [16/Jun/2004:10:27:50 -0700] "GET /icons/sound2.gif HTTP/1.1" 200 221 "http://phunny.drghetto.com/" "Mozilla/4.0 (compatible; MSIE 6.0; Windows NT 5.0; ESB{67ACDBC4-426A-496E-BE3C-4E3D5D73B845})"
12.9.9.204 - - [16/Jun/2004:10:27:50 -0700] "GET /icons/folder.gif HTTP/1.1" 200 225 "http://phunny.drghetto.com/" "Mozilla/4.0 (compatible; MSIE 6.0; Windows NT 5.0; ESB{67ACDBC4-426A-496E-BE3C-4E3D5D73B845})"
12.9.9.204 - - [16/Jun/2004:10:27:53 -0700] "GET /squirrel.jpg HTTP/1.1" 200 61112 "http://phunny.drghetto.com/" "Mozilla/4.0 (compatible; MSIE 6.0; Windows NT 5.0; ESB{67ACDBC4-426A-496E-BE3C-4E3D5D73B845})"
12.9.9.204 - - [16/Jun/2004:10:28:01 -0700] "GET /icons/image2.gif HTTP/1.1" 200 309 "http://phunny.drghetto.com/" "Mozilla/4.0 (compatible; MSIE 6.0; Windows NT 5.0; ESB{67ACDBC4-426A-496E-BE3C-4E3D5D73B845})"
12.9.9.204 - - [16/Jun/2004:10:28:01 -0700] "GET / HTTP/1.1" 200 30727 "-" "Mozilla/4.0 (compatible; MSIE 6.0; Windows NT 5.0; ESB{67ACDBC4-426A-496E-BE3C-4E3D5D73B845})"
12.9.9.204 - - [16/Jun/2004:10:28:01 -0700] "GET /icons/unknown.gif HTTP/1.1" 200 245 "http://phunny.drghetto.com/" "Mozilla/4.0 (compatible; MSIE 6.0; Windows NT 5.0; ESB{67ACDBC4-426A-496E-BE3C-4E3D5D73B845})"
12.9.9.204 - - [16/Jun/2004:10:28:01 -0700] "GET /icons/sound2.gif HTTP/1.1" 200 221 "http://phunny.drghetto.com/" "Mozilla/4.0 (compatible; MSIE 6.0; Windows NT 5.0; ESB{67ACDBC4-426A-496E-BE3C-4E3D5D73B845})"
12.9.9.204 - - [16/Jun/2004:10:28:01 -0700] "GET /icons/folder.gif HTTP/1.1" 200 225 "http://phunny.drghetto.com/" "Mozilla/4.0 (compatible; MSIE 6.0; Windows NT 5.0; ESB{67ACDBC4-426A-496E-BE3C-4E3D5D73B845})"
12.9.9.204 - - [16/Jun/2004:10:28:07 -0700] "GET /wierdantics.jpg HTTP/1.1" 200 88169 "http://phunny.drghetto.com/" "Mozilla/4.0 (compatible; MSIE 6.0; Windows NT 5.0; ESB{67ACDBC4-426A-496E-BE3C-4E3D5D73B845})"
12.9.9.204 - - [16/Jun/2004:10:28:10 -0700] "GET /icons/image2.gif HTTP/1.1" 200 309 "http://phunny.drghetto.com/" "Mozilla/4.0 (compatible; MSIE 6.0; Windows NT 5.0; ESB{67ACDBC4-426A-496E-BE3C-4E3D5D73B845})"
12.9.9.204 - - [16/Jun/2004:10:28:10 -0700] "GET / HTTP/1.1" 200 30727 "-" "Mozilla/4.0 (compatible; MSIE 6.0; Windows NT 5.0; ESB{67ACDBC4-426A-496E-BE3C-4E3D5D73B845})"
12.9.9.204 - - [16/Jun/2004:10:28:10 -0700] "GET /icons/unknown.gif HTTP/1.1" 200 245 "http://phunny.drghetto.com/" "Mozilla/4.0 (compatible; MSIE 6.0; Windows NT 5.0; ESB{67ACDBC4-426A-496E-BE3C-4E3D5D73B845})"
12.9.9.204 - - [16/Jun/2004:10:28:10 -0700] "GET /icons/sound2.gif HTTP/1.1" 200 221 "http://phunny.drghetto.com/" "Mozilla/4.0 (compatible; MSIE 6.0; Windows NT 5.0; ESB{67ACDBC4-426A-496E-BE3C-4E3D5D73B845})"
12.9.9.204 - - [16/Jun/2004:10:28:10 -0700] "GET /icons/folder.gif HTTP/1.1" 200 225 "http://phunny.drghetto.com/" "Mozilla/4.0 (compatible; MSIE 6.0; Windows NT 5.0; ESB{67ACDBC4-426A-496E-BE3C-4E3D5D73B845})"
12.9.9.204 - - [16/Jun/2004:10:28:18 -0700] "GET /jesuswtf.jpg HTTP/1.1" 200 199669 "http://phunny.drghetto.com/" "Mozilla/4.0 (compatible; MSIE 6.0; Windows NT 5.0; ESB{67ACDBC4-426A-496E-BE3C-4E3D5D73B845})"
12.9.9.171 - - [16/Jun/2004:10:28:53 -0700] "GET /jesuswtf.jpg HTTP/1.1" 200 199669 "-" "Mozilla/4.0 (compatible; MSIE 6.0; Windows NT 5.1; .NET CLR 1.1.4322)"
12.9.9.204 - - [16/Jun/2004:10:29:06 -0700] "GET /icons/image2.gif HTTP/1.1" 200 309 "http://phunny.drghetto.com/" "Mozilla/4.0 (compatible; MSIE 6.0; Windows NT 5.0; ESB{67ACDBC4-426A-496E-BE3C-4E3D5D73B845})"
12.9.9.204 - - [16/Jun/2004:10:29:06 -0700] "GET / HTTP/1.1" 200 30727 "-" "Mozilla/4.0 (compatible; MSIE 6.0; Windows NT 5.0; ESB{67ACDBC4-426A-496E-BE3C-4E3D5D73B845})"
12.9.9.204 - - [16/Jun/2004:10:29:06 -0700] "GET /icons/unknown.gif HTTP/1.1" 200 245 "http://phunny.drghetto.com/" "Mozilla/4.0 (compatible; MSIE 6.0; Windows NT 5.0; ESB{67ACDBC4-426A-496E-BE3C-4E3D5D73B845})"
12.9.9.204 - - [16/Jun/2004:10:29:06 -0700] "GET /icons/sound2.gif HTTP/1.1" 200 221 "http://phunny.drghetto.com/" "Mozilla/4.0 (compatible; MSIE 6.0; Windows NT 5.0; ESB{67ACDBC4-426A-496E-BE3C-4E3D5D73B845})"
12.9.9.204 - - [16/Jun/2004:10:29:07 -0700] "GET /icons/folder.gif HTTP/1.1" 200 225 "http://phunny.drghetto.com/" "Mozilla/4.0 (compatible; MSIE 6.0; Windows NT 5.0; ESB{67ACDBC4-426A-496E-BE3C-4E3D5D73B845})"
12.9.9.204 - - [16/Jun/2004:10:29:09 -0700] "GET /image-o-matic.jpg HTTP/1.1" 200 50955 "http://phunny.drghetto.com/" "Mozilla/4.0 (compatible; MSIE 6.0; Windows NT 5.0; ESB{67ACDBC4-426A-496E-BE3C-4E3D5D73B845})"
12.9.9.204 - - [16/Jun/2004:10:29:12 -0700] "GET /icons/image2.gif HTTP/1.1" 200 309 "http://phunny.drghetto.com/" "Mozilla/4.0 (compatible; MSIE 6.0; Windows NT 5.0; ESB{67ACDBC4-426A-496E-BE3C-4E3D5D73B845})"
12.9.9.204 - - [16/Jun/2004:10:29:12 -0700] "GET / HTTP/1.1" 200 30727 "-" "Mozilla/4.0 (compatible; MSIE 6.0; Windows NT 5.0; ESB{67ACDBC4-426A-496E-BE3C-4E3D5D73B845})"
12.9.9.204 - - [16/Jun/2004:10:29:12 -0700] "GET /icons/unknown.gif HTTP/1.1" 200 245 "http://phunny.drghetto.com/" "Mozilla/4.0 (compatible; MSIE 6.0; Windows NT 5.0; ESB{67ACDBC4-426A-496E-BE3C-4E3D5D73B845})"
12.9.9.204 - - [16/Jun/2004:10:29:12 -0700] "GET /icons/sound2.gif HTTP/1.1" 200 221 "http://phunny.drghetto.com/" "Mozilla/4.0 (compatible; MSIE 6.0; Windows NT 5.0; ESB{67ACDBC4-426A-496E-BE3C-4E3D5D73B845})"
12.9.9.204 - - [16/Jun/2004:10:29:12 -0700] "GET /icons/folder.gif HTTP/1.1" 200 225 "http://phunny.drghetto.com/" "Mozilla/4.0 (compatible; MSIE 6.0; Windows NT 5.0; ESB{67ACDBC4-426A-496E-BE3C-4E3D5D73B845})"
12.9.9.204 - - [16/Jun/2004:10:29:14 -0700] "GET /kyrkskylt.jpg HTTP/1.1" 200 24114 "http://phunny.drghetto.com/" "Mozilla/4.0 (compatible; MSIE 6.0; Windows NT 5.0; ESB{67ACDBC4-426A-496E-BE3C-4E3D5D73B845})"
12.9.9.204 - - [16/Jun/2004:10:29:25 -0700] "GET /icons/image2.gif HTTP/1.1" 200 309 "http://phunny.drghetto.com/" "Mozilla/4.0 (compatible; MSIE 6.0; Windows NT 5.0; ESB{67ACDBC4-426A-496E-BE3C-4E3D5D73B845})"
12.9.9.204 - - [16/Jun/2004:10:29:25 -0700] "GET / HTTP/1.1" 200 30727 "-" "Mozilla/4.0 (compatible; MSIE 6.0; Windows NT 5.0; ESB{67ACDBC4-426A-496E-BE3C-4E3D5D73B845})"
12.9.9.204 - - [16/Jun/2004:10:29:25 -0700] "GET /icons/unknown.gif HTTP/1.1" 200 245 "http://phunny.drghetto.com/" "Mozilla/4.0 (compatible; MSIE 6.0; Windows NT 5.0; ESB{67ACDBC4-426A-496E-BE3C-4E3D5D73B845})"
12.9.9.204 - - [16/Jun/2004:10:29:25 -0700] "GET /icons/sound2.gif HTTP/1.1" 200 221 "http://phunny.drghetto.com/" "Mozilla/4.0 (compatible; MSIE 6.0; Windows NT 5.0; ESB{67ACDBC4-426A-496E-BE3C-4E3D5D73B845})"
12.9.9.204 - - [16/Jun/2004:10:29:25 -0700] "GET /icons/folder.gif HTTP/1.1" 200 225 "http://phunny.drghetto.com/" "Mozilla/4.0 (compatible; MSIE 6.0; Windows NT 5.0; ESB{67ACDBC4-426A-496E-BE3C-4E3D5D73B845})"
12.9.9.204 - - [16/Jun/2004:10:29:27 -0700] "GET /hnsbig.jpg HTTP/1.1" 200 97637 "http://phunny.drghetto.com/" "Mozilla/4.0 (compatible; MSIE 6.0; Windows NT 5.0; ESB{67ACDBC4-426A-496E-BE3C-4E3D5D73B845})"
12.9.9.204 - - [16/Jun/2004:10:30:23 -0700] "GET / HTTP/1.1" 200 30727 "-" "Mozilla/4.0 (compatible; MSIE 6.0; Windows NT 5.0; ESB{67ACDBC4-426A-496E-BE3C-4E3D5D73B845})"
12.9.9.204 - - [16/Jun/2004:10:30:23 -0700] "GET /icons/image2.gif HTTP/1.1" 200 309 "http://phunny.drghetto.com/" "Mozilla/4.0 (compatible; MSIE 6.0; Windows NT 5.0; ESB{67ACDBC4-426A-496E-BE3C-4E3D5D73B845})"
12.9.9.204 - - [16/Jun/2004:10:30:23 -0700] "GET /icons/unknown.gif HTTP/1.1" 200 245 "http://phunny.drghetto.com/" "Mozilla/4.0 (compatible; MSIE 6.0; Windows NT 5.0; ESB{67ACDBC4-426A-496E-BE3C-4E3D5D73B845})"
12.9.9.204 - - [16/Jun/2004:10:30:23 -0700] "GET /icons/sound2.gif HTTP/1.1" 200 221 "http://phunny.drghetto.com/" "Mozilla/4.0 (compatible; MSIE 6.0; Windows NT 5.0; ESB{67ACDBC4-426A-496E-BE3C-4E3D5D73B845})"
12.9.9.204 - - [16/Jun/2004:10:30:23 -0700] "GET /icons/folder.gif HTTP/1.1" 200 225 "http://phunny.drghetto.com/" "Mozilla/4.0 (compatible; MSIE 6.0; Windows NT 5.0; ESB{67ACDBC4-426A-496E-BE3C-4E3D5D73B845})"
12.9.9.204 - - [16/Jun/2004:10:30:27 -0700] "GET /linux.jpg HTTP/1.1" 200 45611 "http://phunny.drghetto.com/" "Mozilla/4.0 (compatible; MSIE 6.0; Windows NT 5.0; ESB{67ACDBC4-426A-496E-BE3C-4E3D5D73B845})"
12.9.9.204 - - [16/Jun/2004:10:30:39 -0700] "GET /icons/image2.gif HTTP/1.1" 200 309 "http://phunny.drghetto.com/" "Mozilla/4.0 (compatible; MSIE 6.0; Windows NT 5.0; ESB{67ACDBC4-426A-496E-BE3C-4E3D5D73B845})"
12.9.9.204 - - [16/Jun/2004:10:30:39 -0700] "GET / HTTP/1.1" 200 30727 "-" "Mozilla/4.0 (compatible; MSIE 6.0; Windows NT 5.0; ESB{67ACDBC4-426A-496E-BE3C-4E3D5D73B845})"
12.9.9.204 - - [16/Jun/2004:10:30:39 -0700] "GET /icons/unknown.gif HTTP/1.1" 200 245 "http://phunny.drghetto.com/" "Mozilla/4.0 (compatible; MSIE 6.0; Windows NT 5.0; ESB{67ACDBC4-426A-496E-BE3C-4E3D5D73B845})"
12.9.9.204 - - [16/Jun/2004:10:30:39 -0700] "GET /icons/sound2.gif HTTP/1.1" 200 221 "http://phunny.drghetto.com/" "Mozilla/4.0 (compatible; MSIE 6.0; Windows NT 5.0; ESB{67ACDBC4-426A-496E-BE3C-4E3D5D73B845})"
12.9.9.204 - - [16/Jun/2004:10:30:39 -0700] "GET /icons/folder.gif HTTP/1.1" 200 225 "http://phunny.drghetto.com/" "Mozilla/4.0 (compatible; MSIE 6.0; Windows NT 5.0; ESB{67ACDBC4-426A-496E-BE3C-4E3D5D73B845})"
12.9.9.204 - - [16/Jun/2004:10:30:45 -0700] "GET /manife06.jpg HTTP/1.1" 200 59472 "http://phunny.drghetto.com/" "Mozilla/4.0 (compatible; MSIE 6.0; Windows NT 5.0; ESB{67ACDBC4-426A-496E-BE3C-4E3D5D73B845})"
12.9.9.204 - - [16/Jun/2004:10:30:56 -0700] "GET / HTTP/1.1" 200 30727 "-" "Mozilla/4.0 (compatible; MSIE 6.0; Windows NT 5.0; ESB{67ACDBC4-426A-496E-BE3C-4E3D5D73B845})"
12.9.9.204 - - [16/Jun/2004:10:30:56 -0700] "GET /icons/image2.gif HTTP/1.1" 200 309 "http://phunny.drghetto.com/" "Mozilla/4.0 (compatible; MSIE 6.0; Windows NT 5.0; ESB{67ACDBC4-426A-496E-BE3C-4E3D5D73B845})"
12.9.9.204 - - [16/Jun/2004:10:30:56 -0700] "GET /icons/unknown.gif HTTP/1.1" 200 245 "http://phunny.drghetto.com/" "Mozilla/4.0 (compatible; MSIE 6.0; Windows NT 5.0; ESB{67ACDBC4-426A-496E-BE3C-4E3D5D73B845})"
12.9.9.204 - - [16/Jun/2004:10:30:56 -0700] "GET /icons/sound2.gif HTTP/1.1" 200 221 "http://phunny.drghetto.com/" "Mozilla/4.0 (compatible; MSIE 6.0; Windows NT 5.0; ESB{67ACDBC4-426A-496E-BE3C-4E3D5D73B845})"
12.9.9.204 - - [16/Jun/2004:10:30:56 -0700] "GET /icons/folder.gif HTTP/1.1" 200 225 "http://phunny.drghetto.com/" "Mozilla/4.0 (compatible; MSIE 6.0; Windows NT 5.0; ESB{67ACDBC4-426A-496E-BE3C-4E3D5D73B845})"
12.9.9.204 - - [16/Jun/2004:10:31:00 -0700] "GET /monkey.gif HTTP/1.1" 200 20713 "http://phunny.drghetto.com/" "Mozilla/4.0 (compatible; MSIE 6.0; Windows NT 5.0; ESB{67ACDBC4-426A-496E-BE3C-4E3D5D73B845})"
12.9.9.204 - - [16/Jun/2004:10:31:02 -0700] "GET /icons/image2.gif HTTP/1.1" 200 309 "http://phunny.drghetto.com/" "Mozilla/4.0 (compatible; MSIE 6.0; Windows NT 5.0; ESB{67ACDBC4-426A-496E-BE3C-4E3D5D73B845})"
12.9.9.204 - - [16/Jun/2004:10:31:02 -0700] "GET / HTTP/1.1" 200 30727 "-" "Mozilla/4.0 (compatible; MSIE 6.0; Windows NT 5.0; ESB{67ACDBC4-426A-496E-BE3C-4E3D5D73B845})"
12.9.9.204 - - [16/Jun/2004:10:31:02 -0700] "GET /icons/unknown.gif HTTP/1.1" 200 245 "http://phunny.drghetto.com/" "Mozilla/4.0 (compatible; MSIE 6.0; Windows NT 5.0; ESB{67ACDBC4-426A-496E-BE3C-4E3D5D73B845})"
12.9.9.204 - - [16/Jun/2004:10:31:02 -0700] "GET /icons/sound2.gif HTTP/1.1" 200 221 "http://phunny.drghetto.com/" "Mozilla/4.0 (compatible; MSIE 6.0; Windows NT 5.0; ESB{67ACDBC4-426A-496E-BE3C-4E3D5D73B845})"
12.9.9.204 - - [16/Jun/2004:10:31:02 -0700] "GET /icons/folder.gif HTTP/1.1" 200 225 "http://phunny.drghetto.com/" "Mozilla/4.0 (compatible; MSIE 6.0; Windows NT 5.0; ESB{67ACDBC4-426A-496E-BE3C-4E3D5D73B845})"
12.9.9.204 - - [16/Jun/2004:10:31:08 -0700] "GET /naughty_kitty.mpg HTTP/1.1" 200 54848 "http://phunny.drghetto.com/" "Mozilla/4.0 (compatible; MSIE 6.0; Windows NT 5.0; ESB{67ACDBC4-426A-496E-BE3C-4E3D5D73B845})"
12.9.9.204 - - [16/Jun/2004:10:31:08 -0700] "GET /naughty_kitty.mpg HTTP/1.1" 200 28616 "-" "Windows-Media-Player/9.00.00.2980"
12.9.9.204 - - [16/Jun/2004:10:31:17 -0700] "GET /naughty_kitty.mpg HTTP/1.1" 200 1440769 "-" "Mozilla/4.0 (compatible; MSIE 6.0; Windows NT 5.0; ESB{67ACDBC4-426A-496E-BE3C-4E3D5D73B845})"
12.9.9.204 - - [16/Jun/2004:10:32:08 -0700] "GET /nokia_vid.avi HTTP/1.1" 200 29991 "http://phunny.drghetto.com/" "Mozilla/4.0 (compatible; MSIE 6.0; Windows NT 5.0; ESB{67ACDBC4-426A-496E-BE3C-4E3D5D73B845})"
12.9.9.204 - - [16/Jun/2004:10:32:09 -0700] "GET /nokia_vid.avi HTTP/1.1" 200 27231 "-" "Windows-Media-Player/9.00.00.2980"
12.9.9.204 - - [16/Jun/2004:10:32:24 -0700] "GET /nokia_vid.avi HTTP/1.1" 200 2424122 "-" "Mozilla/4.0 (compatible; MSIE 6.0; Windows NT 5.0; ESB{67ACDBC4-426A-496E-BE3C-4E3D5D73B845})"
12.9.9.204 - - [16/Jun/2004:10:32:52 -0700] "GET /onlythinner_eng.mpg HTTP/1.1" 200 28616 "http://phunny.drghetto.com/" "Mozilla/4.0 (compatible; MSIE 6.0; Windows NT 5.0; ESB{67ACDBC4-426A-496E-BE3C-4E3D5D73B845})"
12.9.9.204 - - [16/Jun/2004:10:32:52 -0700] "GET /onlythinner_eng.mpg HTTP/1.1" 206 27180 "-" "Windows-Media-Player/9.00.00.2980"
12.9.9.204 - - [16/Jun/2004:10:33:17 -0700] "GET /onlythinner_eng.mpg HTTP/1.1" 206 3541112 "-" "Mozilla/4.0 (compatible; MSIE 6.0; Windows NT 5.0; ESB{67ACDBC4-426A-496E-BE3C-4E3D5D73B845})"
12.9.9.204 - - [16/Jun/2004:10:33:28 -0700] "GET /nutsac.gif HTTP/1.1" 200 27580 "http://phunny.drghetto.com/" "Mozilla/4.0 (compatible; MSIE 6.0; Windows NT 5.0; ESB{67ACDBC4-426A-496E-BE3C-4E3D5D73B845})"
12.9.9.204 - - [16/Jun/2004:10:33:30 -0700] "GET / HTTP/1.1" 200 30727 "-" "Mozilla/4.0 (compatible; MSIE 6.0; Windows NT 5.0; ESB{67ACDBC4-426A-496E-BE3C-4E3D5D73B845})"
12.9.9.204 - - [16/Jun/2004:10:33:30 -0700] "GET /icons/image2.gif HTTP/1.1" 200 309 "http://phunny.drghetto.com/" "Mozilla/4.0 (compatible; MSIE 6.0; Windows NT 5.0; ESB{67ACDBC4-426A-496E-BE3C-4E3D5D73B845})"
12.9.9.204 - - [16/Jun/2004:10:33:31 -0700] "GET /icons/unknown.gif HTTP/1.1" 200 245 "http://phunny.drghetto.com/" "Mozilla/4.0 (compatible; MSIE 6.0; Windows NT 5.0; ESB{67ACDBC4-426A-496E-BE3C-4E3D5D73B845})"
12.9.9.204 - - [16/Jun/2004:10:33:31 -0700] "GET /icons/sound2.gif HTTP/1.1" 200 221 "http://phunny.drghetto.com/" "Mozilla/4.0 (compatible; MSIE 6.0; Windows NT 5.0; ESB{67ACDBC4-426A-496E-BE3C-4E3D5D73B845})"
12.9.9.204 - - [16/Jun/2004:10:33:31 -0700] "GET /icons/folder.gif HTTP/1.1" 200 225 "http://phunny.drghetto.com/" "Mozilla/4.0 (compatible; MSIE 6.0; Windows NT 5.0; ESB{67ACDBC4-426A-496E-BE3C-4E3D5D73B845})"
12.9.9.204 - - [16/Jun/2004:10:33:54 -0700] "GET /nooooo!.jpg HTTP/1.1" 200 118408 "http://phunny.drghetto.com/" "Mozilla/4.0 (compatible; MSIE 6.0; Windows NT 5.0; ESB{67ACDBC4-426A-496E-BE3C-4E3D5D73B845})"
12.9.9.204 - - [16/Jun/2004:10:34:15 -0700] "GET / HTTP/1.1" 200 30727 "-" "Mozilla/4.0 (compatible; MSIE 6.0; Windows NT 5.0; ESB{67ACDBC4-426A-496E-BE3C-4E3D5D73B845})"
12.9.9.204 - - [16/Jun/2004:10:34:15 -0700] "GET /icons/unknown.gif HTTP/1.1" 200 245 "http://phunny.drghetto.com/" "Mozilla/4.0 (compatible; MSIE 6.0; Windows NT 5.0; ESB{67ACDBC4-426A-496E-BE3C-4E3D5D73B845})"
12.9.9.204 - - [16/Jun/2004:10:34:15 -0700] "GET /icons/sound2.gif HTTP/1.1" 200 221 "http://phunny.drghetto.com/" "Mozilla/4.0 (compatible; MSIE 6.0; Windows NT 5.0; ESB{67ACDBC4-426A-496E-BE3C-4E3D5D73B845})"
12.9.9.204 - - [16/Jun/2004:10:34:15 -0700] "GET /icons/folder.gif HTTP/1.1" 200 225 "http://phunny.drghetto.com/" "Mozilla/4.0 (compatible; MSIE 6.0; Windows NT 5.0; ESB{67ACDBC4-426A-496E-BE3C-4E3D5D73B845})"
12.9.9.204 - - [16/Jun/2004:10:34:17 -0700] "GET /monkey.jpg HTTP/1.1" 200 13711 "http://phunny.drghetto.com/" "Mozilla/4.0 (compatible; MSIE 6.0; Windows NT 5.0; ESB{67ACDBC4-426A-496E-BE3C-4E3D5D73B845})"
12.9.9.204 - - [16/Jun/2004:10:34:24 -0700] "GET /icons/unknown.gif HTTP/1.1" 200 245 "http://phunny.drghetto.com/" "Mozilla/4.0 (compatible; MSIE 6.0; Windows NT 5.0; ESB{67ACDBC4-426A-496E-BE3C-4E3D5D73B845})"
12.9.9.204 - - [16/Jun/2004:10:34:24 -0700] "GET / HTTP/1.1" 200 30727 "-" "Mozilla/4.0 (compatible; MSIE 6.0; Windows NT 5.0; ESB{67ACDBC4-426A-496E-BE3C-4E3D5D73B845})"
12.9.9.204 - - [16/Jun/2004:10:34:24 -0700] "GET /icons/sound2.gif HTTP/1.1" 200 221 "http://phunny.drghetto.com/" "Mozilla/4.0 (compatible; MSIE 6.0; Windows NT 5.0; ESB{67ACDBC4-426A-496E-BE3C-4E3D5D73B845})"
12.9.9.204 - - [16/Jun/2004:10:34:24 -0700] "GET /icons/folder.gif HTTP/1.1" 200 225 "http://phunny.drghetto.com/" "Mozilla/4.0 (compatible; MSIE 6.0; Windows NT 5.0; ESB{67ACDBC4-426A-496E-BE3C-4E3D5D73B845})"
68.4.233.79 - - [16/Jun/2004:10:40:02 -0700] "GET /favicon.ico HTTP/1.1" 404 293 "-" "Mozilla/5.0 (Windows; U; Windows NT 5.0; en-US; rv:1.6) Gecko/20040206 Firefox/0.8"
68.4.233.79 - - [16/Jun/2004:10:40:02 -0700] "GET /jesuswtf.jpg HTTP/1.1" 200 199669 "-" "Mozilla/5.0 (Windows; U; Windows NT 5.0; en-US; rv:1.6) Gecko/20040206 Firefox/0.8"
213.94.48.163 - - [16/Jun/2004:10:50:34 -0700] "GET /papasmurf(www.albinoblacksheep.com).swf HTTP/1.1" 200 33199 "-" "Mozilla/4.0 (compatible; MSIE 6.0; Windows NT 5.1; MSN 6.1; MSNbMSFT; MSNmnl-nl; MSNc00; v5m)"
213.94.48.163 - - [16/Jun/2004:10:52:49 -0700] "GET /papasmurf(www.albinoblacksheep.com).swf HTTP/1.1" 206 607664 "-" "Mozilla/4.0 (compatible; MSIE 6.0; Windows NT 5.1; MSN 6.1; MSNbMSFT; MSNmnl-nl; MSNc0z; v5m)"
213.94.48.163 - - [16/Jun/2004:11:00:09 -0700] "GET /papasmurf(www.albinoblacksheep.com).swf HTTP/1.1" 304 - "-" "Mozilla/4.0 (compatible; MSIE 6.0; Windows NT 5.1; MSN 6.1; MSNbMSFT; MSNmnl-nl; MSNc00; v5m)"
62.59.36.50 - - [16/Jun/2004:11:16:14 -0700] "GET /retarded.jpg HTTP/1.1" 200 37603 "http://www.volkomenkut.com/archives/00001774.htm" "Mozilla/4.0 (compatible; MSIE 6.0; Windows NT 5.1)"
212.149.155.107 - - [16/Jun/2004:11:46:37 -0700] "GET / HTTP/1.1" 200 30727 "http://fi.altavista.com/video/results?q=Conan+O%27Brien&mvf=mpeg&mvf=avi&mvf=msmedia&mvf=other&mvd=all" "Mozilla/4.0 (compatible; MSIE 5.0; Windows 98; DigExt; (R1 1.5))"
212.149.155.107 - - [16/Jun/2004:11:46:37 -0700] "GET /icons/blank.gif HTTP/1.1" 200 148 "http://phunny.drghetto.com/" "Mozilla/4.0 (compatible; MSIE 5.0; Windows 98; DigExt; (R1 1.5))"
212.149.155.107 - - [16/Jun/2004:11:46:38 -0700] "GET /icons/back.gif HTTP/1.1" 200 216 "http://phunny.drghetto.com/" "Mozilla/4.0 (compatible; MSIE 5.0; Windows 98; DigExt; (R1 1.5))"
212.149.155.107 - - [16/Jun/2004:11:46:38 -0700] "GET /icons/movie.gif HTTP/1.1" 200 243 "http://phunny.drghetto.com/" "Mozilla/4.0 (compatible; MSIE 5.0; Windows 98; DigExt; (R1 1.5))"
212.149.155.107 - - [16/Jun/2004:11:46:38 -0700] "GET /icons/image2.gif HTTP/1.1" 200 309 "http://phunny.drghetto.com/" "Mozilla/4.0 (compatible; MSIE 5.0; Windows 98; DigExt; (R1 1.5))"
212.149.155.107 - - [16/Jun/2004:11:46:38 -0700] "GET /icons/unknown.gif HTTP/1.1" 200 245 "http://phunny.drghetto.com/" "Mozilla/4.0 (compatible; MSIE 5.0; Windows 98; DigExt; (R1 1.5))"
212.149.155.107 - - [16/Jun/2004:11:46:38 -0700] "GET /icons/sound2.gif HTTP/1.1" 200 221 "http://phunny.drghetto.com/" "Mozilla/4.0 (compatible; MSIE 5.0; Windows 98; DigExt; (R1 1.5))"
212.149.155.107 - - [16/Jun/2004:11:46:39 -0700] "GET /icons/folder.gif HTTP/1.1" 200 225 "http://phunny.drghetto.com/" "Mozilla/4.0 (compatible; MSIE 5.0; Windows 98; DigExt; (R1 1.5))"
212.149.155.107 - - [16/Jun/2004:11:47:13 -0700] "GET /384033.1.jpg HTTP/1.1" 200 63822 "http://phunny.drghetto.com/" "Mozilla/4.0 (compatible; MSIE 5.0; Windows 98; DigExt; (R1 1.5))"
212.149.155.107 - - [16/Jun/2004:11:47:24 -0700] "GET /57629.jpg HTTP/1.1" 200 59218 "http://phunny.drghetto.com/" "Mozilla/4.0 (compatible; MSIE 5.0; Windows 98; DigExt; (R1 1.5))"
212.149.155.107 - - [16/Jun/2004:11:47:33 -0700] "GET /70756.jpg HTTP/1.1" 200 24647 "http://phunny.drghetto.com/" "Mozilla/4.0 (compatible; MSIE 5.0; Windows 98; DigExt; (R1 1.5))"
212.149.155.107 - - [16/Jun/2004:11:47:40 -0700] "GET /%3fbeaver2.jpg HTTP/1.1" 200 302 "http://phunny.drghetto.com/" "Mozilla/4.0 (compatible; MSIE 5.0; Windows 98; DigExt; (R1 1.5))"
212.149.155.107 - - [16/Jun/2004:11:47:43 -0700] "GET /beaver2.jpg HTTP/1.1" 200 75877 "http://phunny.drghetto.com/%3fbeaver2.jpg" "Mozilla/4.0 (compatible; MSIE 5.0; Windows 98; DigExt; (R1 1.5))"
212.149.155.107 - - [16/Jun/2004:11:47:51 -0700] "GET /Best%20Company%20Name%20Ever.jpg HTTP/1.1" 200 23261 "http://phunny.drghetto.com/" "Mozilla/4.0 (compatible; MSIE 5.0; Windows 98; DigExt; (R1 1.5))"
212.149.155.107 - - [16/Jun/2004:11:48:01 -0700] "GET /Bruiser.jpg HTTP/1.1" 200 48332 "http://phunny.drghetto.com/" "Mozilla/4.0 (compatible; MSIE 5.0; Windows 98; DigExt; (R1 1.5))"
212.149.155.107 - - [16/Jun/2004:11:48:14 -0700] "GET /Divorce_Sept_11_Style.jpg HTTP/1.1" 200 26289 "http://phunny.drghetto.com/" "Mozilla/4.0 (compatible; MSIE 5.0; Windows 98; DigExt; (R1 1.5))"
212.149.155.107 - - [16/Jun/2004:11:48:26 -0700] "GET /FBI-MCSOTerroristFlyer-Back.jpg HTTP/1.1" 200 169336 "http://phunny.drghetto.com/" "Mozilla/4.0 (compatible; MSIE 5.0; Windows 98; DigExt; (R1 1.5))"
212.149.155.107 - - [16/Jun/2004:11:48:46 -0700] "GET /FBI-MCSOTerroristFlyer-Front.jpg HTTP/1.1" 200 138882 "http://phunny.drghetto.com/" "Mozilla/4.0 (compatible; MSIE 5.0; Windows 98; DigExt; (R1 1.5))"
212.149.155.107 - - [16/Jun/2004:11:48:49 -0700] "GET /Flag%20burning%20terrorist.jpg HTTP/1.1" 200 32489 "http://phunny.drghetto.com/" "Mozilla/4.0 (compatible; MSIE 5.0; Windows 98; DigExt; (R1 1.5))"
212.149.155.107 - - [16/Jun/2004:11:48:57 -0700] "GET /Florida2004.jpg HTTP/1.1" 200 44408 "http://phunny.drghetto.com/" "Mozilla/4.0 (compatible; MSIE 5.0; Windows 98; DigExt; (R1 1.5))"
212.149.155.107 - - [16/Jun/2004:11:49:07 -0700] "GET /IRISH%20babys.jpg HTTP/1.1" 200 20352 "http://phunny.drghetto.com/" "Mozilla/4.0 (compatible; MSIE 5.0; Windows 98; DigExt; (R1 1.5))"
212.149.155.107 - - [16/Jun/2004:11:49:21 -0700] "GET /Kabul-Forcast.jpg HTTP/1.1" 200 96421 "http://phunny.drghetto.com/" "Mozilla/4.0 (compatible; MSIE 5.0; Windows 98; DigExt; (R1 1.5))"
212.149.155.107 - - [16/Jun/2004:11:49:30 -0700] "GET /Conan%20O'Brien%20-%20Pimpbot%205000.mpeg HTTP/1.1" 200 4464644 "http://phunny.drghetto.com/" "Mozilla/4.0 (compatible; MSIE 5.0; Windows 98; DigExt; (R1 1.5))"
212.149.155.107 - - [16/Jun/2004:11:49:30 -0700] "GET /Kitty.jpg HTTP/1.1" 200 26867 "http://phunny.drghetto.com/" "Mozilla/4.0 (compatible; MSIE 5.0; Windows 98; DigExt; (R1 1.5))"
212.149.155.107 - - [16/Jun/2004:11:49:47 -0700] "GET /MSLili01.jpeg HTTP/1.1" 200 126659 "http://phunny.drghetto.com/" "Mozilla/4.0 (compatible; MSIE 5.0; Windows 98; DigExt; (R1 1.5))"
212.149.155.107 - - [16/Jun/2004:11:50:08 -0700] "GET /McD'S.jpg HTTP/1.1" 200 167571 "http://phunny.drghetto.com/" "Mozilla/4.0 (compatible; MSIE 5.0; Windows 98; DigExt; (R1 1.5))"
212.149.155.107 - - [16/Jun/2004:11:50:21 -0700] "GET /Power.jpg HTTP/1.1" 200 37264 "http://phunny.drghetto.com/" "Mozilla/4.0 (compatible; MSIE 5.0; Windows 98; DigExt; (R1 1.5))"
212.149.155.107 - - [16/Jun/2004:11:50:42 -0700] "GET /a3fSJake.jpg HTTP/1.1" 200 5971 "http://phunny.drghetto.com/" "Mozilla/4.0 (compatible; MSIE 5.0; Windows 98; DigExt; (R1 1.5))"
212.149.155.107 - - [16/Jun/2004:11:50:47 -0700] "GET /abnormalcy-1043712735.jpg HTTP/1.1" 200 0 "http://phunny.drghetto.com/" "Mozilla/4.0 (compatible; MSIE 5.0; Windows 98; DigExt; (R1 1.5))"
212.149.155.107 - - [16/Jun/2004:11:50:53 -0700] "GET /alexisrules.gif HTTP/1.1" 200 28676 "http://phunny.drghetto.com/" "Mozilla/4.0 (compatible; MSIE 5.0; Windows 98; DigExt; (R1 1.5))"
212.149.155.107 - - [16/Jun/2004:11:51:27 -0700] "GET /bigbread.JPG HTTP/1.1" 200 18286 "http://phunny.drghetto.com/" "Mozilla/4.0 (compatible; MSIE 5.0; Windows 98; DigExt; (R1 1.5))"
212.149.155.107 - - [16/Jun/2004:11:51:36 -0700] "GET /binladen.jpg HTTP/1.1" 200 88953 "http://phunny.drghetto.com/" "Mozilla/4.0 (compatible; MSIE 5.0; Windows 98; DigExt; (R1 1.5))"
212.149.155.107 - - [16/Jun/2004:11:53:26 -0700] "GET /brochure.jpg HTTP/1.1" 200 174700 "http://phunny.drghetto.com/" "Mozilla/4.0 (compatible; MSIE 5.0; Windows 98; DigExt; (R1 1.5))"
212.149.155.107 - - [16/Jun/2004:11:53:42 -0700] "GET /build_a_plane.jpg HTTP/1.1" 200 177091 "http://phunny.drghetto.com/" "Mozilla/4.0 (compatible; MSIE 5.0; Windows 98; DigExt; (R1 1.5))"
212.149.155.107 - - [16/Jun/2004:11:55:13 -0700] "GET /camp4.jpg HTTP/1.1" 200 20457 "http://phunny.drghetto.com/" "Mozilla/4.0 (compatible; MSIE 5.0; Windows 98; DigExt; (R1 1.5))"
212.149.155.107 - - [16/Jun/2004:11:55:30 -0700] "GET /capt.1019436652.lpga_longs_drugs_rcp107.jpg HTTP/1.1" 200 27746 "http://phunny.drghetto.com/" "Mozilla/4.0 (compatible; MSIE 5.0; Windows 98; DigExt; (R1 1.5))"
212.149.155.107 - - [16/Jun/2004:11:56:04 -0700] "GET /cat.jpg HTTP/1.1" 200 68657 "http://phunny.drghetto.com/" "Mozilla/4.0 (compatible; MSIE 5.0; Windows 98; DigExt; (R1 1.5))"
212.149.155.107 - - [16/Jun/2004:11:56:10 -0700] "GET /cat.jpg.1 HTTP/1.1" 200 18475 "http://phunny.drghetto.com/" "Mozilla/4.0 (compatible; MSIE 5.0; Windows 98; DigExt; (R1 1.5))"
212.149.155.107 - - [16/Jun/2004:11:56:25 -0700] "GET /cd_letter.jpg HTTP/1.1" 200 67956 "http://phunny.drghetto.com/" "Mozilla/4.0 (compatible; MSIE 5.0; Windows 98; DigExt; (R1 1.5))"
212.149.155.107 - - [16/Jun/2004:11:56:43 -0700] "GET /cj_6251.jpg HTTP/1.1" 200 25059 "http://phunny.drghetto.com/" "Mozilla/4.0 (compatible; MSIE 5.0; Windows 98; DigExt; (R1 1.5))"
212.149.155.107 - - [16/Jun/2004:11:56:49 -0700] "GET /clubdruglogo.gif HTTP/1.1" 200 8405 "http://phunny.drghetto.com/" "Mozilla/4.0 (compatible; MSIE 5.0; Windows 98; DigExt; (R1 1.5))"
212.149.155.107 - - [16/Jun/2004:11:56:53 -0700] "GET /cluepon.jpg HTTP/1.1" 200 24114 "http://phunny.drghetto.com/" "Mozilla/4.0 (compatible; MSIE 5.0; Windows 98; DigExt; (R1 1.5))"
212.149.155.107 - - [16/Jun/2004:11:56:58 -0700] "GET /cnn.jpg HTTP/1.1" 200 31759 "http://phunny.drghetto.com/" "Mozilla/4.0 (compatible; MSIE 5.0; Windows 98; DigExt; (R1 1.5))"
212.149.155.107 - - [16/Jun/2004:11:57:08 -0700] "GET /cnn.jpg HTTP/1.1" 200 150090 "http://phunny.drghetto.com/" "Mozilla/4.0 (compatible; MSIE 5.0; Windows 98; DigExt; (R1 1.5))"
212.149.155.107 - - [16/Jun/2004:11:58:47 -0700] "GET /cock.jpg HTTP/1.1" 200 14193 "http://phunny.drghetto.com/" "Mozilla/4.0 (compatible; MSIE 5.0; Windows 98; DigExt; (R1 1.5))"
212.149.155.107 - - [16/Jun/2004:11:58:53 -0700] "GET /convenience.jpg HTTP/1.1" 200 25819 "http://phunny.drghetto.com/" "Mozilla/4.0 (compatible; MSIE 5.0; Windows 98; DigExt; (R1 1.5))"
212.149.155.107 - - [16/Jun/2004:11:59:03 -0700] "GET /coondog.jpg HTTP/1.1" 200 22393 "http://phunny.drghetto.com/" "Mozilla/4.0 (compatible; MSIE 5.0; Windows 98; DigExt; (R1 1.5))"
212.149.155.107 - - [16/Jun/2004:11:59:09 -0700] "GET /creature.gif HTTP/1.1" 200 17043 "http://phunny.drghetto.com/" "Mozilla/4.0 (compatible; MSIE 5.0; Windows 98; DigExt; (R1 1.5))"
212.149.155.107 - - [16/Jun/2004:11:59:27 -0700] "GET /deathwis.gif HTTP/1.1" 200 227563 "http://phunny.drghetto.com/" "Mozilla/4.0 (compatible; MSIE 5.0; Windows 98; DigExt; (R1 1.5))"
212.149.155.107 - - [16/Jun/2004:11:59:39 -0700] "GET /deer.jpg HTTP/1.1" 200 24224 "http://phunny.drghetto.com/" "Mozilla/4.0 (compatible; MSIE 5.0; Windows 98; DigExt; (R1 1.5))"
212.149.155.107 - - [16/Jun/2004:11:59:49 -0700] "GET /dilema.jpg HTTP/1.1" 200 46518 "http://phunny.drghetto.com/" "Mozilla/4.0 (compatible; MSIE 5.0; Windows 98; DigExt; (R1 1.5))"
212.149.155.107 - - [16/Jun/2004:11:59:57 -0700] "GET /dj.saddam.jpg HTTP/1.1" 200 56278 "http://phunny.drghetto.com/" "Mozilla/4.0 (compatible; MSIE 5.0; Windows 98; DigExt; (R1 1.5))"
212.149.155.107 - - [16/Jun/2004:12:00:08 -0700] "GET /domohuge.jpg HTTP/1.1" 200 85162 "http://phunny.drghetto.com/" "Mozilla/4.0 (compatible; MSIE 5.0; Windows 98; DigExt; (R1 1.5))"
212.149.155.107 - - [16/Jun/2004:12:00:22 -0700] "GET /donkeyban.jpg HTTP/1.1" 200 147069 "http://phunny.drghetto.com/" "Mozilla/4.0 (compatible; MSIE 5.0; Windows 98; DigExt; (R1 1.5))"
212.149.155.107 - - [16/Jun/2004:12:00:29 -0700] "GET /doughboy.jpg HTTP/1.1" 200 126038 "http://phunny.drghetto.com/" "Mozilla/4.0 (compatible; MSIE 5.0; Windows 98; DigExt; (R1 1.5))"
212.149.155.107 - - [16/Jun/2004:12:00:51 -0700] "GET /drunk.jpg HTTP/1.1" 200 290474 "http://phunny.drghetto.com/" "Mozilla/4.0 (compatible; MSIE 5.0; Windows 98; DigExt; (R1 1.5))"
212.149.155.107 - - [16/Jun/2004:12:01:53 -0700] "GET /dumbthieves.jpg HTTP/1.1" 200 80262 "http://phunny.drghetto.com/" "Mozilla/4.0 (compatible; MSIE 5.0; Windows 98; DigExt; (R1 1.5))"
80.223.139.43 - - [16/Jun/2004:12:01:58 -0700] "GET /drunk.jpg HTTP/1.1" 200 290474 "-" "Mozilla/4.0 (compatible; MSIE 6.0; Windows NT 5.1)"
212.149.155.107 - - [16/Jun/2004:12:01:58 -0700] "GET /easteregg.jpg HTTP/1.1" 200 21910 "http://phunny.drghetto.com/" "Mozilla/4.0 (compatible; MSIE 5.0; Windows 98; DigExt; (R1 1.5))"
212.149.155.107 - - [16/Jun/2004:12:02:05 -0700] "GET /family_fun.jpg HTTP/1.1" 200 26684 "http://phunny.drghetto.com/" "Mozilla/4.0 (compatible; MSIE 5.0; Windows 98; DigExt; (R1 1.5))"
212.149.155.107 - - [16/Jun/2004:12:02:20 -0700] "GET /fem.jpg HTTP/1.1" 200 105029 "http://phunny.drghetto.com/" "Mozilla/4.0 (compatible; MSIE 5.0; Windows 98; DigExt; (R1 1.5))"
212.149.155.107 - - [16/Jun/2004:12:02:30 -0700] "GET /for_jayme.jpg HTTP/1.1" 200 102718 "http://phunny.drghetto.com/" "Mozilla/4.0 (compatible; MSIE 5.0; Windows 98; DigExt; (R1 1.5))"
212.149.155.107 - - [16/Jun/2004:12:02:40 -0700] "GET /froggy.gif HTTP/1.1" 200 25577 "http://phunny.drghetto.com/" "Mozilla/4.0 (compatible; MSIE 5.0; Windows 98; DigExt; (R1 1.5))"
212.149.155.107 - - [16/Jun/2004:12:02:48 -0700] "GET /girliezoo100_1.gif HTTP/1.1" 200 19443 "http://phunny.drghetto.com/" "Mozilla/4.0 (compatible; MSIE 5.0; Windows 98; DigExt; (R1 1.5))"
212.149.155.107 - - [16/Jun/2004:12:02:57 -0700] "GET /girls.jpg HTTP/1.1" 200 24416 "http://phunny.drghetto.com/" "Mozilla/4.0 (compatible; MSIE 5.0; Windows 98; DigExt; (R1 1.5))"
212.149.155.107 - - [16/Jun/2004:12:03:10 -0700] "GET /glad_hund.jpg HTTP/1.1" 200 58173 "http://phunny.drghetto.com/" "Mozilla/4.0 (compatible; MSIE 5.0; Windows 98; DigExt; (R1 1.5))"
212.149.155.107 - - [16/Jun/2004:12:03:20 -0700] "GET /go_rave.jpg HTTP/1.1" 200 39679 "http://phunny.drghetto.com/" "Mozilla/4.0 (compatible; MSIE 5.0; Windows 98; DigExt; (R1 1.5))"
80.221.100.158 - - [16/Jun/2004:12:03:21 -0700] "GET /drunk.jpg HTTP/1.1" 200 290474 "-" "Mozilla/4.0 (compatible; MSIE 6.0; Windows NT 5.1; .NET CLR 1.1.4322)"
80.223.139.43 - - [16/Jun/2004:12:03:22 -0700] "GET /cnn.jpg HTTP/1.1" 200 150090 "-" "Mozilla/4.0 (compatible; MSIE 6.0; Windows NT 5.1)"
212.149.155.107 - - [16/Jun/2004:12:03:33 -0700] "GET /godkills.jpg HTTP/1.1" 200 43594 "http://phunny.drghetto.com/" "Mozilla/4.0 (compatible; MSIE 5.0; Windows 98; DigExt; (R1 1.5))"
212.149.136.204 - - [16/Jun/2004:12:04:05 -0700] "GET /godkills.jpg HTTP/1.1" 200 43594 "-" "Mozilla/4.0 (compatible; MSIE 6.0; Windows NT 5.1; .NET CLR 1.1.4322)"
212.149.155.107 - - [16/Jun/2004:12:04:06 -0700] "GET /halsbloss.jpg HTTP/1.1" 200 81473 "http://phunny.drghetto.com/" "Mozilla/4.0 (compatible; MSIE 5.0; Windows 98; DigExt; (R1 1.5))"
212.149.155.107 - - [16/Jun/2004:12:04:14 -0700] "GET /happy_valentine.jpg HTTP/1.1" 200 30176 "http://phunny.drghetto.com/" "Mozilla/4.0 (compatible; MSIE 5.0; Windows 98; DigExt; (R1 1.5))"
80.223.139.43 - - [16/Jun/2004:12:04:40 -0700] "GET /happy_valentine.jpg HTTP/1.1" 200 30176 "-" "Mozilla/4.0 (compatible; MSIE 6.0; Windows NT 5.1)"
80.221.100.158 - - [16/Jun/2004:12:04:40 -0700] "GET /happy_valentine.jpg HTTP/1.1" 200 30176 "-" "Mozilla/4.0 (compatible; MSIE 6.0; Windows NT 5.1; .NET CLR 1.1.4322)"
212.149.155.107 - - [16/Jun/2004:12:04:48 -0700] "GET /her_motorcycle.jpg HTTP/1.1" 200 58453 "http://phunny.drghetto.com/" "Mozilla/4.0 (compatible; MSIE 5.0; Windows 98; DigExt; (R1 1.5))"
80.221.100.158 - - [16/Jun/2004:12:04:55 -0700] "GET /cnn.jpg HTTP/1.1" 200 150090 "-" "Mozilla/4.0 (compatible; MSIE 6.0; Windows NT 5.1; .NET CLR 1.1.4322)"
80.223.139.43 - - [16/Jun/2004:12:05:03 -0700] "GET /build_a_plane.jpg HTTP/1.1" 200 177091 "-" "Mozilla/4.0 (compatible; MSIE 6.0; Windows NT 5.1)"
212.149.155.107 - - [16/Jun/2004:12:05:11 -0700] "GET /hit-ctrl-A.jpg HTTP/1.1" 200 377385 "http://phunny.drghetto.com/" "Mozilla/4.0 (compatible; MSIE 5.0; Windows 98; DigExt; (R1 1.5))"
80.221.100.158 - - [16/Jun/2004:12:05:16 -0700] "GET /build_a_plane.jpg HTTP/1.1" 200 177091 "-" "Mozilla/4.0 (compatible; MSIE 6.0; Windows NT 5.1; .NET CLR 1.1.4322)"
80.221.100.158 - - [16/Jun/2004:12:06:18 -0700] "GET /hit-ctrl-A.jpg HTTP/1.1" 200 377385 "-" "Mozilla/4.0 (compatible; MSIE 6.0; Windows NT 5.1; .NET CLR 1.1.4322)"
80.223.139.43 - - [16/Jun/2004:12:06:30 -0700] "GET /hit-ctrl-A.jpg HTTP/1.1" 200 377385 "-" "Mozilla/4.0 (compatible; MSIE 6.0; Windows NT 5.1)"
212.149.155.107 - - [16/Jun/2004:12:06:41 -0700] "GET /hnsbig.jpg HTTP/1.1" 200 97637 "http://phunny.drghetto.com/" "Mozilla/4.0 (compatible; MSIE 5.0; Windows 98; DigExt; (R1 1.5))"
212.149.155.107 - - [16/Jun/2004:12:07:55 -0700] "GET /housewife.jpg HTTP/1.1" 200 123536 "http://phunny.drghetto.com/" "Mozilla/4.0 (compatible; MSIE 5.0; Windows 98; DigExt; (R1 1.5))"
212.149.155.107 - - [16/Jun/2004:12:08:55 -0700] "GET /image-o-matic.jpg HTTP/1.1" 200 50955 "http://phunny.drghetto.com/" "Mozilla/4.0 (compatible; MSIE 5.0; Windows 98; DigExt; (R1 1.5))"
212.149.155.107 - - [16/Jun/2004:12:09:02 -0700] "GET /imdf19112001142708a.jpg HTTP/1.1" 200 20689 "http://phunny.drghetto.com/" "Mozilla/4.0 (compatible; MSIE 5.0; Windows 98; DigExt; (R1 1.5))"
80.223.139.43 - - [16/Jun/2004:12:09:22 -0700] "GET /imdf19112001142708a.jpg HTTP/1.1" 200 20689 "-" "Mozilla/4.0 (compatible; MSIE 6.0; Windows NT 5.1)"
212.149.155.107 - - [16/Jun/2004:12:09:25 -0700] "GET /iraq_mcdonalds.jpg HTTP/1.1" 200 29102 "http://phunny.drghetto.com/" "Mozilla/4.0 (compatible; MSIE 5.0; Windows 98; DigExt; (R1 1.5))"
80.221.100.158 - - [16/Jun/2004:12:09:33 -0700] "GET /imdf19112001142708a.jpg HTTP/1.1" 200 20689 "-" "Mozilla/4.0 (compatible; MSIE 6.0; Windows NT 5.1; .NET CLR 1.1.4322)"
212.149.155.107 - - [16/Jun/2004:12:09:34 -0700] "GET /jesus.jpg HTTP/1.1" 200 22007 "http://phunny.drghetto.com/" "Mozilla/4.0 (compatible; MSIE 5.0; Windows 98; DigExt; (R1 1.5))"
212.149.155.107 - - [16/Jun/2004:12:09:45 -0700] "GET /jesuswtf.jpg HTTP/1.1" 200 199669 "http://phunny.drghetto.com/" "Mozilla/4.0 (compatible; MSIE 5.0; Windows 98; DigExt; (R1 1.5))"
80.221.100.158 - - [16/Jun/2004:12:10:14 -0700] "GET /jesuswtf.jpg HTTP/1.1" 200 199669 "-" "Mozilla/4.0 (compatible; MSIE 6.0; Windows NT 5.1; .NET CLR 1.1.4322)"
80.223.139.43 - - [16/Jun/2004:12:10:15 -0700] "GET /jesuswtf.jpg HTTP/1.1" 200 199669 "-" "Mozilla/4.0 (compatible; MSIE 6.0; Windows NT 5.1)"
212.149.155.107 - - [16/Jun/2004:12:10:19 -0700] "GET /kidstoday.jpg HTTP/1.1" 200 45931 "http://phunny.drghetto.com/" "Mozilla/4.0 (compatible; MSIE 5.0; Windows 98; DigExt; (R1 1.5))"
80.221.100.158 - - [16/Jun/2004:12:10:39 -0700] "GET /kidstoday.jpg HTTP/1.1" 200 45931 "-" "Mozilla/4.0 (compatible; MSIE 6.0; Windows NT 5.1; .NET CLR 1.1.4322)"
80.223.139.43 - - [16/Jun/2004:12:10:42 -0700] "GET /kidstoday.jpg HTTP/1.1" 200 45931 "-" "Mozilla/4.0 (compatible; MSIE 6.0; Windows NT 5.1)"
212.149.155.107 - - [16/Jun/2004:12:10:46 -0700] "GET /kina.jpg HTTP/1.1" 200 79073 "http://phunny.drghetto.com/" "Mozilla/4.0 (compatible; MSIE 5.0; Windows 98; DigExt; (R1 1.5))"
212.149.155.107 - - [16/Jun/2004:12:10:52 -0700] "GET /kittybath.jpg HTTP/1.1" 200 27710 "http://phunny.drghetto.com/" "Mozilla/4.0 (compatible; MSIE 5.0; Windows 98; DigExt; (R1 1.5))"
212.149.155.107 - - [16/Jun/2004:12:11:00 -0700] "GET /kop19.jpg HTTP/1.1" 200 53526 "http://phunny.drghetto.com/" "Mozilla/4.0 (compatible; MSIE 5.0; Windows 98; DigExt; (R1 1.5))"
212.149.155.11 - - [16/Jun/2004:12:11:24 -0700] "GET /kop19.jpg HTTP/1.1" 200 53526 "-" "Mozilla/4.0 (compatible; MSIE 6.0; Windows NT 5.1)"
212.149.155.107 - - [16/Jun/2004:12:11:34 -0700] "GET /kuk6.jpg HTTP/1.1" 200 23038 "http://phunny.drghetto.com/" "Mozilla/4.0 (compatible; MSIE 5.0; Windows 98; DigExt; (R1 1.5))"
212.149.155.107 - - [16/Jun/2004:12:11:43 -0700] "GET /kyrkskylt.jpg HTTP/1.1" 200 24114 "http://phunny.drghetto.com/" "Mozilla/4.0 (compatible; MSIE 5.0; Windows 98; DigExt; (R1 1.5))"
212.149.155.107 - - [16/Jun/2004:12:11:52 -0700] "GET /linux.jpg HTTP/1.1" 200 45611 "http://phunny.drghetto.com/" "Mozilla/4.0 (compatible; MSIE 5.0; Windows 98; DigExt; (R1 1.5))"
212.149.155.107 - - [16/Jun/2004:12:12:12 -0700] "GET /manife06.jpg HTTP/1.1" 200 59472 "http://phunny.drghetto.com/" "Mozilla/4.0 (compatible; MSIE 5.0; Windows 98; DigExt; (R1 1.5))"
80.223.139.43 - - [16/Jun/2004:12:12:12 -0700] "GET /linux.jpg HTTP/1.1" 200 45611 "-" "Mozilla/4.0 (compatible; MSIE 6.0; Windows NT 5.1)"
212.149.155.107 - - [16/Jun/2004:12:12:22 -0700] "GET /monkey.gif HTTP/1.1" 200 20713 "http://phunny.drghetto.com/" "Mozilla/4.0 (compatible; MSIE 5.0; Windows 98; DigExt; (R1 1.5))"
80.221.100.158 - - [16/Jun/2004:12:12:25 -0700] "GET /linux.jpg HTTP/1.1" 200 45611 "-" "Mozilla/4.0 (compatible; MSIE 6.0; Windows NT 5.1; .NET CLR 1.1.4322)"
212.149.155.107 - - [16/Jun/2004:12:12:27 -0700] "GET /monkey.jpg HTTP/1.1" 200 13711 "http://phunny.drghetto.com/" "Mozilla/4.0 (compatible; MSIE 5.0; Windows 98; DigExt; (R1 1.5))"
212.149.155.107 - - [16/Jun/2004:12:12:42 -0700] "GET /nooooo!.jpg HTTP/1.1" 200 118408 "http://phunny.drghetto.com/" "Mozilla/4.0 (compatible; MSIE 5.0; Windows 98; DigExt; (R1 1.5))"
80.223.139.43 - - [16/Jun/2004:12:13:14 -0700] "GET /nooooo!.jpg HTTP/1.1" 200 118408 "-" "Mozilla/4.0 (compatible; MSIE 6.0; Windows NT 5.1)"
212.149.155.11 - - [16/Jun/2004:12:13:27 -0700] "GET /nooooo!.jpg HTTP/1.1" 200 118408 "-" "Mozilla/4.0 (compatible; MSIE 6.0; Windows NT 5.1)"
212.149.155.107 - - [16/Jun/2004:12:13:34 -0700] "GET /nutsac.gif HTTP/1.1" 200 27580 "http://phunny.drghetto.com/" "Mozilla/4.0 (compatible; MSIE 5.0; Windows 98; DigExt; (R1 1.5))"
212.149.155.107 - - [16/Jun/2004:12:13:40 -0700] "GET /osamarave.jpg HTTP/1.1" 200 61832 "http://phunny.drghetto.com/" "Mozilla/4.0 (compatible; MSIE 5.0; Windows 98; DigExt; (R1 1.5))"
80.221.100.158 - - [16/Jun/2004:12:13:59 -0700] "GET /nooooo!.jpg HTTP/1.1" 200 118408 "-" "Mozilla/4.0 (compatible; MSIE 6.0; Windows NT 5.1; .NET CLR 1.1.4322)"
212.149.155.107 - - [16/Jun/2004:12:14:18 -0700] "GET /priceless097_jpg.jpg HTTP/1.1" 200 30712 "http://phunny.drghetto.com/" "Mozilla/4.0 (compatible; MSIE 5.0; Windows 98; DigExt; (R1 1.5))"
212.149.155.107 - - [16/Jun/2004:12:14:39 -0700] "GET /qantas.jpg HTTP/1.1" 200 35270 "http://phunny.drghetto.com/" "Mozilla/4.0 (compatible; MSIE 5.0; Windows 98; DigExt; (R1 1.5))"
80.221.100.158 - - [16/Jun/2004:12:15:33 -0700] "GET /qantas.jpg HTTP/1.1" 200 35270 "-" "Mozilla/4.0 (compatible; MSIE 6.0; Windows NT 5.1; .NET CLR 1.1.4322)"
80.223.139.43 - - [16/Jun/2004:12:15:36 -0700] "GET /qantas.jpg HTTP/1.1" 200 35270 "-" "Mozilla/4.0 (compatible; MSIE 6.0; Windows NT 5.1)"
212.149.155.107 - - [16/Jun/2004:12:15:58 -0700] "GET /radiation.jpg HTTP/1.1" 200 206984 "http://phunny.drghetto.com/" "Mozilla/4.0 (compatible; MSIE 5.0; Windows 98; DigExt; (R1 1.5))"
212.149.136.204 - - [16/Jun/2004:12:16:06 -0700] "GET /hit-ctrl-A.jpg HTTP/1.1" 200 377385 "-" "Mozilla/4.0 (compatible; MSIE 6.0; Windows NT 5.1; .NET CLR 1.1.4322)"
212.149.155.107 - - [16/Jun/2004:12:16:13 -0700] "GET /ravenoe.gif HTTP/1.1" 200 7340 "http://phunny.drghetto.com/" "Mozilla/4.0 (compatible; MSIE 5.0; Windows 98; DigExt; (R1 1.5))"
212.149.155.107 - - [16/Jun/2004:12:16:30 -0700] "GET /raver.JPG HTTP/1.1" 200 96229 "http://phunny.drghetto.com/" "Mozilla/4.0 (compatible; MSIE 5.0; Windows 98; DigExt; (R1 1.5))"
212.149.155.107 - - [16/Jun/2004:12:16:41 -0700] "GET /remote.jpg HTTP/1.1" 200 48259 "http://phunny.drghetto.com/" "Mozilla/4.0 (compatible; MSIE 5.0; Windows 98; DigExt; (R1 1.5))"
212.149.155.107 - - [16/Jun/2004:12:16:53 -0700] "GET /retarded.jpg HTTP/1.1" 200 37603 "http://phunny.drghetto.com/" "Mozilla/4.0 (compatible; MSIE 5.0; Windows 98; DigExt; (R1 1.5))"
212.149.155.107 - - [16/Jun/2004:12:17:01 -0700] "GET /riaa.jpg HTTP/1.1" 200 98264 "http://phunny.drghetto.com/" "Mozilla/4.0 (compatible; MSIE 5.0; Windows 98; DigExt; (R1 1.5))"
212.149.155.11 - - [16/Jun/2004:12:17:12 -0700] "GET /70756.jpg HTTP/1.1" 200 24647 "-" "Mozilla/4.0 (compatible; MSIE 6.0; Windows NT 5.1)"
212.149.136.204 - - [16/Jun/2004:12:17:18 -0700] "GET /70756.jpg HTTP/1.1" 200 24647 "-" "Mozilla/4.0 (compatible; MSIE 6.0; Windows NT 5.1; .NET CLR 1.1.4322)"
212.149.155.11 - - [16/Jun/2004:12:17:36 -0700] "GET /riaa.jpg HTTP/1.1" 200 98264 "-" "Mozilla/4.0 (compatible; MSIE 6.0; Windows NT 5.1)"
212.149.155.107 - - [16/Jun/2004:12:17:45 -0700] "GET /richie2.jpg HTTP/1.1" 200 9887 "http://phunny.drghetto.com/" "Mozilla/4.0 (compatible; MSIE 5.0; Windows 98; DigExt; (R1 1.5))"
212.149.155.11 - - [16/Jun/2004:12:17:46 -0700] "GET /70756.jpg HTTP/1.1" 304 - "-" "Mozilla/4.0 (compatible; MSIE 6.0; Windows NT 5.1)"
80.221.100.158 - - [16/Jun/2004:12:17:46 -0700] "GET /riaa.jpg HTTP/1.1" 200 98264 "-" "Mozilla/4.0 (compatible; MSIE 6.0; Windows NT 5.1; .NET CLR 1.1.4322)"
212.149.136.204 - - [16/Jun/2004:12:17:47 -0700] "GET /riaa.jpg HTTP/1.1" 200 98264 "-" "Mozilla/4.0 (compatible; MSIE 6.0; Windows NT 5.1; .NET CLR 1.1.4322)"
212.149.155.107 - - [16/Jun/2004:12:17:50 -0700] "GET /rollover_4.gif HTTP/1.1" 200 2798 "http://phunny.drghetto.com/" "Mozilla/4.0 (compatible; MSIE 5.0; Windows 98; DigExt; (R1 1.5))"
212.149.155.107 - - [16/Jun/2004:12:17:55 -0700] "GET /saddam_mobilescuds.jpg HTTP/1.1" 200 27119 "http://phunny.drghetto.com/" "Mozilla/4.0 (compatible; MSIE 5.0; Windows 98; DigExt; (R1 1.5))"
212.149.155.107 - - [16/Jun/2004:12:18:03 -0700] "GET /seb.jpg HTTP/1.1" 200 36815 "http://phunny.drghetto.com/" "Mozilla/4.0 (compatible; MSIE 5.0; Windows 98; DigExt; (R1 1.5))"
212.149.155.107 - - [16/Jun/2004:12:18:12 -0700] "GET /self_confidence.jpg HTTP/1.1" 200 36409 "http://phunny.drghetto.com/" "Mozilla/4.0 (compatible; MSIE 5.0; Windows 98; DigExt; (R1 1.5))"
212.149.155.107 - - [16/Jun/2004:12:18:17 -0700] "GET /sesamstraat.jpg HTTP/1.1" 200 52040 "http://phunny.drghetto.com/" "Mozilla/4.0 (compatible; MSIE 5.0; Windows 98; DigExt; (R1 1.5))"
212.149.155.11 - - [16/Jun/2004:12:18:33 -0700] "GET /sesamstraat.jpg HTTP/1.1" 200 52040 "-" "Mozilla/4.0 (compatible; MSIE 6.0; Windows NT 5.1)"
212.149.155.107 - - [16/Jun/2004:12:18:40 -0700] "GET /smogcheck.jpg HTTP/1.1" 200 47851 "http://phunny.drghetto.com/" "Mozilla/4.0 (compatible; MSIE 5.0; Windows 98; DigExt; (R1 1.5))"
