24.9.56.106 - - [17/Jun/2004:08:38:57 -0700] "GET /ravenoe.gif HTTP/1.1" 200 7340 "http://phunny.drghetto.com/" "Mozilla/4.0 (compatible; MSIE 6.0; Windows NT 5.1)"
24.9.56.106 - - [17/Jun/2004:08:39:02 -0700] "GET /riaa.jpg HTTP/1.1" 200 98264 "http://phunny.drghetto.com/" "Mozilla/4.0 (compatible; MSIE 6.0; Windows NT 5.1)"
65.54.164.113 - - [17/Jun/2004:08:39:03 -0700] "GET /blah/ HTTP/1.0" 200 45505 "-" "msnbot/0.11 (+http://search.msn.com/msnbot.htm)"
24.9.56.106 - - [17/Jun/2004:08:39:06 -0700] "GET /self_confidence.jpg HTTP/1.1" 200 36409 "http://phunny.drghetto.com/" "Mozilla/4.0 (compatible; MSIE 6.0; Windows NT 5.1)"
24.9.56.106 - - [17/Jun/2004:08:39:09 -0700] "GET /seb.jpg HTTP/1.1" 200 36815 "http://phunny.drghetto.com/" "Mozilla/4.0 (compatible; MSIE 6.0; Windows NT 5.1)"
24.9.56.106 - - [17/Jun/2004:08:39:21 -0700] "GET /rollover_4.gif HTTP/1.1" 200 2798 "http://phunny.drghetto.com/" "Mozilla/4.0 (compatible; MSIE 6.0; Windows NT 5.1)"
24.9.56.106 - - [17/Jun/2004:08:39:24 -0700] "GET /richie2.jpg HTTP/1.1" 200 9887 "http://phunny.drghetto.com/" "Mozilla/4.0 (compatible; MSIE 6.0; Windows NT 5.1)"
24.9.56.106 - - [17/Jun/2004:08:39:27 -0700] "GET /sesamstraat.jpg HTTP/1.1" 200 52040 "http://phunny.drghetto.com/" "Mozilla/4.0 (compatible; MSIE 6.0; Windows NT 5.1)"
24.9.56.106 - - [17/Jun/2004:08:39:34 -0700] "GET /tokyo_breakfast_show.asf HTTP/1.1" 200 50612 "http://phunny.drghetto.com/" "Mozilla/4.0 (compatible; MSIE 6.0; Windows NT 5.1)"
24.9.56.106 - - [17/Jun/2004:08:40:34 -0700] "GET /tokyo_breakfast_show.asf HTTP/1.1" 206 13860587 "-" "NSPlayer/9.0.0.2980 WMFSDK/9.0"
65.216.16.200 - - [17/Jun/2004:08:42:16 -0700] "GET /icons/blank.gif HTTP/1.1" 200 148 "http://phunny.drghetto.com/" "Mozilla/4.0 (compatible; MSIE 6.0; Windows NT 5.1; .NET CLR 1.0.3705; .NET CLR 1.1.4322)"
65.216.16.200 - - [17/Jun/2004:08:42:16 -0700] "GET / HTTP/1.1" 200 30727 "-" "Mozilla/4.0 (compatible; MSIE 6.0; Windows NT 5.1; .NET CLR 1.0.3705; .NET CLR 1.1.4322)"
65.216.16.200 - - [17/Jun/2004:08:42:16 -0700] "GET /icons/back.gif HTTP/1.1" 200 216 "http://phunny.drghetto.com/" "Mozilla/4.0 (compatible; MSIE 6.0; Windows NT 5.1; .NET CLR 1.0.3705; .NET CLR 1.1.4322)"
65.216.16.200 - - [17/Jun/2004:08:42:16 -0700] "GET /icons/movie.gif HTTP/1.1" 200 243 "http://phunny.drghetto.com/" "Mozilla/4.0 (compatible; MSIE 6.0; Windows NT 5.1; .NET CLR 1.0.3705; .NET CLR 1.1.4322)"
65.216.16.200 - - [17/Jun/2004:08:42:16 -0700] "GET /icons/image2.gif HTTP/1.1" 200 309 "http://phunny.drghetto.com/" "Mozilla/4.0 (compatible; MSIE 6.0; Windows NT 5.1; .NET CLR 1.0.3705; .NET CLR 1.1.4322)"
65.216.16.200 - - [17/Jun/2004:08:42:16 -0700] "GET /icons/unknown.gif HTTP/1.1" 200 245 "http://phunny.drghetto.com/" "Mozilla/4.0 (compatible; MSIE 6.0; Windows NT 5.1; .NET CLR 1.0.3705; .NET CLR 1.1.4322)"
65.216.16.200 - - [17/Jun/2004:08:42:17 -0700] "GET /icons/sound2.gif HTTP/1.1" 200 221 "http://phunny.drghetto.com/" "Mozilla/4.0 (compatible; MSIE 6.0; Windows NT 5.1; .NET CLR 1.0.3705; .NET CLR 1.1.4322)"
65.216.16.200 - - [17/Jun/2004:08:42:17 -0700] "GET /icons/folder.gif HTTP/1.1" 200 225 "http://phunny.drghetto.com/" "Mozilla/4.0 (compatible; MSIE 6.0; Windows NT 5.1; .NET CLR 1.0.3705; .NET CLR 1.1.4322)"
65.216.16.200 - - [17/Jun/2004:08:42:22 -0700] "GET /abnormalcy-1043712735.jpg HTTP/1.1" 200 0 "http://phunny.drghetto.com/" "Mozilla/4.0 (compatible; MSIE 6.0; Windows NT 5.1; .NET CLR 1.0.3705; .NET CLR 1.1.4322)"
65.216.16.200 - - [17/Jun/2004:08:42:24 -0700] "GET /beaver2.jpg HTTP/1.1" 200 75877 "http://phunny.drghetto.com/" "Mozilla/4.0 (compatible; MSIE 6.0; Windows NT 5.1; .NET CLR 1.0.3705; .NET CLR 1.1.4322)"
65.216.16.200 - - [17/Jun/2004:08:42:33 -0700] "GET /dilema.jpg HTTP/1.1" 200 46518 "http://phunny.drghetto.com/" "Mozilla/4.0 (compatible; MSIE 6.0; Windows NT 5.1; .NET CLR 1.0.3705; .NET CLR 1.1.4322)"
65.216.16.200 - - [17/Jun/2004:08:42:43 -0700] "GET /her_motorcycle.jpg HTTP/1.1" 200 58453 "http://phunny.drghetto.com/" "Mozilla/4.0 (compatible; MSIE 6.0; Windows NT 5.1; .NET CLR 1.0.3705; .NET CLR 1.1.4322)"
65.216.16.200 - - [17/Jun/2004:08:43:04 -0700] "GET /retarded.jpg HTTP/1.1" 200 37603 "http://phunny.drghetto.com/" "Mozilla/4.0 (compatible; MSIE 6.0; Windows NT 5.1; .NET CLR 1.0.3705; .NET CLR 1.1.4322)"
65.216.16.200 - - [17/Jun/2004:08:43:12 -0700] "GET /priceless097_jpg.jpg HTTP/1.1" 200 30712 "http://phunny.drghetto.com/" "Mozilla/4.0 (compatible; MSIE 6.0; Windows NT 5.1; .NET CLR 1.0.3705; .NET CLR 1.1.4322)"
65.216.16.200 - - [17/Jun/2004:08:43:29 -0700] "GET /kyrkskylt.jpg HTTP/1.1" 200 24114 "http://phunny.drghetto.com/" "Mozilla/4.0 (compatible; MSIE 6.0; Windows NT 5.1; .NET CLR 1.0.3705; .NET CLR 1.1.4322)"
24.9.56.106 - - [17/Jun/2004:08:46:13 -0700] "GET /wierdantics.jpg HTTP/1.1" 200 88169 "http://phunny.drghetto.com/" "Mozilla/4.0 (compatible; MSIE 6.0; Windows NT 5.1)"
24.9.56.106 - - [17/Jun/2004:08:46:17 -0700] "GET /whoslineanyway.jpg HTTP/1.1" 200 70269 "http://phunny.drghetto.com/" "Mozilla/4.0 (compatible; MSIE 6.0; Windows NT 5.1)"
24.9.56.106 - - [17/Jun/2004:08:46:21 -0700] "GET /weird021.jpg HTTP/1.1" 200 59367 "http://phunny.drghetto.com/" "Mozilla/4.0 (compatible; MSIE 6.0; Windows NT 5.1)"
65.54.164.113 - - [17/Jun/2004:08:46:22 -0700] "GET /?M=A HTTP/1.0" 200 30660 "-" "msnbot/0.11 (+http://search.msn.com/msnbot.htm)"
65.216.16.200 - - [17/Jun/2004:08:46:31 -0700] "GET /grocery_store_kid_no_candy_1.avi HTTP/1.1" 200 765056 "http://phunny.drghetto.com/" "Mozilla/4.0 (compatible; MSIE 6.0; Windows NT 5.1; .NET CLR 1.0.3705; .NET CLR 1.1.4322)"
65.216.16.200 - - [17/Jun/2004:08:46:40 -0700] "GET /grocery_store_kid_no_candy_1.avi HTTP/1.1" 206 1290820 "-" "Mozilla/4.0 (compatible; MSIE 6.0; Windows NT 5.1; .NET CLR 1.0.3705; .NET CLR 1.1.4322)"
209.114.92.138 - - [17/Jun/2004:08:47:12 -0700] "GET / HTTP/1.1" 200 30727 "http://www.google.com/search?hl=en&ie=UTF-8&q=shalom.mpg" "Mozilla/4.0 (compatible; MSIE 5.5; Windows NT 5.0)"
209.114.92.138 - - [17/Jun/2004:08:47:12 -0700] "GET /icons/blank.gif HTTP/1.1" 200 148 "http://phunny.drghetto.com/" "Mozilla/4.0 (compatible; MSIE 5.5; Windows NT 5.0)"
209.114.92.138 - - [17/Jun/2004:08:47:12 -0700] "GET /icons/back.gif HTTP/1.1" 200 216 "http://phunny.drghetto.com/" "Mozilla/4.0 (compatible; MSIE 5.5; Windows NT 5.0)"
209.114.92.138 - - [17/Jun/2004:08:47:13 -0700] "GET /icons/movie.gif HTTP/1.1" 200 243 "http://phunny.drghetto.com/" "Mozilla/4.0 (compatible; MSIE 5.5; Windows NT 5.0)"
209.114.92.138 - - [17/Jun/2004:08:47:13 -0700] "GET /icons/image2.gif HTTP/1.1" 200 309 "http://phunny.drghetto.com/" "Mozilla/4.0 (compatible; MSIE 5.5; Windows NT 5.0)"
209.114.92.138 - - [17/Jun/2004:08:47:13 -0700] "GET /icons/sound2.gif HTTP/1.1" 200 221 "http://phunny.drghetto.com/" "Mozilla/4.0 (compatible; MSIE 5.5; Windows NT 5.0)"
209.114.92.138 - - [17/Jun/2004:08:47:13 -0700] "GET /icons/unknown.gif HTTP/1.1" 200 245 "http://phunny.drghetto.com/" "Mozilla/4.0 (compatible; MSIE 5.5; Windows NT 5.0)"
209.114.92.138 - - [17/Jun/2004:08:47:13 -0700] "GET /icons/folder.gif HTTP/1.1" 200 225 "http://phunny.drghetto.com/" "Mozilla/4.0 (compatible; MSIE 5.5; Windows NT 5.0)"
24.9.56.106 - - [17/Jun/2004:08:47:36 -0700] "GET /whatapredicament.jpg HTTP/1.1" 200 36216 "http://phunny.drghetto.com/" "Mozilla/4.0 (compatible; MSIE 6.0; Windows NT 5.1)"
24.9.56.106 - - [17/Jun/2004:08:47:39 -0700] "GET /whoops.jpg HTTP/1.1" 200 58576 "http://phunny.drghetto.com/" "Mozilla/4.0 (compatible; MSIE 6.0; Windows NT 5.1)"
65.216.16.200 - - [17/Jun/2004:08:47:39 -0700] "GET /girls.jpg HTTP/1.1" 200 24416 "http://phunny.drghetto.com/" "Mozilla/4.0 (compatible; MSIE 6.0; Windows NT 5.1; .NET CLR 1.0.3705; .NET CLR 1.1.4322)"
24.9.56.106 - - [17/Jun/2004:08:47:44 -0700] "GET /wedding.jpg HTTP/1.1" 200 259167 "http://phunny.drghetto.com/" "Mozilla/4.0 (compatible; MSIE 6.0; Windows NT 5.1)"
209.114.92.138 - - [17/Jun/2004:08:47:50 -0700] "GET /budweiser%20-%20wazzup%20(shalom).mpg HTTP/1.1" 200 4203965 "http://phunny.drghetto.com/" "Mozilla/4.0 (compatible; MSIE 5.5; Windows NT 5.0)"
209.114.92.138 - - [17/Jun/2004:08:49:35 -0700] "GET /384033.1.jpg HTTP/1.1" 200 63822 "http://phunny.drghetto.com/" "Mozilla/4.0 (compatible; MSIE 5.5; Windows NT 5.0)"
209.114.92.138 - - [17/Jun/2004:08:49:37 -0700] "GET /icons/blank.gif HTTP/1.1" 304 - "http://phunny.drghetto.com/" "Mozilla/4.0 (compatible; MSIE 5.5; Windows NT 5.0)"
209.114.92.138 - - [17/Jun/2004:08:49:37 -0700] "GET /icons/back.gif HTTP/1.1" 304 - "http://phunny.drghetto.com/" "Mozilla/4.0 (compatible; MSIE 5.5; Windows NT 5.0)"
209.114.92.138 - - [17/Jun/2004:08:49:37 -0700] "GET / HTTP/1.1" 200 30727 "http://www.google.com/search?hl=en&ie=UTF-8&q=shalom.mpg" "Mozilla/4.0 (compatible; MSIE 5.5; Windows NT 5.0)"
209.114.92.138 - - [17/Jun/2004:08:49:37 -0700] "GET /icons/movie.gif HTTP/1.1" 304 - "http://phunny.drghetto.com/" "Mozilla/4.0 (compatible; MSIE 5.5; Windows NT 5.0)"
209.114.92.138 - - [17/Jun/2004:08:49:37 -0700] "GET /icons/image2.gif HTTP/1.1" 304 - "http://phunny.drghetto.com/" "Mozilla/4.0 (compatible; MSIE 5.5; Windows NT 5.0)"
209.114.92.138 - - [17/Jun/2004:08:49:37 -0700] "GET /icons/unknown.gif HTTP/1.1" 304 - "http://phunny.drghetto.com/" "Mozilla/4.0 (compatible; MSIE 5.5; Windows NT 5.0)"
209.114.92.138 - - [17/Jun/2004:08:49:37 -0700] "GET /icons/sound2.gif HTTP/1.1" 304 - "http://phunny.drghetto.com/" "Mozilla/4.0 (compatible; MSIE 5.5; Windows NT 5.0)"
209.114.92.138 - - [17/Jun/2004:08:49:37 -0700] "GET /icons/folder.gif HTTP/1.1" 304 - "http://phunny.drghetto.com/" "Mozilla/4.0 (compatible; MSIE 5.5; Windows NT 5.0)"
209.114.92.138 - - [17/Jun/2004:08:50:14 -0700] "GET /Eric.avi HTTP/1.1" 200 3188688 "http://phunny.drghetto.com/" "Mozilla/4.0 (compatible; MSIE 5.5; Windows NT 5.0)"
209.114.92.138 - - [17/Jun/2004:08:51:05 -0700] "GET /priceless097_jpg.jpg HTTP/1.1" 200 30712 "http://phunny.drghetto.com/" "Mozilla/4.0 (compatible; MSIE 5.5; Windows NT 5.0)"
209.114.92.138 - - [17/Jun/2004:08:51:21 -0700] "GET / HTTP/1.1" 200 30727 "http://www.google.com/search?hl=en&ie=UTF-8&q=shalom.mpg" "Mozilla/4.0 (compatible; MSIE 5.5; Windows NT 5.0)"
209.114.92.138 - - [17/Jun/2004:08:51:21 -0700] "GET /icons/blank.gif HTTP/1.1" 304 - "http://phunny.drghetto.com/" "Mozilla/4.0 (compatible; MSIE 5.5; Windows NT 5.0)"
209.114.92.138 - - [17/Jun/2004:08:51:21 -0700] "GET /icons/back.gif HTTP/1.1" 304 - "http://phunny.drghetto.com/" "Mozilla/4.0 (compatible; MSIE 5.5; Windows NT 5.0)"
209.114.92.138 - - [17/Jun/2004:08:51:21 -0700] "GET /icons/movie.gif HTTP/1.1" 304 - "http://phunny.drghetto.com/" "Mozilla/4.0 (compatible; MSIE 5.5; Windows NT 5.0)"
209.114.92.138 - - [17/Jun/2004:08:51:21 -0700] "GET /icons/image2.gif HTTP/1.1" 304 - "http://phunny.drghetto.com/" "Mozilla/4.0 (compatible; MSIE 5.5; Windows NT 5.0)"
209.114.92.138 - - [17/Jun/2004:08:51:22 -0700] "GET /icons/unknown.gif HTTP/1.1" 304 - "http://phunny.drghetto.com/" "Mozilla/4.0 (compatible; MSIE 5.5; Windows NT 5.0)"
209.114.92.138 - - [17/Jun/2004:08:51:22 -0700] "GET /icons/sound2.gif HTTP/1.1" 304 - "http://phunny.drghetto.com/" "Mozilla/4.0 (compatible; MSIE 5.5; Windows NT 5.0)"
209.114.92.138 - - [17/Jun/2004:08:51:22 -0700] "GET /icons/folder.gif HTTP/1.1" 304 - "http://phunny.drghetto.com/" "Mozilla/4.0 (compatible; MSIE 5.5; Windows NT 5.0)"
209.114.92.138 - - [17/Jun/2004:08:51:31 -0700] "GET /tokyo_breakfast_show.asf HTTP/1.1" 200 28356 "http://phunny.drghetto.com/" "Mozilla/4.0 (compatible; MSIE 5.5; Windows NT 5.0)"
209.114.92.138 - - [17/Jun/2004:08:51:37 -0700] "GET /tokyo_breakfast_show.asf HTTP/1.1" 206 28553 "-" "Mozilla/4.0 (compatible; MSIE 5.5; Windows NT 5.0)"
209.114.92.138 - - [17/Jun/2004:08:52:20 -0700] "GET /blowup.mpg HTTP/1.1" 200 15572992 "http://phunny.drghetto.com/" "Mozilla/4.0 (compatible; MSIE 5.5; Windows NT 5.0)"
209.114.92.138 - - [17/Jun/2004:08:52:21 -0700] "GET /blah/ HTTP/1.1" 200 45594 "http://phunny.drghetto.com/" "Mozilla/4.0 (compatible; MSIE 5.5; Windows NT 5.0)"
209.114.92.138 - - [17/Jun/2004:08:52:21 -0700] "GET /icons/blank.gif HTTP/1.1" 304 - "http://phunny.drghetto.com/blah/" "Mozilla/4.0 (compatible; MSIE 5.5; Windows NT 5.0)"
209.114.92.138 - - [17/Jun/2004:08:52:21 -0700] "GET /icons/back.gif HTTP/1.1" 304 - "http://phunny.drghetto.com/blah/" "Mozilla/4.0 (compatible; MSIE 5.5; Windows NT 5.0)"
209.114.92.138 - - [17/Jun/2004:08:52:21 -0700] "GET /icons/image2.gif HTTP/1.1" 304 - "http://phunny.drghetto.com/blah/" "Mozilla/4.0 (compatible; MSIE 5.5; Windows NT 5.0)"
209.114.92.138 - - [17/Jun/2004:08:52:22 -0700] "GET /icons/unknown.gif HTTP/1.1" 304 - "http://phunny.drghetto.com/blah/" "Mozilla/4.0 (compatible; MSIE 5.5; Windows NT 5.0)"
209.114.92.138 - - [17/Jun/2004:08:52:22 -0700] "GET /icons/sound2.gif HTTP/1.1" 304 - "http://phunny.drghetto.com/blah/" "Mozilla/4.0 (compatible; MSIE 5.5; Windows NT 5.0)"
209.114.92.138 - - [17/Jun/2004:08:52:22 -0700] "GET /icons/compressed.gif HTTP/1.1" 200 1038 "http://phunny.drghetto.com/blah/" "Mozilla/4.0 (compatible; MSIE 5.5; Windows NT 5.0)"
209.114.92.138 - - [17/Jun/2004:08:52:43 -0700] "GET /blah/Adam_Eve.jpg HTTP/1.1" 200 32959 "http://phunny.drghetto.com/blah/" "Mozilla/4.0 (compatible; MSIE 5.5; Windows NT 5.0)"
209.114.92.138 - - [17/Jun/2004:08:52:53 -0700] "GET /blah/DIRTYJ10.jpg HTTP/1.1" 200 17082 "http://phunny.drghetto.com/blah/" "Mozilla/4.0 (compatible; MSIE 5.5; Windows NT 5.0)"
209.114.92.138 - - [17/Jun/2004:08:53:01 -0700] "GET /blah/Bodypaint_SILVER.jpg HTTP/1.1" 200 59694 "http://phunny.drghetto.com/blah/" "Mozilla/4.0 (compatible; MSIE 5.5; Windows NT 5.0)"
209.114.92.138 - - [17/Jun/2004:08:53:07 -0700] "GET /blah/Bodypaint_4PAINT~1.jpg HTTP/1.1" 200 69178 "http://phunny.drghetto.com/blah/" "Mozilla/4.0 (compatible; MSIE 5.5; Windows NT 5.0)"
65.54.164.113 - - [17/Jun/2004:08:53:10 -0700] "GET /_vti_cnf/ HTTP/1.0" 200 12316 "-" "msnbot/0.11 (+http://search.msn.com/msnbot.htm)"
209.114.92.138 - - [17/Jun/2004:08:53:19 -0700] "GET /tokyo_breakfast_show.asf HTTP/1.1" 206 13869114 "-" "Mozilla/4.0 (compatible; MSIE 5.5; Windows NT 5.0)"
209.114.92.138 - - [17/Jun/2004:08:53:37 -0700] "GET /blah/Bodypaint_CHEETA~1.jpg HTTP/1.1" 200 56081 "http://phunny.drghetto.com/blah/" "Mozilla/4.0 (compatible; MSIE 5.5; Windows NT 5.0)"
209.114.92.138 - - [17/Jun/2004:08:55:15 -0700] "GET /blah/Bodypaint_GREEN.jpg HTTP/1.1" 200 63769 "http://phunny.drghetto.com/blah/" "Mozilla/4.0 (compatible; MSIE 5.5; Windows NT 5.0)"
209.114.92.138 - - [17/Jun/2004:08:55:28 -0700] "GET /blah/Bodypaint_MYSTIQUE.jpg HTTP/1.1" 200 59489 "http://phunny.drghetto.com/blah/" "Mozilla/4.0 (compatible; MSIE 5.5; Windows NT 5.0)"
209.114.92.138 - - [17/Jun/2004:08:58:28 -0700] "GET /blah/Bodypaint_TRIPLETS.jpg HTTP/1.1" 200 60284 "http://phunny.drghetto.com/blah/" "Mozilla/4.0 (compatible; MSIE 5.5; Windows NT 5.0)"
209.114.92.138 - - [17/Jun/2004:08:58:44 -0700] "GET /blah/Eight%20Reasons%20to%20Love%20Summer.jpg HTTP/1.1" 200 56847 "http://phunny.drghetto.com/blah/" "Mozilla/4.0 (compatible; MSIE 5.5; Windows NT 5.0)"
209.114.92.138 - - [17/Jun/2004:08:59:12 -0700] "GET /blah/Holiday%20Baking.jpg HTTP/1.1" 200 74642 "http://phunny.drghetto.com/blah/" "Mozilla/4.0 (compatible; MSIE 5.5; Windows NT 5.0)"
209.114.92.138 - - [17/Jun/2004:08:59:20 -0700] "GET /blah/NATURALE.jpg HTTP/1.1" 200 14890 "http://phunny.drghetto.com/blah/" "Mozilla/4.0 (compatible; MSIE 5.5; Windows NT 5.0)"
209.114.92.138 - - [17/Jun/2004:08:59:23 -0700] "GET /blah/NATURALE5.jpg HTTP/1.1" 200 36398 "http://phunny.drghetto.com/blah/" "Mozilla/4.0 (compatible; MSIE 5.5; Windows NT 5.0)"
209.114.92.138 - - [17/Jun/2004:08:59:33 -0700] "GET /blah/Shirt1.jpg HTTP/1.1" 200 7735 "http://phunny.drghetto.com/blah/" "Mozilla/4.0 (compatible; MSIE 5.5; Windows NT 5.0)"
209.114.92.138 - - [17/Jun/2004:08:59:37 -0700] "GET /blah/Slide12.JPG HTTP/1.1" 200 32850 "http://phunny.drghetto.com/blah/" "Mozilla/4.0 (compatible; MSIE 5.5; Windows NT 5.0)"
209.114.92.138 - - [17/Jun/2004:08:59:48 -0700] "GET / HTTP/1.1" 200 30727 "http://www.google.com/search?hl=en&ie=UTF-8&q=shalom.mpg" "Mozilla/4.0 (compatible; MSIE 5.5; Windows NT 5.0)"
209.114.92.138 - - [17/Jun/2004:08:59:48 -0700] "GET /icons/movie.gif HTTP/1.1" 304 - "http://phunny.drghetto.com/" "Mozilla/4.0 (compatible; MSIE 5.5; Windows NT 5.0)"
209.114.92.138 - - [17/Jun/2004:08:59:48 -0700] "GET /icons/folder.gif HTTP/1.1" 304 - "http://phunny.drghetto.com/" "Mozilla/4.0 (compatible; MSIE 5.5; Windows NT 5.0)"
65.54.164.113 - - [17/Jun/2004:09:00:02 -0700] "GET /grocery_store_kid_no_candy_1.avi HTTP/1.0" 200 27409 "-" "msnbot/0.11 (+http://search.msn.com/msnbot.htm)"
209.114.92.138 - - [17/Jun/2004:09:01:04 -0700] "GET /_vti_cnf/ HTTP/1.1" 200 12355 "http://phunny.drghetto.com/" "Mozilla/4.0 (compatible; MSIE 5.5; Windows NT 5.0)"
209.114.92.138 - - [17/Jun/2004:09:01:07 -0700] "GET /_vti_cnf/Power.jpg HTTP/1.1" 200 239 "http://phunny.drghetto.com/_vti_cnf/" "Mozilla/4.0 (compatible; MSIE 5.5; Windows NT 5.0)"
209.114.92.138 - - [17/Jun/2004:09:01:11 -0700] "GET /_vti_cnf/BZP4.jpg HTTP/1.1" 200 240 "http://phunny.drghetto.com/_vti_cnf/" "Mozilla/4.0 (compatible; MSIE 5.5; Windows NT 5.0)"
209.114.92.138 - - [17/Jun/2004:09:01:18 -0700] "GET /_vti_cnf/57629.jpg HTTP/1.1" 200 239 "http://phunny.drghetto.com/_vti_cnf/" "Mozilla/4.0 (compatible; MSIE 5.5; Windows NT 5.0)"
209.114.92.138 - - [17/Jun/2004:09:01:25 -0700] "GET /_vti_cnf/tercel_xwing.jpg HTTP/1.1" 200 239 "http://phunny.drghetto.com/_vti_cnf/" "Mozilla/4.0 (compatible; MSIE 5.5; Windows NT 5.0)"
209.114.92.138 - - [17/Jun/2004:09:01:38 -0700] "GET / HTTP/1.1" 200 30727 "http://phunny.drghetto.com/" "Mozilla/4.0 (compatible; MSIE 5.5; Windows NT 5.0)"
209.114.92.138 - - [17/Jun/2004:09:01:44 -0700] "GET / HTTP/1.1" 200 30727 "http://phunny.drghetto.com/" "Mozilla/4.0 (compatible; MSIE 5.5; Windows NT 5.0)"
209.114.92.138 - - [17/Jun/2004:09:01:48 -0700] "GET /Kabul-Forcast.jpg HTTP/1.1" 200 96421 "http://phunny.drghetto.com/" "Mozilla/4.0 (compatible; MSIE 5.5; Windows NT 5.0)"
209.114.92.138 - - [17/Jun/2004:09:02:20 -0700] "GET /Kitty.jpg HTTP/1.1" 200 26867 "http://phunny.drghetto.com/" "Mozilla/4.0 (compatible; MSIE 5.5; Windows NT 5.0)"
209.114.92.138 - - [17/Jun/2004:09:02:32 -0700] "GET /MSLili01.jpeg HTTP/1.1" 200 126024 "http://phunny.drghetto.com/" "Mozilla/4.0 (compatible; MSIE 5.5; Windows NT 5.0)"
209.114.92.138 - - [17/Jun/2004:09:02:53 -0700] "GET /McD'S.jpg HTTP/1.1" 200 167571 "http://phunny.drghetto.com/" "Mozilla/4.0 (compatible; MSIE 5.5; Windows NT 5.0)"
209.114.92.138 - - [17/Jun/2004:09:02:59 -0700] "GET /Power.jpg HTTP/1.1" 200 37264 "http://phunny.drghetto.com/" "Mozilla/4.0 (compatible; MSIE 5.5; Windows NT 5.0)"
209.114.92.138 - - [17/Jun/2004:09:03:06 -0700] "GET /Santa_Drunk.jpg HTTP/1.1" 200 44875 "http://phunny.drghetto.com/" "Mozilla/4.0 (compatible; MSIE 5.5; Windows NT 5.0)"
209.114.92.138 - - [17/Jun/2004:09:03:14 -0700] "GET /Trucker.jpg HTTP/1.1" 200 30072 "http://phunny.drghetto.com/" "Mozilla/4.0 (compatible; MSIE 5.5; Windows NT 5.0)"
209.114.92.138 - - [17/Jun/2004:09:03:20 -0700] "GET /WomanDrivers1.jpg HTTP/1.1" 200 49553 "http://phunny.drghetto.com/" "Mozilla/4.0 (compatible; MSIE 5.5; Windows NT 5.0)"
209.114.92.138 - - [17/Jun/2004:09:03:34 -0700] "GET /a3fSJake.jpg HTTP/1.1" 200 5971 "http://phunny.drghetto.com/" "Mozilla/4.0 (compatible; MSIE 5.5; Windows NT 5.0)"
209.114.92.138 - - [17/Jun/2004:09:03:36 -0700] "GET /abnormalcy-1043712735.jpg HTTP/1.1" 200 0 "http://phunny.drghetto.com/" "Mozilla/4.0 (compatible; MSIE 5.5; Windows NT 5.0)"
209.114.92.138 - - [17/Jun/2004:09:03:39 -0700] "GET /alexisrules.gif HTTP/1.1" 200 28676 "http://phunny.drghetto.com/" "Mozilla/4.0 (compatible; MSIE 5.5; Windows NT 5.0)"
209.114.92.138 - - [17/Jun/2004:09:03:50 -0700] "GET /arkie_quarter.jpg HTTP/1.1" 200 46319 "http://phunny.drghetto.com/" "Mozilla/4.0 (compatible; MSIE 5.5; Windows NT 5.0)"
209.114.92.138 - - [17/Jun/2004:09:03:58 -0700] "GET /aytabtu_big.gif HTTP/1.1" 200 125646 "http://phunny.drghetto.com/" "Mozilla/4.0 (compatible; MSIE 5.5; Windows NT 5.0)"
209.114.92.138 - - [17/Jun/2004:09:04:08 -0700] "GET /binladen.jpg HTTP/1.1" 200 88953 "http://phunny.drghetto.com/" "Mozilla/4.0 (compatible; MSIE 5.5; Windows NT 5.0)"
65.216.16.200 - - [17/Jun/2004:09:05:26 -0700] "GET /icons/blank.gif HTTP/1.1" 304 - "http://phunny.drghetto.com/" "Mozilla/4.0 (compatible; MSIE 6.0; Windows NT 5.1; .NET CLR 1.0.3705; .NET CLR 1.1.4322)"
65.216.16.200 - - [17/Jun/2004:09:05:26 -0700] "GET /icons/back.gif HTTP/1.1" 304 - "http://phunny.drghetto.com/" "Mozilla/4.0 (compatible; MSIE 6.0; Windows NT 5.1; .NET CLR 1.0.3705; .NET CLR 1.1.4322)"
65.216.16.200 - - [17/Jun/2004:09:05:26 -0700] "GET /icons/movie.gif HTTP/1.1" 304 - "http://phunny.drghetto.com/" "Mozilla/4.0 (compatible; MSIE 6.0; Windows NT 5.1; .NET CLR 1.0.3705; .NET CLR 1.1.4322)"
65.216.16.200 - - [17/Jun/2004:09:05:26 -0700] "GET /icons/image2.gif HTTP/1.1" 304 - "http://phunny.drghetto.com/" "Mozilla/4.0 (compatible; MSIE 6.0; Windows NT 5.1; .NET CLR 1.0.3705; .NET CLR 1.1.4322)"
65.216.16.200 - - [17/Jun/2004:09:05:26 -0700] "GET /icons/unknown.gif HTTP/1.1" 304 - "http://phunny.drghetto.com/" "Mozilla/4.0 (compatible; MSIE 6.0; Windows NT 5.1; .NET CLR 1.0.3705; .NET CLR 1.1.4322)"
65.216.16.200 - - [17/Jun/2004:09:05:26 -0700] "GET /icons/sound2.gif HTTP/1.1" 304 - "http://phunny.drghetto.com/" "Mozilla/4.0 (compatible; MSIE 6.0; Windows NT 5.1; .NET CLR 1.0.3705; .NET CLR 1.1.4322)"
65.216.16.200 - - [17/Jun/2004:09:05:26 -0700] "GET /icons/folder.gif HTTP/1.1" 304 - "http://phunny.drghetto.com/" "Mozilla/4.0 (compatible; MSIE 6.0; Windows NT 5.1; .NET CLR 1.0.3705; .NET CLR 1.1.4322)"
65.216.16.200 - - [17/Jun/2004:09:05:26 -0700] "GET / HTTP/1.1" 200 30727 "-" "Mozilla/4.0 (compatible; MSIE 6.0; Windows NT 5.1; .NET CLR 1.0.3705; .NET CLR 1.1.4322)"
209.114.92.138 - - [17/Jun/2004:09:05:27 -0700] "GET /deer.jpg HTTP/1.1" 200 24224 "http://phunny.drghetto.com/" "Mozilla/4.0 (compatible; MSIE 5.5; Windows NT 5.0)"
65.216.16.200 - - [17/Jun/2004:09:05:29 -0700] "GET /hnsbig.jpg HTTP/1.1" 200 97637 "http://phunny.drghetto.com/" "Mozilla/4.0 (compatible; MSIE 6.0; Windows NT 5.1; .NET CLR 1.0.3705; .NET CLR 1.1.4322)"
209.114.92.138 - - [17/Jun/2004:09:05:34 -0700] "GET /blah/ HTTP/1.1" 200 45594 "http://phunny.drghetto.com/" "Mozilla/4.0 (compatible; MSIE 5.5; Windows NT 5.0)"
209.114.92.138 - - [17/Jun/2004:09:05:36 -0700] "GET /blah/Password1.jpg HTTP/1.1" 200 29615 "http://phunny.drghetto.com/blah/" "Mozilla/4.0 (compatible; MSIE 5.5; Windows NT 5.0)"
65.216.16.200 - - [17/Jun/2004:09:05:41 -0700] "GET /_vti_cnf/ HTTP/1.1" 200 12355 "http://phunny.drghetto.com/" "Mozilla/4.0 (compatible; MSIE 6.0; Windows NT 5.1; .NET CLR 1.0.3705; .NET CLR 1.1.4322)"
65.216.16.200 - - [17/Jun/2004:09:05:48 -0700] "GET /_vti_cnf/kidstoday.jpg HTTP/1.1" 200 239 "http://phunny.drghetto.com/_vti_cnf/" "Mozilla/4.0 (compatible; MSIE 6.0; Windows NT 5.1; .NET CLR 1.0.3705; .NET CLR 1.1.4322)"
209.114.92.138 - - [17/Jun/2004:09:05:50 -0700] "GET /blah/sexo_kamasutra.jpg HTTP/1.1" 200 135223 "http://phunny.drghetto.com/blah/" "Mozilla/4.0 (compatible; MSIE 5.5; Windows NT 5.0)"
65.216.16.200 - - [17/Jun/2004:09:05:52 -0700] "GET /_vti_cnf/kina.jpg HTTP/1.1" 200 239 "http://phunny.drghetto.com/_vti_cnf/" "Mozilla/4.0 (compatible; MSIE 6.0; Windows NT 5.1; .NET CLR 1.0.3705; .NET CLR 1.1.4322)"
209.114.92.138 - - [17/Jun/2004:09:06:02 -0700] "GET /blah/waov_bee.jpg HTTP/1.1" 200 123325 "http://phunny.drghetto.com/blah/" "Mozilla/4.0 (compatible; MSIE 5.5; Windows NT 5.0)"
209.114.92.138 - - [17/Jun/2004:09:06:08 -0700] "GET /blah/tywych03.jpg HTTP/1.1" 200 34928 "http://phunny.drghetto.com/blah/" "Mozilla/4.0 (compatible; MSIE 5.5; Windows NT 5.0)"
209.114.92.138 - - [17/Jun/2004:09:06:20 -0700] "GET /blah/wetpuss.jpg HTTP/1.1" 200 30558 "http://phunny.drghetto.com/blah/" "Mozilla/4.0 (compatible; MSIE 5.5; Windows NT 5.0)"
209.114.92.138 - - [17/Jun/2004:09:06:24 -0700] "GET /blah/six_marbles.gif HTTP/1.1" 200 16310 "http://phunny.drghetto.com/blah/" "Mozilla/4.0 (compatible; MSIE 5.5; Windows NT 5.0)"
209.114.92.138 - - [17/Jun/2004:09:06:31 -0700] "GET /blah/rudrev.jpg HTTP/1.1" 200 35943 "http://phunny.drghetto.com/blah/" "Mozilla/4.0 (compatible; MSIE 5.5; Windows NT 5.0)"
65.216.16.200 - - [17/Jun/2004:09:06:59 -0700] "GET /0000154587.mpeg HTTP/1.1" 200 2272179 "http://phunny.drghetto.com/" "Mozilla/4.0 (compatible; MSIE 6.0; Windows NT 5.1; .NET CLR 1.0.3705; .NET CLR 1.1.4322)"
65.54.164.113 - - [17/Jun/2004:09:07:48 -0700] "GET /budweiser%20-%20wazzup%20(shalom).mpg HTTP/1.0" 200 27414 "-" "msnbot/0.11 (+http://search.msn.com/msnbot.htm)"
65.216.16.200 - - [17/Jun/2004:09:08:32 -0700] "GET /85361_ABORT.swf HTTP/1.1" 200 1081890 "http://phunny.drghetto.com/" "Mozilla/4.0 (compatible; MSIE 6.0; Windows NT 5.1; .NET CLR 1.0.3705; .NET CLR 1.1.4322)"
65.216.16.200 - - [17/Jun/2004:09:09:36 -0700] "GET /icons/blank.gif HTTP/1.1" 304 - "http://phunny.drghetto.com/" "Mozilla/4.0 (compatible; MSIE 6.0; Windows NT 5.1; .NET CLR 1.0.3705; .NET CLR 1.1.4322)"
65.216.16.200 - - [17/Jun/2004:09:09:36 -0700] "GET / HTTP/1.1" 200 30727 "-" "Mozilla/4.0 (compatible; MSIE 6.0; Windows NT 5.1; .NET CLR 1.0.3705; .NET CLR 1.1.4322)"
65.216.16.200 - - [17/Jun/2004:09:09:36 -0700] "GET /icons/back.gif HTTP/1.1" 304 - "http://phunny.drghetto.com/" "Mozilla/4.0 (compatible; MSIE 6.0; Windows NT 5.1; .NET CLR 1.0.3705; .NET CLR 1.1.4322)"
65.216.16.200 - - [17/Jun/2004:09:09:36 -0700] "GET /icons/movie.gif HTTP/1.1" 304 - "http://phunny.drghetto.com/" "Mozilla/4.0 (compatible; MSIE 6.0; Windows NT 5.1; .NET CLR 1.0.3705; .NET CLR 1.1.4322)"
65.216.16.200 - - [17/Jun/2004:09:09:37 -0700] "GET /icons/image2.gif HTTP/1.1" 304 - "http://phunny.drghetto.com/" "Mozilla/4.0 (compatible; MSIE 6.0; Windows NT 5.1; .NET CLR 1.0.3705; .NET CLR 1.1.4322)"
65.216.16.200 - - [17/Jun/2004:09:09:37 -0700] "GET /icons/unknown.gif HTTP/1.1" 304 - "http://phunny.drghetto.com/" "Mozilla/4.0 (compatible; MSIE 6.0; Windows NT 5.1; .NET CLR 1.0.3705; .NET CLR 1.1.4322)"
65.216.16.200 - - [17/Jun/2004:09:09:37 -0700] "GET /icons/sound2.gif HTTP/1.1" 304 - "http://phunny.drghetto.com/" "Mozilla/4.0 (compatible; MSIE 6.0; Windows NT 5.1; .NET CLR 1.0.3705; .NET CLR 1.1.4322)"
65.216.16.200 - - [17/Jun/2004:09:09:37 -0700] "GET /icons/folder.gif HTTP/1.1" 304 - "http://phunny.drghetto.com/" "Mozilla/4.0 (compatible; MSIE 6.0; Windows NT 5.1; .NET CLR 1.0.3705; .NET CLR 1.1.4322)"
65.216.16.200 - - [17/Jun/2004:09:09:56 -0700] "GET /DENMovie.swf HTTP/1.1" 200 3753392 "http://phunny.drghetto.com/" "Mozilla/4.0 (compatible; MSIE 6.0; Windows NT 5.1; .NET CLR 1.0.3705; .NET CLR 1.1.4322)"
65.216.16.200 - - [17/Jun/2004:09:10:53 -0700] "GET /Group_X_video.swf HTTP/1.1" 200 218195 "http://phunny.drghetto.com/" "Mozilla/4.0 (compatible; MSIE 6.0; Windows NT 5.1; .NET CLR 1.0.3705; .NET CLR 1.1.4322)"
142.163.251.194 - - [17/Jun/2004:09:12:48 -0700] "GET / HTTP/1.1" 200 30727 "http://www.alltheweb.com/search?cat=vid&cs=utf8&q=funny+pictures&rys=0" "Mozilla/4.0 (compatible; MSIE 6.0; Windows NT 5.0)"
142.163.251.194 - - [17/Jun/2004:09:12:49 -0700] "GET /icons/blank.gif HTTP/1.1" 200 148 "http://phunny.drghetto.com/" "Mozilla/4.0 (compatible; MSIE 6.0; Windows NT 5.0)"
142.163.251.194 - - [17/Jun/2004:09:12:49 -0700] "GET /icons/back.gif HTTP/1.1" 200 216 "http://phunny.drghetto.com/" "Mozilla/4.0 (compatible; MSIE 6.0; Windows NT 5.0)"
142.163.251.194 - - [17/Jun/2004:09:12:49 -0700] "GET /icons/movie.gif HTTP/1.1" 200 243 "http://phunny.drghetto.com/" "Mozilla/4.0 (compatible; MSIE 6.0; Windows NT 5.0)"
142.163.251.194 - - [17/Jun/2004:09:12:49 -0700] "GET /icons/image2.gif HTTP/1.1" 200 309 "http://phunny.drghetto.com/" "Mozilla/4.0 (compatible; MSIE 6.0; Windows NT 5.0)"
142.163.251.194 - - [17/Jun/2004:09:12:49 -0700] "GET /icons/unknown.gif HTTP/1.1" 200 245 "http://phunny.drghetto.com/" "Mozilla/4.0 (compatible; MSIE 6.0; Windows NT 5.0)"
142.163.251.194 - - [17/Jun/2004:09:12:49 -0700] "GET /icons/sound2.gif HTTP/1.1" 200 221 "http://phunny.drghetto.com/" "Mozilla/4.0 (compatible; MSIE 6.0; Windows NT 5.0)"
142.163.251.194 - - [17/Jun/2004:09:12:49 -0700] "GET /icons/folder.gif HTTP/1.1" 200 225 "http://phunny.drghetto.com/" "Mozilla/4.0 (compatible; MSIE 6.0; Windows NT 5.0)"
142.163.251.194 - - [17/Jun/2004:09:13:02 -0700] "GET /Trucker.jpg HTTP/1.1" 200 30072 "http://phunny.drghetto.com/" "Mozilla/4.0 (compatible; MSIE 6.0; Windows NT 5.0)"
142.163.251.194 - - [17/Jun/2004:09:13:13 -0700] "GET /WomanDrivers1.jpg HTTP/1.1" 200 49553 "http://phunny.drghetto.com/" "Mozilla/4.0 (compatible; MSIE 6.0; Windows NT 5.0)"
142.163.251.194 - - [17/Jun/2004:09:13:24 -0700] "GET /Rejected.wmv HTTP/1.1" 200 58724 "http://phunny.drghetto.com/" "Mozilla/4.0 (compatible; MSIE 6.0; Windows NT 5.0)"
65.54.164.113 - - [17/Jun/2004:09:13:45 -0700] "GET /blowup.mpg HTTP/1.0" 200 27413 "-" "msnbot/0.11 (+http://search.msn.com/msnbot.htm)"
142.163.251.194 - - [17/Jun/2004:09:13:59 -0700] "GET /budweiser%20-%20wazzup%20(shalom).mpg HTTP/1.1" 200 30296 "http://phunny.drghetto.com/" "Mozilla/4.0 (compatible; MSIE 6.0; Windows NT 5.0)"
65.216.16.200 - - [17/Jun/2004:09:14:04 -0700] "GET /MDM3.swf HTTP/1.1" 200 735662 "http://phunny.drghetto.com/" "Mozilla/4.0 (compatible; MSIE 6.0; Windows NT 5.1; .NET CLR 1.0.3705; .NET CLR 1.1.4322)"
142.163.251.194 - - [17/Jun/2004:09:14:05 -0700] "GET /budweiser%20-%20wazzup%20(shalom).mpg HTTP/1.1" 206 30240 "http://phunny.drghetto.com/" "Mozilla/4.0 (compatible; MSIE 6.0; Windows NT 5.0)"
142.163.251.194 - - [17/Jun/2004:09:14:09 -0700] "GET /build_a_plane.jpg HTTP/1.1" 200 177091 "http://phunny.drghetto.com/" "Mozilla/4.0 (compatible; MSIE 6.0; Windows NT 5.0)"
142.163.251.194 - - [17/Jun/2004:09:14:18 -0700] "GET /camp4.jpg HTTP/1.1" 200 20457 "http://phunny.drghetto.com/" "Mozilla/4.0 (compatible; MSIE 6.0; Windows NT 5.0)"
142.163.251.194 - - [17/Jun/2004:09:14:33 -0700] "GET /cock.jpg HTTP/1.1" 200 14193 "http://phunny.drghetto.com/" "Mozilla/4.0 (compatible; MSIE 6.0; Windows NT 5.0)"
142.163.251.194 - - [17/Jun/2004:09:14:58 -0700] "GET /drunk.jpg HTTP/1.1" 200 290474 "http://phunny.drghetto.com/" "Mozilla/4.0 (compatible; MSIE 6.0; Windows NT 5.0)"
142.163.251.194 - - [17/Jun/2004:09:15:27 -0700] "GET /dumbthieves.jpg HTTP/1.1" 200 80262 "http://phunny.drghetto.com/" "Mozilla/4.0 (compatible; MSIE 6.0; Windows NT 5.0)"
142.163.251.194 - - [17/Jun/2004:09:15:38 -0700] "GET /family_fun.jpg HTTP/1.1" 200 26684 "http://phunny.drghetto.com/" "Mozilla/4.0 (compatible; MSIE 6.0; Windows NT 5.0)"
142.163.251.194 - - [17/Jun/2004:09:15:51 -0700] "GET /girliezoo100_1.gif HTTP/1.1" 200 19443 "http://phunny.drghetto.com/" "Mozilla/4.0 (compatible; MSIE 6.0; Windows NT 5.0)"
201.129.8.104 - - [17/Jun/2004:09:15:52 -0700] "GET /mario.swf HTTP/1.1" 200 204351 "http://www.swasco.net/swchs/students/Presentations/BabyB/movies/frame_b.htm" "Mozilla/4.0 (compatible; MSIE 6.0; Windows NT 5.1; .NET CLR 1.0.3705)"
65.216.16.200 - - [17/Jun/2004:09:16:05 -0700] "GET /fem.jpg HTTP/1.1" 200 105029 "http://phunny.drghetto.com/" "Mozilla/4.0 (compatible; MSIE 6.0; Windows NT 5.1; .NET CLR 1.0.3705; .NET CLR 1.1.4322)"
142.163.251.194 - - [17/Jun/2004:09:16:08 -0700] "GET /girls.jpg HTTP/1.1" 200 24416 "http://phunny.drghetto.com/" "Mozilla/4.0 (compatible; MSIE 6.0; Windows NT 5.0)"
142.163.251.194 - - [17/Jun/2004:09:16:37 -0700] "GET /godkills.jpg HTTP/1.1" 200 43594 "http://phunny.drghetto.com/" "Mozilla/4.0 (compatible; MSIE 6.0; Windows NT 5.0)"
142.163.251.194 - - [17/Jun/2004:09:16:55 -0700] "GET /grocery_store_kid_no_candy_1.avi HTTP/1.1" 200 30291 "http://phunny.drghetto.com/" "Mozilla/4.0 (compatible; MSIE 6.0; Windows NT 5.0)"
142.163.251.194 - - [17/Jun/2004:09:17:01 -0700] "GET /happy_valentine.jpg HTTP/1.1" 200 30176 "http://phunny.drghetto.com/" "Mozilla/4.0 (compatible; MSIE 6.0; Windows NT 5.0)"
142.163.251.194 - - [17/Jun/2004:09:17:12 -0700] "GET /her_motorcycle.jpg HTTP/1.1" 200 58453 "http://phunny.drghetto.com/" "Mozilla/4.0 (compatible; MSIE 6.0; Windows NT 5.0)"
142.163.251.194 - - [17/Jun/2004:09:17:22 -0700] "GET /housewife.jpg HTTP/1.1" 200 123536 "http://phunny.drghetto.com/" "Mozilla/4.0 (compatible; MSIE 6.0; Windows NT 5.0)"
65.216.16.200 - - [17/Jun/2004:09:17:28 -0700] "GET /ghettodilta5.swf HTTP/1.1" 200 410860 "http://phunny.drghetto.com/" "Mozilla/4.0 (compatible; MSIE 6.0; Windows NT 5.1; .NET CLR 1.0.3705; .NET CLR 1.1.4322)"
142.163.251.194 - - [17/Jun/2004:09:17:32 -0700] "GET /jesus.jpg HTTP/1.1" 200 22007 "http://phunny.drghetto.com/" "Mozilla/4.0 (compatible; MSIE 6.0; Windows NT 5.0)"
142.163.251.194 - - [17/Jun/2004:09:17:55 -0700] "GET /nooooo!.jpg HTTP/1.1" 200 118408 "http://phunny.drghetto.com/" "Mozilla/4.0 (compatible; MSIE 6.0; Windows NT 5.0)"
142.163.251.194 - - [17/Jun/2004:09:18:14 -0700] "GET /papasmurf(www.albinoblacksheep.com).swf HTTP/1.1" 200 608743 "http://phunny.drghetto.com/" "Mozilla/4.0 (compatible; MSIE 6.0; Windows NT 5.0)"
65.54.164.113 - - [17/Jun/2004:09:19:14 -0700] "GET /?N=D HTTP/1.0" 200 30660 "-" "msnbot/0.11 (+http://search.msn.com/msnbot.htm)"
65.216.16.200 - - [17/Jun/2004:09:20:03 -0700] "GET /glad_hund.jpg HTTP/1.1" 200 58173 "http://phunny.drghetto.com/" "Mozilla/4.0 (compatible; MSIE 6.0; Windows NT 5.1; .NET CLR 1.0.3705; .NET CLR 1.1.4322)"
65.216.16.200 - - [17/Jun/2004:09:20:07 -0700] "GET /godkills.jpg HTTP/1.1" 200 43594 "http://phunny.drghetto.com/" "Mozilla/4.0 (compatible; MSIE 6.0; Windows NT 5.1; .NET CLR 1.0.3705; .NET CLR 1.1.4322)"
65.216.16.200 - - [17/Jun/2004:09:20:11 -0700] "GET /happy_valentine.jpg HTTP/1.1" 200 30176 "http://phunny.drghetto.com/" "Mozilla/4.0 (compatible; MSIE 6.0; Windows NT 5.1; .NET CLR 1.0.3705; .NET CLR 1.1.4322)"
65.216.16.200 - - [17/Jun/2004:09:20:19 -0700] "GET /housewife.jpg HTTP/1.1" 200 123536 "http://phunny.drghetto.com/" "Mozilla/4.0 (compatible; MSIE 6.0; Windows NT 5.1; .NET CLR 1.0.3705; .NET CLR 1.1.4322)"
142.163.251.194 - - [17/Jun/2004:09:20:45 -0700] "GET /priceless097_jpg.jpg HTTP/1.1" 200 30712 "http://phunny.drghetto.com/" "Mozilla/4.0 (compatible; MSIE 6.0; Windows NT 5.0)"
142.163.251.194 - - [17/Jun/2004:09:20:48 -0700] "GET /prank711.swf HTTP/1.1" 200 1226173 "http://phunny.drghetto.com/" "Mozilla/4.0 (compatible; MSIE 6.0; Windows NT 5.0)"
142.163.251.194 - - [17/Jun/2004:09:21:25 -0700] "GET /retarded.jpg HTTP/1.1" 200 37603 "http://phunny.drghetto.com/" "Mozilla/4.0 (compatible; MSIE 6.0; Windows NT 5.0)"
142.163.251.194 - - [17/Jun/2004:09:21:42 -0700] "GET /riaa.jpg HTTP/1.1" 200 98264 "http://phunny.drghetto.com/" "Mozilla/4.0 (compatible; MSIE 6.0; Windows NT 5.0)"
142.163.251.194 - - [17/Jun/2004:09:22:14 -0700] "GET /richie2.jpg HTTP/1.1" 200 9887 "http://phunny.drghetto.com/" "Mozilla/4.0 (compatible; MSIE 6.0; Windows NT 5.0)"
142.163.251.194 - - [17/Jun/2004:09:22:21 -0700] "GET /rollover_4.gif HTTP/1.1" 200 2798 "http://phunny.drghetto.com/" "Mozilla/4.0 (compatible; MSIE 6.0; Windows NT 5.0)"
142.163.251.194 - - [17/Jun/2004:09:22:37 -0700] "GET /sooty.jpg HTTP/1.1" 200 108672 "http://phunny.drghetto.com/" "Mozilla/4.0 (compatible; MSIE 6.0; Windows NT 5.0)"
142.163.251.194 - - [17/Jun/2004:09:22:54 -0700] "GET /think-of-the-domokun.jpg HTTP/1.1" 200 54204 "http://phunny.drghetto.com/" "Mozilla/4.0 (compatible; MSIE 6.0; Windows NT 5.0)"
142.163.251.194 - - [17/Jun/2004:09:23:16 -0700] "GET /wedding.jpg HTTP/1.1" 200 259167 "http://phunny.drghetto.com/" "Mozilla/4.0 (compatible; MSIE 6.0; Windows NT 5.0)"
142.163.251.194 - - [17/Jun/2004:09:23:30 -0700] "GET /weeddude.jpg HTTP/1.1" 200 36259 "http://phunny.drghetto.com/" "Mozilla/4.0 (compatible; MSIE 6.0; Windows NT 5.0)"
142.163.251.194 - - [17/Jun/2004:09:23:38 -0700] "GET /weird021.jpg HTTP/1.1" 200 59367 "http://phunny.drghetto.com/" "Mozilla/4.0 (compatible; MSIE 6.0; Windows NT 5.0)"
142.163.251.194 - - [17/Jun/2004:09:23:47 -0700] "GET /whatapredicament.jpg HTTP/1.1" 200 36216 "http://phunny.drghetto.com/" "Mozilla/4.0 (compatible; MSIE 6.0; Windows NT 5.0)"
142.163.251.194 - - [17/Jun/2004:09:23:59 -0700] "GET /whoops.jpg HTTP/1.1" 200 58576 "http://phunny.drghetto.com/" "Mozilla/4.0 (compatible; MSIE 6.0; Windows NT 5.0)"
142.163.251.194 - - [17/Jun/2004:09:24:23 -0700] "GET /whoslineanyway.jpg HTTP/1.1" 200 70269 "http://phunny.drghetto.com/" "Mozilla/4.0 (compatible; MSIE 6.0; Windows NT 5.0)"
142.163.251.194 - - [17/Jun/2004:09:24:38 -0700] "GET /wierdantics.jpg HTTP/1.1" 200 88169 "http://phunny.drghetto.com/" "Mozilla/4.0 (compatible; MSIE 6.0; Windows NT 5.0)"
142.163.251.194 - - [17/Jun/2004:09:24:45 -0700] "GET /woowoo.asx HTTP/1.1" 200 52193 "http://phunny.drghetto.com/" "Mozilla/4.0 (compatible; MSIE 6.0; Windows NT 5.0)"
142.163.251.194 - - [17/Jun/2004:09:25:00 -0700] "GET /squirrel.jpg HTTP/1.1" 200 61112 "http://phunny.drghetto.com/" "Mozilla/4.0 (compatible; MSIE 6.0; Windows NT 5.0)"
65.54.164.113 - - [17/Jun/2004:09:25:05 -0700] "GET /?S=A HTTP/1.0" 200 30660 "-" "msnbot/0.11 (+http://search.msn.com/msnbot.htm)"
142.163.251.194 - - [17/Jun/2004:09:25:10 -0700] "GET /384033.1.jpg HTTP/1.1" 200 63822 "http://phunny.drghetto.com/" "Mozilla/4.0 (compatible; MSIE 6.0; Windows NT 5.0)"
142.163.251.194 - - [17/Jun/2004:09:25:17 -0700] "GET /57629.jpg HTTP/1.1" 200 59218 "http://phunny.drghetto.com/" "Mozilla/4.0 (compatible; MSIE 6.0; Windows NT 5.0)"
142.163.251.194 - - [17/Jun/2004:09:25:25 -0700] "GET /70756.jpg HTTP/1.1" 200 24647 "http://phunny.drghetto.com/" "Mozilla/4.0 (compatible; MSIE 6.0; Windows NT 5.0)"
142.163.251.194 - - [17/Jun/2004:09:25:52 -0700] "GET /%3fbeaver2.jpg HTTP/1.1" 200 302 "http://phunny.drghetto.com/" "Mozilla/4.0 (compatible; MSIE 6.0; Windows NT 5.0)"
142.163.251.194 - - [17/Jun/2004:09:25:53 -0700] "GET /beaver2.jpg HTTP/1.1" 200 75877 "http://phunny.drghetto.com/%3fbeaver2.jpg" "Mozilla/4.0 (compatible; MSIE 6.0; Windows NT 5.0)"
142.163.251.194 - - [17/Jun/2004:09:26:01 -0700] "GET /BZP4.jpg HTTP/1.1" 200 93362 "http://phunny.drghetto.com/" "Mozilla/4.0 (compatible; MSIE 6.0; Windows NT 5.0)"
142.163.251.194 - - [17/Jun/2004:09:26:15 -0700] "GET /Best%20Company%20Name%20Ever.jpg HTTP/1.1" 200 23261 "http://phunny.drghetto.com/" "Mozilla/4.0 (compatible; MSIE 6.0; Windows NT 5.0)"
142.163.251.194 - - [17/Jun/2004:09:26:20 -0700] "GET /Bruiser.jpg HTTP/1.1" 200 48332 "http://phunny.drghetto.com/" "Mozilla/4.0 (compatible; MSIE 6.0; Windows NT 5.0)"
142.163.251.194 - - [17/Jun/2004:09:26:34 -0700] "GET /Divorce_Sept_11_Style.jpg HTTP/1.1" 200 26289 "http://phunny.drghetto.com/" "Mozilla/4.0 (compatible; MSIE 6.0; Windows NT 5.0)"
142.163.251.194 - - [17/Jun/2004:09:27:02 -0700] "GET /FBI-MCSOTerroristFlyer-Back.jpg HTTP/1.1" 200 169336 "http://phunny.drghetto.com/" "Mozilla/4.0 (compatible; MSIE 6.0; Windows NT 5.0)"
80.201.37.55 - - [17/Jun/2004:09:27:09 -0700] "GET / HTTP/1.1" 200 30727 "-" "Mozilla/4.0 (compatible; MSIE 6.0; Windows NT 5.1)"
80.201.37.55 - - [17/Jun/2004:09:27:10 -0700] "GET /icons/blank.gif HTTP/1.1" 200 148 "-" "Mozilla/4.0 (compatible; MSIE 6.0; Windows NT 5.1)"
80.201.37.55 - - [17/Jun/2004:09:27:10 -0700] "GET /icons/back.gif HTTP/1.1" 200 216 "-" "Mozilla/4.0 (compatible; MSIE 6.0; Windows NT 5.1)"
142.163.251.194 - - [17/Jun/2004:09:27:10 -0700] "GET /Florida2004.jpg HTTP/1.1" 200 44408 "http://phunny.drghetto.com/" "Mozilla/4.0 (compatible; MSIE 6.0; Windows NT 5.0)"
80.201.37.55 - - [17/Jun/2004:09:27:10 -0700] "GET /icons/movie.gif HTTP/1.1" 200 243 "-" "Mozilla/4.0 (compatible; MSIE 6.0; Windows NT 5.1)"
80.201.37.55 - - [17/Jun/2004:09:27:10 -0700] "GET /icons/image2.gif HTTP/1.1" 200 309 "-" "Mozilla/4.0 (compatible; MSIE 6.0; Windows NT 5.1)"
80.201.37.55 - - [17/Jun/2004:09:27:10 -0700] "GET /icons/unknown.gif HTTP/1.1" 200 245 "-" "Mozilla/4.0 (compatible; MSIE 6.0; Windows NT 5.1)"
80.201.37.55 - - [17/Jun/2004:09:27:10 -0700] "GET /icons/sound2.gif HTTP/1.1" 200 221 "-" "Mozilla/4.0 (compatible; MSIE 6.0; Windows NT 5.1)"
80.201.37.55 - - [17/Jun/2004:09:27:11 -0700] "GET /icons/folder.gif HTTP/1.1" 200 225 "-" "Mozilla/4.0 (compatible; MSIE 6.0; Windows NT 5.1)"
80.201.37.55 - - [17/Jun/2004:09:27:14 -0700] "GET /384033.1.jpg HTTP/1.1" 200 63822 "-" "Mozilla/4.0 (compatible; MSIE 6.0; Windows NT 5.1)"
142.163.251.194 - - [17/Jun/2004:09:27:16 -0700] "GET /IRISH%20babys.jpg HTTP/1.1" 200 20352 "http://phunny.drghetto.com/" "Mozilla/4.0 (compatible; MSIE 6.0; Windows NT 5.0)"
80.201.37.55 - - [17/Jun/2004:09:27:20 -0700] "GET /57629.jpg HTTP/1.1" 200 59218 "-" "Mozilla/4.0 (compatible; MSIE 6.0; Windows NT 5.1)"
142.163.251.194 - - [17/Jun/2004:09:27:26 -0700] "GET /Kabul-Forcast.jpg HTTP/1.1" 200 96421 "http://phunny.drghetto.com/" "Mozilla/4.0 (compatible; MSIE 6.0; Windows NT 5.0)"
142.163.251.194 - - [17/Jun/2004:09:27:33 -0700] "GET /Power.jpg HTTP/1.1" 200 37264 "http://phunny.drghetto.com/" "Mozilla/4.0 (compatible; MSIE 6.0; Windows NT 5.0)"
142.163.251.194 - - [17/Jun/2004:09:27:42 -0700] "GET /Santa_Drunk.jpg HTTP/1.1" 200 44875 "http://phunny.drghetto.com/" "Mozilla/4.0 (compatible; MSIE 6.0; Windows NT 5.0)"
142.163.251.194 - - [17/Jun/2004:09:27:50 -0700] "GET /a3fSJake.jpg HTTP/1.1" 200 5971 "http://phunny.drghetto.com/" "Mozilla/4.0 (compatible; MSIE 6.0; Windows NT 5.0)"
142.163.251.194 - - [17/Jun/2004:09:27:55 -0700] "GET /abnormalcy-1043712735.jpg HTTP/1.1" 200 0 "http://phunny.drghetto.com/" "Mozilla/4.0 (compatible; MSIE 6.0; Windows NT 5.0)"
142.163.251.194 - - [17/Jun/2004:09:28:01 -0700] "GET /arkie_quarter.jpg HTTP/1.1" 200 46319 "http://phunny.drghetto.com/" "Mozilla/4.0 (compatible; MSIE 6.0; Windows NT 5.0)"
142.163.251.194 - - [17/Jun/2004:09:28:11 -0700] "GET /alexisrules.gif HTTP/1.1" 200 28676 "http://phunny.drghetto.com/" "Mozilla/4.0 (compatible; MSIE 6.0; Windows NT 5.0)"
142.163.251.194 - - [17/Jun/2004:09:28:19 -0700] "GET /aytabtu_big.gif HTTP/1.1" 200 125646 "http://phunny.drghetto.com/" "Mozilla/4.0 (compatible; MSIE 6.0; Windows NT 5.0)"
142.163.251.194 - - [17/Jun/2004:09:29:05 -0700] "GET /babyteeth(TwistedHumor.com).jpg HTTP/1.1" 200 24716 "http://phunny.drghetto.com/" "Mozilla/4.0 (compatible; MSIE 6.0; Windows NT 5.0)"
142.163.251.194 - - [17/Jun/2004:09:29:18 -0700] "GET /bigbread.JPG HTTP/1.1" 200 18286 "http://phunny.drghetto.com/" "Mozilla/4.0 (compatible; MSIE 6.0; Windows NT 5.0)"
142.163.251.194 - - [17/Jun/2004:09:29:28 -0700] "GET /binladen.jpg HTTP/1.1" 200 88953 "http://phunny.drghetto.com/" "Mozilla/4.0 (compatible; MSIE 6.0; Windows NT 5.0)"
142.163.251.194 - - [17/Jun/2004:09:29:54 -0700] "GET /binladenliquors.swf HTTP/1.1" 200 339890 "http://phunny.drghetto.com/" "Mozilla/4.0 (compatible; MSIE 6.0; Windows NT 5.0)"
142.163.251.194 - - [17/Jun/2004:09:30:26 -0700] "GET /brochure.jpg HTTP/1.1" 200 174700 "http://phunny.drghetto.com/" "Mozilla/4.0 (compatible; MSIE 6.0; Windows NT 5.0)"
142.163.251.194 - - [17/Jun/2004:09:30:36 -0700] "GET /capt.1019436652.lpga_longs_drugs_rcp107.jpg HTTP/1.1" 200 27746 "http://phunny.drghetto.com/" "Mozilla/4.0 (compatible; MSIE 6.0; Windows NT 5.0)"
142.163.251.194 - - [17/Jun/2004:09:30:48 -0700] "GET /cat.jpg HTTP/1.1" 200 68657 "http://phunny.drghetto.com/" "Mozilla/4.0 (compatible; MSIE 6.0; Windows NT 5.0)"
65.54.164.113 - - [17/Jun/2004:09:30:50 -0700] "GET /blah/?M=A HTTP/1.0" 200 45505 "-" "msnbot/0.11 (+http://search.msn.com/msnbot.htm)"
142.163.251.194 - - [17/Jun/2004:09:31:05 -0700] "GET /cat.jpg.1 HTTP/1.1" 200 18475 "http://phunny.drghetto.com/" "Mozilla/4.0 (compatible; MSIE 6.0; Windows NT 5.0)"
142.163.251.194 - - [17/Jun/2004:09:31:12 -0700] "GET /cd_letter.jpg HTTP/1.1" 200 67956 "http://phunny.drghetto.com/" "Mozilla/4.0 (compatible; MSIE 6.0; Windows NT 5.0)"
142.163.251.194 - - [17/Jun/2004:09:31:48 -0700] "GET /cj_6251.jpg HTTP/1.1" 200 25059 "http://phunny.drghetto.com/" "Mozilla/4.0 (compatible; MSIE 6.0; Windows NT 5.0)"
142.163.251.194 - - [17/Jun/2004:09:31:57 -0700] "GET /clubdruglogo.gif HTTP/1.1" 200 8405 "http://phunny.drghetto.com/" "Mozilla/4.0 (compatible; MSIE 6.0; Windows NT 5.0)"
142.163.251.194 - - [17/Jun/2004:09:32:04 -0700] "GET /cluepon.jpg HTTP/1.1" 200 24114 "http://phunny.drghetto.com/" "Mozilla/4.0 (compatible; MSIE 6.0; Windows NT 5.0)"
142.163.251.194 - - [17/Jun/2004:09:32:14 -0700] "GET /cnn.jpg HTTP/1.1" 200 150090 "http://phunny.drghetto.com/" "Mozilla/4.0 (compatible; MSIE 6.0; Windows NT 5.0)"
142.163.251.194 - - [17/Jun/2004:09:32:28 -0700] "GET /convenience.jpg HTTP/1.1" 200 25819 "http://phunny.drghetto.com/" "Mozilla/4.0 (compatible; MSIE 6.0; Windows NT 5.0)"
142.163.251.194 - - [17/Jun/2004:09:32:35 -0700] "GET /coondog.jpg HTTP/1.1" 200 22393 "http://phunny.drghetto.com/" "Mozilla/4.0 (compatible; MSIE 6.0; Windows NT 5.0)"
142.163.251.194 - - [17/Jun/2004:09:32:41 -0700] "GET /creature.gif HTTP/1.1" 200 17043 "http://phunny.drghetto.com/" "Mozilla/4.0 (compatible; MSIE 6.0; Windows NT 5.0)"
142.163.251.194 - - [17/Jun/2004:09:32:59 -0700] "GET /crispy.wmv HTTP/1.1" 200 30276 "http://phunny.drghetto.com/" "Mozilla/4.0 (compatible; MSIE 6.0; Windows NT 5.0)"
142.163.251.194 - - [17/Jun/2004:09:33:05 -0700] "GET /deathwis.gif HTTP/1.1" 200 227563 "http://phunny.drghetto.com/" "Mozilla/4.0 (compatible; MSIE 6.0; Windows NT 5.0)"
142.163.251.194 - - [17/Jun/2004:09:33:13 -0700] "GET /deer.jpg HTTP/1.1" 200 24224 "http://phunny.drghetto.com/" "Mozilla/4.0 (compatible; MSIE 6.0; Windows NT 5.0)"
142.163.251.194 - - [17/Jun/2004:09:33:27 -0700] "GET /dilema.jpg HTTP/1.1" 200 46518 "http://phunny.drghetto.com/" "Mozilla/4.0 (compatible; MSIE 6.0; Windows NT 5.0)"
142.163.251.194 - - [17/Jun/2004:09:33:37 -0700] "GET /diplomacy.swf HTTP/1.1" 200 239060 "http://phunny.drghetto.com/" "Mozilla/4.0 (compatible; MSIE 6.0; Windows NT 5.0)"
142.163.251.194 - - [17/Jun/2004:09:33:39 -0700] "GET /dj.saddam.jpg HTTP/1.1" 200 56278 "http://phunny.drghetto.com/" "Mozilla/4.0 (compatible; MSIE 6.0; Windows NT 5.0)"
142.163.251.194 - - [17/Jun/2004:09:33:46 -0700] "GET /domohuge.jpg HTTP/1.1" 200 85162 "http://phunny.drghetto.com/" "Mozilla/4.0 (compatible; MSIE 6.0; Windows NT 5.0)"
142.163.251.194 - - [17/Jun/2004:09:33:53 -0700] "GET /donkeyban.jpg HTTP/1.1" 200 147069 "http://phunny.drghetto.com/" "Mozilla/4.0 (compatible; MSIE 6.0; Windows NT 5.0)"
142.163.251.194 - - [17/Jun/2004:09:34:02 -0700] "GET /doughboy.jpg HTTP/1.1" 200 126038 "http://phunny.drghetto.com/" "Mozilla/4.0 (compatible; MSIE 6.0; Windows NT 5.0)"
142.163.251.194 - - [17/Jun/2004:09:34:18 -0700] "GET /easteregg.jpg HTTP/1.1" 200 21910 "http://phunny.drghetto.com/" "Mozilla/4.0 (compatible; MSIE 6.0; Windows NT 5.0)"
142.163.251.194 - - [17/Jun/2004:09:34:26 -0700] "GET /fem.jpg HTTP/1.1" 200 105029 "http://phunny.drghetto.com/" "Mozilla/4.0 (compatible; MSIE 6.0; Windows NT 5.0)"
142.163.251.194 - - [17/Jun/2004:09:35:01 -0700] "GET /for_jayme.jpg HTTP/1.1" 200 102718 "http://phunny.drghetto.com/" "Mozilla/4.0 (compatible; MSIE 6.0; Windows NT 5.0)"
142.163.251.194 - - [17/Jun/2004:09:35:17 -0700] "GET /froggy.gif HTTP/1.1" 200 25577 "http://phunny.drghetto.com/" "Mozilla/4.0 (compatible; MSIE 6.0; Windows NT 5.0)"
142.163.251.194 - - [17/Jun/2004:09:35:29 -0700] "GET /glad_hund.jpg HTTP/1.1" 200 58173 "http://phunny.drghetto.com/" "Mozilla/4.0 (compatible; MSIE 6.0; Windows NT 5.0)"
142.163.251.194 - - [17/Jun/2004:09:35:45 -0700] "GET /go_rave.jpg HTTP/1.1" 200 39679 "http://phunny.drghetto.com/" "Mozilla/4.0 (compatible; MSIE 6.0; Windows NT 5.0)"
142.163.251.194 - - [17/Jun/2004:09:35:54 -0700] "GET /halsbloss.jpg HTTP/1.1" 200 81473 "http://phunny.drghetto.com/" "Mozilla/4.0 (compatible; MSIE 6.0; Windows NT 5.0)"
142.163.251.194 - - [17/Jun/2004:09:36:07 -0700] "GET /hit-ctrl-A.jpg HTTP/1.1" 200 377385 "http://phunny.drghetto.com/" "Mozilla/4.0 (compatible; MSIE 6.0; Windows NT 5.0)"
142.163.251.194 - - [17/Jun/2004:09:36:21 -0700] "GET /hnsbig.jpg HTTP/1.1" 200 97637 "http://phunny.drghetto.com/" "Mozilla/4.0 (compatible; MSIE 6.0; Windows NT 5.0)"
142.163.251.194 - - [17/Jun/2004:09:36:27 -0700] "GET /image-o-matic.jpg HTTP/1.1" 200 50955 "http://phunny.drghetto.com/" "Mozilla/4.0 (compatible; MSIE 6.0; Windows NT 5.0)"
142.163.251.194 - - [17/Jun/2004:09:36:36 -0700] "GET /imdf19112001142708a.jpg HTTP/1.1" 200 20689 "http://phunny.drghetto.com/" "Mozilla/4.0 (compatible; MSIE 6.0; Windows NT 5.0)"
142.163.251.194 - - [17/Jun/2004:09:36:44 -0700] "GET /iraq_mcdonalds.jpg HTTP/1.1" 200 29102 "http://phunny.drghetto.com/" "Mozilla/4.0 (compatible; MSIE 6.0; Windows NT 5.0)"
65.54.164.113 - - [17/Jun/2004:09:36:45 -0700] "GET /chin.mpa HTTP/1.0" 200 27394 "-" "msnbot/0.11 (+http://search.msn.com/msnbot.htm)"
142.163.251.194 - - [17/Jun/2004:09:36:52 -0700] "GET /jesuswtf.jpg HTTP/1.1" 200 199669 "http://phunny.drghetto.com/" "Mozilla/4.0 (compatible; MSIE 6.0; Windows NT 5.0)"
142.163.251.194 - - [17/Jun/2004:09:36:58 -0700] "GET /kidstoday.jpg HTTP/1.1" 200 45931 "http://phunny.drghetto.com/" "Mozilla/4.0 (compatible; MSIE 6.0; Windows NT 5.0)"
142.163.251.194 - - [17/Jun/2004:09:37:12 -0700] "GET /kina.jpg HTTP/1.1" 200 79073 "http://phunny.drghetto.com/" "Mozilla/4.0 (compatible; MSIE 6.0; Windows NT 5.0)"
142.163.251.194 - - [17/Jun/2004:09:37:21 -0700] "GET /kittybath.jpg HTTP/1.1" 200 27710 "http://phunny.drghetto.com/" "Mozilla/4.0 (compatible; MSIE 6.0; Windows NT 5.0)"
142.163.251.194 - - [17/Jun/2004:09:37:26 -0700] "GET /kop19.jpg HTTP/1.1" 200 53526 "http://phunny.drghetto.com/" "Mozilla/4.0 (compatible; MSIE 6.0; Windows NT 5.0)"
142.163.251.194 - - [17/Jun/2004:09:37:36 -0700] "GET /kozak2.mpg HTTP/1.1" 200 44899 "http://phunny.drghetto.com/" "Mozilla/4.0 (compatible; MSIE 6.0; Windows NT 5.0)"
142.163.251.194 - - [17/Jun/2004:09:37:39 -0700] "GET /kuk6.jpg HTTP/1.1" 200 23038 "http://phunny.drghetto.com/" "Mozilla/4.0 (compatible; MSIE 6.0; Windows NT 5.0)"
