68.230.204.146 - - [16/Jun/2004:13:04:16 -0700] "GET /icons/back.gif HTTP/1.1" 304 - "http://phunny.drghetto.com/" "Mozilla/4.0 (compatible; MSIE 6.0; Windows NT 5.1; FunWebProducts)"
68.230.204.146 - - [16/Jun/2004:13:04:16 -0700] "GET /icons/image2.gif HTTP/1.1" 304 - "http://phunny.drghetto.com/" "Mozilla/4.0 (compatible; MSIE 6.0; Windows NT 5.1; FunWebProducts)"
68.230.204.146 - - [16/Jun/2004:13:04:16 -0700] "GET /icons/movie.gif HTTP/1.1" 304 - "http://phunny.drghetto.com/" "Mozilla/4.0 (compatible; MSIE 6.0; Windows NT 5.1; FunWebProducts)"
68.230.204.146 - - [16/Jun/2004:13:04:16 -0700] "GET /icons/unknown.gif HTTP/1.1" 304 - "http://phunny.drghetto.com/" "Mozilla/4.0 (compatible; MSIE 6.0; Windows NT 5.1; FunWebProducts)"
68.230.204.146 - - [16/Jun/2004:13:04:16 -0700] "GET /icons/sound2.gif HTTP/1.1" 304 - "http://phunny.drghetto.com/" "Mozilla/4.0 (compatible; MSIE 6.0; Windows NT 5.1; FunWebProducts)"
68.230.204.146 - - [16/Jun/2004:13:04:16 -0700] "GET /icons/folder.gif HTTP/1.1" 304 - "http://phunny.drghetto.com/" "Mozilla/4.0 (compatible; MSIE 6.0; Windows NT 5.1; FunWebProducts)"
212.149.155.107 - - [16/Jun/2004:13:04:20 -0700] "GET /blah/funny_shot.jpg HTTP/1.1" 200 29187 "http://phunny.drghetto.com/blah/" "Mozilla/4.0 (compatible; MSIE 5.0; Windows 98; DigExt; (R1 1.5))"
68.230.204.146 - - [16/Jun/2004:13:04:21 -0700] "GET /icons/folder.gif HTTP/1.1" 304 - "http://phunny.drghetto.com/" "Mozilla/4.0 (compatible; MSIE 6.0; Windows NT 5.1; FunWebProducts)"
212.149.155.107 - - [16/Jun/2004:13:04:25 -0700] "GET /blah/funny_stalk.jpg HTTP/1.1" 200 60103 "http://phunny.drghetto.com/blah/" "Mozilla/4.0 (compatible; MSIE 5.0; Windows 98; DigExt; (R1 1.5))"
68.230.204.146 - - [16/Jun/2004:13:04:30 -0700] "GET /housewife.jpg HTTP/1.1" 200 123536 "http://phunny.drghetto.com/" "Mozilla/4.0 (compatible; MSIE 6.0; Windows NT 5.1; FunWebProducts)"
212.149.155.107 - - [16/Jun/2004:13:04:32 -0700] "GET /blah/funny_team.jpg HTTP/1.1" 200 37443 "http://phunny.drghetto.com/blah/" "Mozilla/4.0 (compatible; MSIE 5.0; Windows 98; DigExt; (R1 1.5))"
68.230.204.146 - - [16/Jun/2004:13:04:37 -0700] "GET /humor_pong.swf HTTP/1.1" 200 156678 "http://phunny.drghetto.com/" "Mozilla/4.0 (compatible; MSIE 6.0; Windows NT 5.1; FunWebProducts)"
212.149.155.107 - - [16/Jun/2004:13:04:43 -0700] "GET /blah/funny_team_work.jpg HTTP/1.1" 200 105554 "http://phunny.drghetto.com/blah/" "Mozilla/4.0 (compatible; MSIE 5.0; Windows 98; DigExt; (R1 1.5))"
212.149.155.107 - - [16/Jun/2004:13:04:52 -0700] "GET /blah/funny_tinted.jpg HTTP/1.1" 200 22869 "http://phunny.drghetto.com/blah/" "Mozilla/4.0 (compatible; MSIE 5.0; Windows 98; DigExt; (R1 1.5))"
212.149.155.107 - - [16/Jun/2004:13:05:00 -0700] "GET /blah/funny_viagra.jpg HTTP/1.1" 200 40997 "http://phunny.drghetto.com/blah/" "Mozilla/4.0 (compatible; MSIE 5.0; Windows 98; DigExt; (R1 1.5))"
212.149.155.107 - - [16/Jun/2004:13:05:11 -0700] "GET /blah/funny_warning.jpg HTTP/1.1" 200 47795 "http://phunny.drghetto.com/blah/" "Mozilla/4.0 (compatible; MSIE 5.0; Windows 98; DigExt; (R1 1.5))"
212.149.155.107 - - [16/Jun/2004:13:05:24 -0700] "GET /blah/funny_wooohoo.jpg HTTP/1.1" 200 24640 "http://phunny.drghetto.com/blah/" "Mozilla/4.0 (compatible; MSIE 5.0; Windows 98; DigExt; (R1 1.5))"
212.149.155.107 - - [16/Jun/2004:13:05:30 -0700] "GET /blah/funny_worst_job.jpg HTTP/1.1" 200 32802 "http://phunny.drghetto.com/blah/" "Mozilla/4.0 (compatible; MSIE 5.0; Windows 98; DigExt; (R1 1.5))"
212.149.155.107 - - [16/Jun/2004:13:05:35 -0700] "GET /blah/funny_xanamolhada.jpg HTTP/1.1" 200 27710 "http://phunny.drghetto.com/blah/" "Mozilla/4.0 (compatible; MSIE 5.0; Windows 98; DigExt; (R1 1.5))"
212.149.155.107 - - [16/Jun/2004:13:05:42 -0700] "GET /blah/ga000130.gif HTTP/1.1" 200 100464 "http://phunny.drghetto.com/blah/" "Mozilla/4.0 (compatible; MSIE 5.0; Windows 98; DigExt; (R1 1.5))"
68.230.204.146 - - [16/Jun/2004:13:05:51 -0700] "GET /her_motorcycle.jpg HTTP/1.1" 200 58453 "http://phunny.drghetto.com/" "Mozilla/4.0 (compatible; MSIE 6.0; Windows NT 5.1; FunWebProducts)"
212.149.155.107 - - [16/Jun/2004:13:05:57 -0700] "GET /blah/grandpa.jpg HTTP/1.1" 200 157361 "http://phunny.drghetto.com/blah/" "Mozilla/4.0 (compatible; MSIE 5.0; Windows 98; DigExt; (R1 1.5))"
212.149.155.107 - - [16/Jun/2004:13:06:02 -0700] "GET /blah/garfield.gif HTTP/1.1" 200 41944 "http://phunny.drghetto.com/blah/" "Mozilla/4.0 (compatible; MSIE 5.0; Windows 98; DigExt; (R1 1.5))"
212.149.155.107 - - [16/Jun/2004:13:06:16 -0700] "GET /blah/guess_who.jpg HTTP/1.1" 200 38301 "http://phunny.drghetto.com/blah/" "Mozilla/4.0 (compatible; MSIE 5.0; Windows 98; DigExt; (R1 1.5))"
212.149.155.107 - - [16/Jun/2004:13:06:23 -0700] "GET /blah/hairdryer.jpg HTTP/1.1" 200 17399 "http://phunny.drghetto.com/blah/" "Mozilla/4.0 (compatible; MSIE 5.0; Windows 98; DigExt; (R1 1.5))"
212.149.155.107 - - [16/Jun/2004:13:06:28 -0700] "GET /blah/handicapped.jpg HTTP/1.1" 200 11591 "http://phunny.drghetto.com/blah/" "Mozilla/4.0 (compatible; MSIE 5.0; Windows 98; DigExt; (R1 1.5))"
212.149.155.107 - - [16/Jun/2004:13:06:36 -0700] "GET /blah/his_motorcycle.jpg HTTP/1.1" 200 64190 "http://phunny.drghetto.com/blah/" "Mozilla/4.0 (compatible; MSIE 5.0; Windows 98; DigExt; (R1 1.5))"
212.149.155.107 - - [16/Jun/2004:13:06:52 -0700] "GET /blah/hohfull.jpg HTTP/1.1" 200 385230 "http://phunny.drghetto.com/blah/" "Mozilla/4.0 (compatible; MSIE 5.0; Windows 98; DigExt; (R1 1.5))"
212.149.155.107 - - [16/Jun/2004:13:07:14 -0700] "GET /blah/homer.jpg HTTP/1.1" 200 45395 "http://phunny.drghetto.com/blah/" "Mozilla/4.0 (compatible; MSIE 5.0; Windows 98; DigExt; (R1 1.5))"
212.149.155.107 - - [16/Jun/2004:13:07:24 -0700] "GET /blah/honesty.jpg HTTP/1.1" 200 32941 "http://phunny.drghetto.com/blah/" "Mozilla/4.0 (compatible; MSIE 5.0; Windows 98; DigExt; (R1 1.5))"
212.149.155.107 - - [16/Jun/2004:13:07:46 -0700] "GET /blah/hotbabe.jpg HTTP/1.1" 200 9364 "http://phunny.drghetto.com/blah/" "Mozilla/4.0 (compatible; MSIE 5.0; Windows 98; DigExt; (R1 1.5))"
212.149.155.107 - - [16/Jun/2004:13:07:54 -0700] "GET /blah/hotchick.jpg HTTP/1.1" 200 45834 "http://phunny.drghetto.com/blah/" "Mozilla/4.0 (compatible; MSIE 5.0; Windows 98; DigExt; (R1 1.5))"
212.149.155.107 - - [16/Jun/2004:13:08:10 -0700] "GET /blah/how_to_tell_if_your_cat_is_male.jpg HTTP/1.1" 200 27728 "http://phunny.drghetto.com/blah/" "Mozilla/4.0 (compatible; MSIE 5.0; Windows 98; DigExt; (R1 1.5))"
212.149.155.107 - - [16/Jun/2004:13:08:14 -0700] "GET /blah/icicle.jpg HTTP/1.1" 200 26429 "http://phunny.drghetto.com/blah/" "Mozilla/4.0 (compatible; MSIE 5.0; Windows 98; DigExt; (R1 1.5))"
212.149.155.107 - - [16/Jun/2004:13:08:20 -0700] "GET /blah/if_men_got_pregnant.jpg HTTP/1.1" 200 46209 "http://phunny.drghetto.com/blah/" "Mozilla/4.0 (compatible; MSIE 5.0; Windows 98; DigExt; (R1 1.5))"
212.149.155.107 - - [16/Jun/2004:13:08:32 -0700] "GET /blah/igotanf(TwistedHumor.com).jpg HTTP/1.1" 200 45918 "http://phunny.drghetto.com/blah/" "Mozilla/4.0 (compatible; MSIE 5.0; Windows 98; DigExt; (R1 1.5))"
212.149.155.107 - - [16/Jun/2004:13:08:37 -0700] "GET /blah/image003.jpg HTTP/1.1" 200 16267 "http://phunny.drghetto.com/blah/" "Mozilla/4.0 (compatible; MSIE 5.0; Windows 98; DigExt; (R1 1.5))"
212.149.155.107 - - [16/Jun/2004:13:08:45 -0700] "GET /blah/internet(TwistedHumor.com)%5b1%5d.jpg HTTP/1.1" 200 28947 "http://phunny.drghetto.com/blah/" "Mozilla/4.0 (compatible; MSIE 5.0; Windows 98; DigExt; (R1 1.5))"
212.149.155.107 - - [16/Jun/2004:13:08:53 -0700] "GET /blah/jeans.jpg HTTP/1.1" 200 21044 "http://phunny.drghetto.com/blah/" "Mozilla/4.0 (compatible; MSIE 5.0; Windows 98; DigExt; (R1 1.5))"
212.149.155.107 - - [16/Jun/2004:13:08:59 -0700] "GET /blah/kidsnow.jpg HTTP/1.1" 200 29921 "http://phunny.drghetto.com/blah/" "Mozilla/4.0 (compatible; MSIE 5.0; Windows 98; DigExt; (R1 1.5))"
212.149.155.107 - - [16/Jun/2004:13:09:06 -0700] "GET /blah/kingkong(TwistedHumor.com).jpg HTTP/1.1" 200 28633 "http://phunny.drghetto.com/blah/" "Mozilla/4.0 (compatible; MSIE 5.0; Windows 98; DigExt; (R1 1.5))"
212.149.155.107 - - [16/Jun/2004:13:09:18 -0700] "GET /blah/kink.jpg HTTP/1.1" 200 35124 "http://phunny.drghetto.com/blah/" "Mozilla/4.0 (compatible; MSIE 5.0; Windows 98; DigExt; (R1 1.5))"
212.149.155.107 - - [16/Jun/2004:13:09:23 -0700] "GET /blah/knocker.jpg HTTP/1.1" 200 66008 "http://phunny.drghetto.com/blah/" "Mozilla/4.0 (compatible; MSIE 5.0; Windows 98; DigExt; (R1 1.5))"
212.149.155.107 - - [16/Jun/2004:13:09:29 -0700] "GET /blah/ladylib(TwistedHumor.com)%5b1%5d.jpg HTTP/1.1" 200 25484 "http://phunny.drghetto.com/blah/" "Mozilla/4.0 (compatible; MSIE 5.0; Windows 98; DigExt; (R1 1.5))"
212.149.155.107 - - [16/Jun/2004:13:09:35 -0700] "GET /blah/launcher.jpg HTTP/1.1" 200 32430 "http://phunny.drghetto.com/blah/" "Mozilla/4.0 (compatible; MSIE 5.0; Windows 98; DigExt; (R1 1.5))"
212.149.155.107 - - [16/Jun/2004:13:09:40 -0700] "GET /blah/lb.jpg HTTP/1.1" 200 6205 "http://phunny.drghetto.com/blah/" "Mozilla/4.0 (compatible; MSIE 5.0; Windows 98; DigExt; (R1 1.5))"
212.149.155.107 - - [16/Jun/2004:13:09:45 -0700] "GET /blah/leftright.jpg HTTP/1.1" 200 20801 "http://phunny.drghetto.com/blah/" "Mozilla/4.0 (compatible; MSIE 5.0; Windows 98; DigExt; (R1 1.5))"
212.149.155.107 - - [16/Jun/2004:13:09:54 -0700] "GET /blah/lingerie.jpg HTTP/1.1" 200 75970 "http://phunny.drghetto.com/blah/" "Mozilla/4.0 (compatible; MSIE 5.0; Windows 98; DigExt; (R1 1.5))"
68.230.204.146 - - [16/Jun/2004:13:09:54 -0700] "GET /jesus.jpg HTTP/1.1" 200 22007 "http://phunny.drghetto.com/" "Mozilla/4.0 (compatible; MSIE 6.0; Windows NT 5.1; FunWebProducts)"
212.149.155.107 - - [16/Jun/2004:13:10:02 -0700] "GET /blah/make_love_not_war.jpg HTTP/1.1" 200 49137 "http://phunny.drghetto.com/blah/" "Mozilla/4.0 (compatible; MSIE 5.0; Windows 98; DigExt; (R1 1.5))"
212.149.155.107 - - [16/Jun/2004:13:10:08 -0700] "GET /blah/manseekswoman(TwistedHumor.com).jpg HTTP/1.1" 200 26625 "http://phunny.drghetto.com/blah/" "Mozilla/4.0 (compatible; MSIE 5.0; Windows 98; DigExt; (R1 1.5))"
212.149.155.107 - - [16/Jun/2004:13:10:15 -0700] "GET /blah/menu_from_a_dutch_coffeeshop.jpg HTTP/1.1" 200 88672 "http://phunny.drghetto.com/blah/" "Mozilla/4.0 (compatible; MSIE 5.0; Windows 98; DigExt; (R1 1.5))"
68.230.204.146 - - [16/Jun/2004:13:10:18 -0700] "GET /woowoo.asx HTTP/1.1" 200 58032 "http://phunny.drghetto.com/" "Mozilla/4.0 (compatible; MSIE 6.0; Windows NT 5.1; FunWebProducts)"
212.149.155.107 - - [16/Jun/2004:13:10:19 -0700] "GET /blah/menwork.jpg HTTP/1.1" 200 17665 "http://phunny.drghetto.com/blah/" "Mozilla/4.0 (compatible; MSIE 5.0; Windows 98; DigExt; (R1 1.5))"
68.230.204.146 - - [16/Jun/2004:13:10:21 -0700] "GET /woowoo.asx HTTP/1.1" 206 33156 "-" "Windows-Media-Player/8.00.00.4491"
212.149.155.107 - - [16/Jun/2004:13:10:24 -0700] "GET /blah/midnight.jpg HTTP/1.1" 200 29063 "http://phunny.drghetto.com/blah/" "Mozilla/4.0 (compatible; MSIE 5.0; Windows 98; DigExt; (R1 1.5))"
212.149.155.107 - - [16/Jun/2004:13:10:29 -0700] "GET /blah/miss_taliban_2001.jpg HTTP/1.1" 200 53919 "http://phunny.drghetto.com/blah/" "Mozilla/4.0 (compatible; MSIE 5.0; Windows 98; DigExt; (R1 1.5))"
68.230.204.146 - - [16/Jun/2004:13:10:48 -0700] "GET /woowoo.asx HTTP/1.1" 206 1379044 "-" "NSPlayer/9.0.0.2980 WMFSDK/9.0"
212.149.155.107 - - [16/Jun/2004:13:10:48 -0700] "GET /blah/mooned.jpg HTTP/1.1" 200 123915 "http://phunny.drghetto.com/blah/" "Mozilla/4.0 (compatible; MSIE 5.0; Windows 98; DigExt; (R1 1.5))"
212.149.155.107 - - [16/Jun/2004:13:10:56 -0700] "GET /blah/mpost.gif HTTP/1.1" 200 94514 "http://phunny.drghetto.com/blah/" "Mozilla/4.0 (compatible; MSIE 5.0; Windows 98; DigExt; (R1 1.5))"
68.230.204.146 - - [16/Jun/2004:13:11:05 -0700] "GET /wedding.jpg HTTP/1.1" 200 230318 "http://phunny.drghetto.com/" "Mozilla/4.0 (compatible; MSIE 6.0; Windows NT 5.1; FunWebProducts)"
212.149.155.107 - - [16/Jun/2004:13:11:07 -0700] "GET /blah/new_mc.jpg HTTP/1.1" 200 154444 "http://phunny.drghetto.com/blah/" "Mozilla/4.0 (compatible; MSIE 5.0; Windows 98; DigExt; (R1 1.5))"
212.149.155.107 - - [16/Jun/2004:13:11:16 -0700] "GET /blah/new_olympic_event1.jpg HTTP/1.1" 200 76764 "http://phunny.drghetto.com/blah/" "Mozilla/4.0 (compatible; MSIE 5.0; Windows 98; DigExt; (R1 1.5))"
212.149.155.107 - - [16/Jun/2004:13:11:30 -0700] "GET /blah/newj(TwistedHumor.com)%5b1%5d.jpg HTTP/1.1" 200 38896 "http://phunny.drghetto.com/blah/" "Mozilla/4.0 (compatible; MSIE 5.0; Windows 98; DigExt; (R1 1.5))"
212.149.155.107 - - [16/Jun/2004:13:11:34 -0700] "GET /blah/notfair(TwistedHumor.com)%5b1%5d.jpg HTTP/1.1" 200 36142 "http://phunny.drghetto.com/blah/" "Mozilla/4.0 (compatible; MSIE 5.0; Windows 98; DigExt; (R1 1.5))"
212.149.155.107 - - [16/Jun/2004:13:11:47 -0700] "GET /blah/notmilk.JPG HTTP/1.1" 200 25739 "http://phunny.drghetto.com/blah/" "Mozilla/4.0 (compatible; MSIE 5.0; Windows 98; DigExt; (R1 1.5))"
212.149.155.107 - - [16/Jun/2004:13:11:58 -0700] "GET /blah/notnowkid.jpg HTTP/1.1" 200 148979 "http://phunny.drghetto.com/blah/" "Mozilla/4.0 (compatible; MSIE 5.0; Windows 98; DigExt; (R1 1.5))"
212.149.155.107 - - [16/Jun/2004:13:12:01 -0700] "GET /blah/nun.jpg HTTP/1.1" 200 8028 "http://phunny.drghetto.com/blah/" "Mozilla/4.0 (compatible; MSIE 5.0; Windows 98; DigExt; (R1 1.5))"
212.149.155.107 - - [16/Jun/2004:13:12:07 -0700] "GET /blah/nurse.jpg HTTP/1.1" 200 21307 "http://phunny.drghetto.com/blah/" "Mozilla/4.0 (compatible; MSIE 5.0; Windows 98; DigExt; (R1 1.5))"
212.149.155.107 - - [16/Jun/2004:13:12:15 -0700] "GET /blah/oops3.jpg HTTP/1.1" 200 40201 "http://phunny.drghetto.com/blah/" "Mozilla/4.0 (compatible; MSIE 5.0; Windows 98; DigExt; (R1 1.5))"
68.230.204.146 - - [16/Jun/2004:13:12:24 -0700] "GET / HTTP/1.1" 200 30727 "http://www.mywebsearch.com/jsp/GGmain.jsp?st=bar&ptnrS=ZNxdm934&searchfor=drghetto%2ecom" "Mozilla/4.0 (compatible; MSIE 6.0; Windows NT 5.1; FunWebProducts)"
68.230.204.146 - - [16/Jun/2004:13:12:32 -0700] "GET /Trucker.jpg HTTP/1.1" 200 30072 "http://phunny.drghetto.com/" "Mozilla/4.0 (compatible; MSIE 6.0; Windows NT 5.1; FunWebProducts)"
212.149.155.107 - - [16/Jun/2004:13:12:37 -0700] "GET /blah/optimism.JPG HTTP/1.1" 200 42666 "http://phunny.drghetto.com/blah/" "Mozilla/4.0 (compatible; MSIE 5.0; Windows 98; DigExt; (R1 1.5))"
68.230.204.146 - - [16/Jun/2004:13:12:41 -0700] "GET /McD'S.jpg HTTP/1.1" 200 167571 "http://phunny.drghetto.com/" "Mozilla/4.0 (compatible; MSIE 6.0; Windows NT 5.1; FunWebProducts)"
212.149.155.107 - - [16/Jun/2004:13:12:42 -0700] "GET /blah/osama(TwistedHumor.com).jpg HTTP/1.1" 200 41319 "http://phunny.drghetto.com/blah/" "Mozilla/4.0 (compatible; MSIE 5.0; Windows 98; DigExt; (R1 1.5))"
212.149.155.107 - - [16/Jun/2004:13:12:49 -0700] "GET /blah/ounce-fabsoft.jpg HTTP/1.1" 200 16956 "http://phunny.drghetto.com/blah/" "Mozilla/4.0 (compatible; MSIE 5.0; Windows 98; DigExt; (R1 1.5))"
212.149.155.107 - - [16/Jun/2004:13:12:56 -0700] "GET /blah/p10.jpg HTTP/1.1" 200 43841 "http://phunny.drghetto.com/blah/" "Mozilla/4.0 (compatible; MSIE 5.0; Windows 98; DigExt; (R1 1.5))"
212.149.155.107 - - [16/Jun/2004:13:12:59 -0700] "GET /blah/p11.jpg HTTP/1.1" 200 24735 "http://phunny.drghetto.com/blah/" "Mozilla/4.0 (compatible; MSIE 5.0; Windows 98; DigExt; (R1 1.5))"
212.149.155.107 - - [16/Jun/2004:13:13:03 -0700] "GET /blah/p15.jpg HTTP/1.1" 200 32802 "http://phunny.drghetto.com/blah/" "Mozilla/4.0 (compatible; MSIE 5.0; Windows 98; DigExt; (R1 1.5))"
212.149.155.107 - - [16/Jun/2004:13:13:06 -0700] "GET /blah/pa1976.jpg HTTP/1.1" 200 5917 "http://phunny.drghetto.com/blah/" "Mozilla/4.0 (compatible; MSIE 5.0; Windows 98; DigExt; (R1 1.5))"
212.149.155.107 - - [16/Jun/2004:13:13:13 -0700] "GET /blah/penisenlarger.jpg HTTP/1.1" 200 51477 "http://phunny.drghetto.com/blah/" "Mozilla/4.0 (compatible; MSIE 5.0; Windows 98; DigExt; (R1 1.5))"
68.230.204.146 - - [16/Jun/2004:13:13:14 -0700] "GET /Penis.mp3 HTTP/1.1" 200 2557952 "http://phunny.drghetto.com/" "Mozilla/4.0 (compatible; MSIE 6.0; Windows NT 5.1; FunWebProducts)"
68.230.204.146 - - [16/Jun/2004:13:13:27 -0700] "GET /Penis.mp3 HTTP/1.1" 200 46356 "-" "RMA/1.0 (compatible; RealMedia)"
68.230.204.146 - - [16/Jun/2004:13:13:27 -0700] "GET /Penis.mp3 HTTP/1.1" 206 129 "-" "RMA/1.0 (compatible; RealMedia)"
212.149.155.107 - - [16/Jun/2004:13:13:41 -0700] "GET /blah/perfectmatch.jpg HTTP/1.1" 200 30371 "http://phunny.drghetto.com/blah/" "Mozilla/4.0 (compatible; MSIE 5.0; Windows 98; DigExt; (R1 1.5))"
212.149.155.107 - - [16/Jun/2004:13:13:50 -0700] "GET /blah/poorplan.jpg HTTP/1.1" 200 44647 "http://phunny.drghetto.com/blah/" "Mozilla/4.0 (compatible; MSIE 5.0; Windows 98; DigExt; (R1 1.5))"
212.149.155.107 - - [16/Jun/2004:13:13:55 -0700] "GET /blah/pornfordeaf.jpg HTTP/1.1" 200 13400 "http://phunny.drghetto.com/blah/" "Mozilla/4.0 (compatible; MSIE 5.0; Windows 98; DigExt; (R1 1.5))"
68.230.204.146 - - [16/Jun/2004:13:14:02 -0700] "GET /Penis.mp3 HTTP/1.1" 206 2546636 "-" "RMA/1.0 (compatible; RealMedia)"
212.149.155.107 - - [16/Jun/2004:13:14:02 -0700] "GET /blah/potzilla.jpg HTTP/1.1" 200 21867 "http://phunny.drghetto.com/blah/" "Mozilla/4.0 (compatible; MSIE 5.0; Windows 98; DigExt; (R1 1.5))"
212.149.155.107 - - [16/Jun/2004:13:14:12 -0700] "GET /blah/priceless.jpg HTTP/1.1" 200 69983 "http://phunny.drghetto.com/blah/" "Mozilla/4.0 (compatible; MSIE 5.0; Windows 98; DigExt; (R1 1.5))"
212.149.155.107 - - [16/Jun/2004:13:14:26 -0700] "GET /blah/prison.jpg HTTP/1.1" 200 27607 "http://phunny.drghetto.com/blah/" "Mozilla/4.0 (compatible; MSIE 5.0; Windows 98; DigExt; (R1 1.5))"
212.149.155.107 - - [16/Jun/2004:13:14:35 -0700] "GET /blah/px1.jpg HTTP/1.1" 200 56893 "http://phunny.drghetto.com/blah/" "Mozilla/4.0 (compatible; MSIE 5.0; Windows 98; DigExt; (R1 1.5))"
212.149.155.107 - - [16/Jun/2004:13:14:44 -0700] "GET /blah/px4.jpg HTTP/1.1" 200 52370 "http://phunny.drghetto.com/blah/" "Mozilla/4.0 (compatible; MSIE 5.0; Windows 98; DigExt; (R1 1.5))"
212.149.155.107 - - [16/Jun/2004:13:14:51 -0700] "GET /blah/px6.jpg HTTP/1.1" 200 33840 "http://phunny.drghetto.com/blah/" "Mozilla/4.0 (compatible; MSIE 5.0; Windows 98; DigExt; (R1 1.5))"
212.149.155.107 - - [16/Jun/2004:13:14:56 -0700] "GET /blah/px9.jpg HTTP/1.1" 200 26853 "http://phunny.drghetto.com/blah/" "Mozilla/4.0 (compatible; MSIE 5.0; Windows 98; DigExt; (R1 1.5))"
212.149.155.107 - - [16/Jun/2004:13:15:06 -0700] "GET /blah/raindance.jpg HTTP/1.1" 200 33381 "http://phunny.drghetto.com/blah/" "Mozilla/4.0 (compatible; MSIE 5.0; Windows 98; DigExt; (R1 1.5))"
212.149.155.107 - - [16/Jun/2004:13:15:10 -0700] "GET /blah/rc_Fruit1.jpg HTTP/1.1" 200 42607 "http://phunny.drghetto.com/blah/" "Mozilla/4.0 (compatible; MSIE 5.0; Windows 98; DigExt; (R1 1.5))"
212.149.155.107 - - [16/Jun/2004:13:15:15 -0700] "GET /blah/rc_Fruit3.jpg HTTP/1.1" 200 60526 "http://phunny.drghetto.com/blah/" "Mozilla/4.0 (compatible; MSIE 5.0; Windows 98; DigExt; (R1 1.5))"
212.149.155.107 - - [16/Jun/2004:13:15:21 -0700] "GET /blah/redneck_high_rise_(3)1.jpg HTTP/1.1" 200 44268 "http://phunny.drghetto.com/blah/" "Mozilla/4.0 (compatible; MSIE 5.0; Windows 98; DigExt; (R1 1.5))"
212.149.155.107 - - [16/Jun/2004:13:15:28 -0700] "GET /blah/redneck_yacht_(3)1.jpg HTTP/1.1" 200 82112 "http://phunny.drghetto.com/blah/" "Mozilla/4.0 (compatible; MSIE 5.0; Windows 98; DigExt; (R1 1.5))"
212.149.155.107 - - [16/Jun/2004:13:15:35 -0700] "GET /blah/rescue.jpg HTTP/1.1" 200 31095 "http://phunny.drghetto.com/blah/" "Mozilla/4.0 (compatible; MSIE 5.0; Windows 98; DigExt; (R1 1.5))"
212.149.155.107 - - [16/Jun/2004:13:15:42 -0700] "GET /blah/richbitch.jpg HTTP/1.1" 200 45986 "http://phunny.drghetto.com/blah/" "Mozilla/4.0 (compatible; MSIE 5.0; Windows 98; DigExt; (R1 1.5))"
212.149.155.107 - - [16/Jun/2004:13:15:58 -0700] "GET /blah/royalflush(TwistedHumor.com)%5b1%5d.jpg HTTP/1.1" 200 36983 "http://phunny.drghetto.com/blah/" "Mozilla/4.0 (compatible; MSIE 5.0; Windows 98; DigExt; (R1 1.5))"
212.149.155.107 - - [16/Jun/2004:13:16:06 -0700] "GET /blah/rudrev.jpg HTTP/1.1" 200 35943 "http://phunny.drghetto.com/blah/" "Mozilla/4.0 (compatible; MSIE 5.0; Windows 98; DigExt; (R1 1.5))"
212.149.155.107 - - [16/Jun/2004:13:16:12 -0700] "GET /blah/santbelt.jpg HTTP/1.1" 200 17621 "http://phunny.drghetto.com/blah/" "Mozilla/4.0 (compatible; MSIE 5.0; Windows 98; DigExt; (R1 1.5))"
212.149.155.107 - - [16/Jun/2004:13:16:16 -0700] "GET /blah/santer.gif HTTP/1.1" 200 22929 "http://phunny.drghetto.com/blah/" "Mozilla/4.0 (compatible; MSIE 5.0; Windows 98; DigExt; (R1 1.5))"
212.149.155.107 - - [16/Jun/2004:13:16:21 -0700] "GET /blah/santgr.jpg HTTP/1.1" 200 43244 "http://phunny.drghetto.com/blah/" "Mozilla/4.0 (compatible; MSIE 5.0; Windows 98; DigExt; (R1 1.5))"
212.149.155.107 - - [16/Jun/2004:13:16:26 -0700] "GET /blah/santmiss.jpg HTTP/1.1" 200 15297 "http://phunny.drghetto.com/blah/" "Mozilla/4.0 (compatible; MSIE 5.0; Windows 98; DigExt; (R1 1.5))"
212.149.155.107 - - [16/Jun/2004:13:16:32 -0700] "GET /blah/selffell.jpg HTTP/1.1" 200 24257 "http://phunny.drghetto.com/blah/" "Mozilla/4.0 (compatible; MSIE 5.0; Windows 98; DigExt; (R1 1.5))"
212.149.155.107 - - [16/Jun/2004:13:16:51 -0700] "GET /blah/sexo_kamasutra.jpg HTTP/1.1" 200 135223 "http://phunny.drghetto.com/blah/" "Mozilla/4.0 (compatible; MSIE 5.0; Windows 98; DigExt; (R1 1.5))"
212.149.155.107 - - [16/Jun/2004:13:17:18 -0700] "GET /blah/sexretary.jpg HTTP/1.1" 200 38187 "http://phunny.drghetto.com/blah/" "Mozilla/4.0 (compatible; MSIE 5.0; Windows 98; DigExt; (R1 1.5))"
212.149.155.107 - - [16/Jun/2004:13:17:27 -0700] "GET /blah/shit(TwistedHumor.com).jpg HTTP/1.1" 200 48446 "http://phunny.drghetto.com/blah/" "Mozilla/4.0 (compatible; MSIE 5.0; Windows 98; DigExt; (R1 1.5))"
212.149.155.107 - - [16/Jun/2004:13:17:35 -0700] "GET /blah/sickbas~.jpg HTTP/1.1" 200 75929 "http://phunny.drghetto.com/blah/" "Mozilla/4.0 (compatible; MSIE 5.0; Windows 98; DigExt; (R1 1.5))"
212.149.155.107 - - [16/Jun/2004:13:17:45 -0700] "GET /blah/simpsons_06.jpg HTTP/1.1" 200 64677 "http://phunny.drghetto.com/blah/" "Mozilla/4.0 (compatible; MSIE 5.0; Windows 98; DigExt; (R1 1.5))"
212.149.155.107 - - [16/Jun/2004:13:17:56 -0700] "GET /blah/six_marbles.gif HTTP/1.1" 200 16310 "http://phunny.drghetto.com/blah/" "Mozilla/4.0 (compatible; MSIE 5.0; Windows 98; DigExt; (R1 1.5))"
212.149.155.107 - - [16/Jun/2004:13:18:18 -0700] "GET /blah/something(TwistedHumor.com).jpg HTTP/1.1" 200 44903 "http://phunny.drghetto.com/blah/" "Mozilla/4.0 (compatible; MSIE 5.0; Windows 98; DigExt; (R1 1.5))"
212.149.155.107 - - [16/Jun/2004:13:18:26 -0700] "GET /blah/souse2.jpg HTTP/1.1" 200 97808 "http://phunny.drghetto.com/blah/" "Mozilla/4.0 (compatible; MSIE 5.0; Windows 98; DigExt; (R1 1.5))"
212.149.155.107 - - [16/Jun/2004:13:18:35 -0700] "GET /blah/sp_all.jpg HTTP/1.1" 200 16139 "http://phunny.drghetto.com/blah/" "Mozilla/4.0 (compatible; MSIE 5.0; Windows 98; DigExt; (R1 1.5))"
212.149.155.107 - - [16/Jun/2004:13:18:43 -0700] "GET /blah/squeze.jpg HTTP/1.1" 200 15126 "http://phunny.drghetto.com/blah/" "Mozilla/4.0 (compatible; MSIE 5.0; Windows 98; DigExt; (R1 1.5))"
212.149.155.107 - - [16/Jun/2004:13:18:59 -0700] "GET /blah/statue%20of%20liberty.bmp HTTP/1.1" 200 68261 "http://phunny.drghetto.com/blah/" "Mozilla/4.0 (compatible; MSIE 5.0; Windows 98; DigExt; (R1 1.5))"
212.149.155.107 - - [16/Jun/2004:13:19:02 -0700] "GET /blah/tampax(TwistedHumor.com).jpg HTTP/1.1" 200 46606 "http://phunny.drghetto.com/blah/" "Mozilla/4.0 (compatible; MSIE 5.0; Windows 98; DigExt; (R1 1.5))"
212.149.155.107 - - [16/Jun/2004:13:19:10 -0700] "GET /blah/terrorschool.jpg HTTP/1.1" 200 26930 "http://phunny.drghetto.com/blah/" "Mozilla/4.0 (compatible; MSIE 5.0; Windows 98; DigExt; (R1 1.5))"
212.149.155.107 - - [16/Jun/2004:13:19:18 -0700] "GET /blah/this_is_me_and_my_sis.jpg HTTP/1.1" 200 51307 "http://phunny.drghetto.com/blah/" "Mozilla/4.0 (compatible; MSIE 5.0; Windows 98; DigExt; (R1 1.5))"
212.149.155.107 - - [16/Jun/2004:13:19:31 -0700] "GET /blah/this_is_me_on_a_friday_night.jpg HTTP/1.1" 200 25283 "http://phunny.drghetto.com/blah/" "Mozilla/4.0 (compatible; MSIE 5.0; Windows 98; DigExt; (R1 1.5))"
212.149.155.107 - - [16/Jun/2004:13:19:36 -0700] "GET /blah/thoughts1.jpg HTTP/1.1" 200 14082 "http://phunny.drghetto.com/blah/" "Mozilla/4.0 (compatible; MSIE 5.0; Windows 98; DigExt; (R1 1.5))"
212.149.155.107 - - [16/Jun/2004:13:19:47 -0700] "GET /blah/tickguy.jpg HTTP/1.1" 200 31153 "http://phunny.drghetto.com/blah/" "Mozilla/4.0 (compatible; MSIE 5.0; Windows 98; DigExt; (R1 1.5))"
212.149.155.107 - - [16/Jun/2004:13:19:56 -0700] "GET /blah/tywych02.jpg HTTP/1.1" 200 26287 "http://phunny.drghetto.com/blah/" "Mozilla/4.0 (compatible; MSIE 5.0; Windows 98; DigExt; (R1 1.5))"
212.149.155.107 - - [16/Jun/2004:13:20:04 -0700] "GET /blah/tywych03.jpg HTTP/1.1" 200 34928 "http://phunny.drghetto.com/blah/" "Mozilla/4.0 (compatible; MSIE 5.0; Windows 98; DigExt; (R1 1.5))"
212.149.155.107 - - [16/Jun/2004:13:20:14 -0700] "GET /blah/waov_bee.jpg HTTP/1.1" 200 123325 "http://phunny.drghetto.com/blah/" "Mozilla/4.0 (compatible; MSIE 5.0; Windows 98; DigExt; (R1 1.5))"
212.149.155.107 - - [16/Jun/2004:13:20:25 -0700] "GET /blah/wetpuss.jpg HTTP/1.1" 200 30558 "http://phunny.drghetto.com/blah/" "Mozilla/4.0 (compatible; MSIE 5.0; Windows 98; DigExt; (R1 1.5))"
212.149.155.107 - - [16/Jun/2004:13:20:31 -0700] "GET /blah/why(TwistedHumor.com)%5b1%5d.jpg HTTP/1.1" 200 30507 "http://phunny.drghetto.com/blah/" "Mozilla/4.0 (compatible; MSIE 5.0; Windows 98; DigExt; (R1 1.5))"
213.218.65.17 - - [16/Jun/2004:13:34:13 -0700] "GET / HTTP/1.1" 200 30727 "http://www.google.nl/search?q=open+dir+jpg&hl=nl&lr=&ie=UTF-8&start=10&sa=N" "Mozilla/4.0 (compatible; MSIE 6.0; Windows NT 5.1)"
213.218.65.17 - - [16/Jun/2004:13:34:14 -0700] "GET /icons/blank.gif HTTP/1.1" 200 148 "http://phunny.drghetto.com/" "Mozilla/4.0 (compatible; MSIE 6.0; Windows NT 5.1)"
213.218.65.17 - - [16/Jun/2004:13:34:15 -0700] "GET /icons/back.gif HTTP/1.1" 200 216 "http://phunny.drghetto.com/" "Mozilla/4.0 (compatible; MSIE 6.0; Windows NT 5.1)"
213.218.65.17 - - [16/Jun/2004:13:34:16 -0700] "GET /icons/movie.gif HTTP/1.1" 200 243 "http://phunny.drghetto.com/" "Mozilla/4.0 (compatible; MSIE 6.0; Windows NT 5.1)"
213.218.65.17 - - [16/Jun/2004:13:34:16 -0700] "GET /icons/image2.gif HTTP/1.1" 200 309 "http://phunny.drghetto.com/" "Mozilla/4.0 (compatible; MSIE 6.0; Windows NT 5.1)"
213.218.65.17 - - [16/Jun/2004:13:34:17 -0700] "GET /icons/unknown.gif HTTP/1.1" 200 245 "http://phunny.drghetto.com/" "Mozilla/4.0 (compatible; MSIE 6.0; Windows NT 5.1)"
213.218.65.17 - - [16/Jun/2004:13:34:17 -0700] "GET /icons/sound2.gif HTTP/1.1" 200 221 "http://phunny.drghetto.com/" "Mozilla/4.0 (compatible; MSIE 6.0; Windows NT 5.1)"
213.218.65.17 - - [16/Jun/2004:13:34:17 -0700] "GET /icons/folder.gif HTTP/1.1" 200 225 "http://phunny.drghetto.com/" "Mozilla/4.0 (compatible; MSIE 6.0; Windows NT 5.1)"
213.218.65.17 - - [16/Jun/2004:13:34:24 -0700] "GET /70756.jpg HTTP/1.1" 200 24647 "http://phunny.drghetto.com/" "Mozilla/4.0 (compatible; MSIE 6.0; Windows NT 5.1)"
141.158.103.216 - - [16/Jun/2004:13:40:11 -0700] "GET /Group_X_video.swf HTTP/1.1" 304 - "http://profiles.yahoo.com/f_o_xx_xx_xx_y" "Mozilla/4.0 (compatible; MSIE 6.0; Windows NT 5.1)"
205.206.75.170 - - [16/Jun/2004:13:53:42 -0700] "GET /Group_X_video.swf HTTP/1.1" 200 218195 "-" "Mozilla/4.0 (compatible; MSIE 6.0; Windows NT 5.1; DigExt)"
207.23.96.10 - - [16/Jun/2004:13:54:14 -0700] "GET / HTTP/1.1" 200 30727 "-" "Mozilla/4.0 (compatible; MSIE 6.0; Windows NT 5.1)"
207.23.96.10 - - [16/Jun/2004:13:54:14 -0700] "GET /icons/blank.gif HTTP/1.1" 200 148 "http://phunny.drghetto.com/" "Mozilla/4.0 (compatible; MSIE 6.0; Windows NT 5.1)"
207.23.96.10 - - [16/Jun/2004:13:54:14 -0700] "GET /icons/movie.gif HTTP/1.1" 200 243 "http://phunny.drghetto.com/" "Mozilla/4.0 (compatible; MSIE 6.0; Windows NT 5.1)"
207.23.96.10 - - [16/Jun/2004:13:54:14 -0700] "GET /icons/back.gif HTTP/1.1" 200 216 "http://phunny.drghetto.com/" "Mozilla/4.0 (compatible; MSIE 6.0; Windows NT 5.1)"
207.23.96.10 - - [16/Jun/2004:13:54:14 -0700] "GET /icons/image2.gif HTTP/1.1" 200 309 "http://phunny.drghetto.com/" "Mozilla/4.0 (compatible; MSIE 6.0; Windows NT 5.1)"
207.23.96.10 - - [16/Jun/2004:13:54:15 -0700] "GET /icons/unknown.gif HTTP/1.1" 200 245 "http://phunny.drghetto.com/" "Mozilla/4.0 (compatible; MSIE 6.0; Windows NT 5.1)"
207.23.96.10 - - [16/Jun/2004:13:54:15 -0700] "GET /icons/sound2.gif HTTP/1.1" 200 221 "http://phunny.drghetto.com/" "Mozilla/4.0 (compatible; MSIE 6.0; Windows NT 5.1)"
207.23.96.10 - - [16/Jun/2004:13:54:15 -0700] "GET /icons/folder.gif HTTP/1.1" 200 225 "http://phunny.drghetto.com/" "Mozilla/4.0 (compatible; MSIE 6.0; Windows NT 5.1)"
207.23.96.10 - - [16/Jun/2004:13:54:32 -0700] "GET /70756.jpg HTTP/1.1" 200 24647 "http://phunny.drghetto.com/" "Mozilla/4.0 (compatible; MSIE 6.0; Windows NT 5.1)"
207.23.96.10 - - [16/Jun/2004:13:54:35 -0700] "GET / HTTP/1.1" 200 30727 "-" "Mozilla/4.0 (compatible; MSIE 6.0; Windows NT 5.1)"
207.23.96.10 - - [16/Jun/2004:13:54:35 -0700] "GET /icons/blank.gif HTTP/1.1" 304 - "http://phunny.drghetto.com/" "Mozilla/4.0 (compatible; MSIE 6.0; Windows NT 5.1)"
207.23.96.10 - - [16/Jun/2004:13:54:35 -0700] "GET /icons/back.gif HTTP/1.1" 304 - "http://phunny.drghetto.com/" "Mozilla/4.0 (compatible; MSIE 6.0; Windows NT 5.1)"
207.23.96.10 - - [16/Jun/2004:13:54:35 -0700] "GET /icons/movie.gif HTTP/1.1" 304 - "http://phunny.drghetto.com/" "Mozilla/4.0 (compatible; MSIE 6.0; Windows NT 5.1)"
207.23.96.10 - - [16/Jun/2004:13:54:35 -0700] "GET /icons/image2.gif HTTP/1.1" 304 - "http://phunny.drghetto.com/" "Mozilla/4.0 (compatible; MSIE 6.0; Windows NT 5.1)"
207.23.96.10 - - [16/Jun/2004:13:54:35 -0700] "GET /icons/unknown.gif HTTP/1.1" 304 - "http://phunny.drghetto.com/" "Mozilla/4.0 (compatible; MSIE 6.0; Windows NT 5.1)"
207.23.96.10 - - [16/Jun/2004:13:54:35 -0700] "GET /icons/sound2.gif HTTP/1.1" 304 - "http://phunny.drghetto.com/" "Mozilla/4.0 (compatible; MSIE 6.0; Windows NT 5.1)"
207.23.96.10 - - [16/Jun/2004:13:54:35 -0700] "GET /icons/folder.gif HTTP/1.1" 304 - "http://phunny.drghetto.com/" "Mozilla/4.0 (compatible; MSIE 6.0; Windows NT 5.1)"
207.23.96.10 - - [16/Jun/2004:13:54:36 -0700] "GET /384033.1.jpg HTTP/1.1" 200 63822 "http://phunny.drghetto.com/" "Mozilla/4.0 (compatible; MSIE 6.0; Windows NT 5.1)"
207.23.96.10 - - [16/Jun/2004:13:54:38 -0700] "GET /57629.jpg HTTP/1.1" 200 59218 "http://phunny.drghetto.com/" "Mozilla/4.0 (compatible; MSIE 6.0; Windows NT 5.1)"
207.23.96.10 - - [16/Jun/2004:13:54:51 -0700] "GET /85361_ABORT.swf HTTP/1.1" 200 1081890 "http://phunny.drghetto.com/" "Mozilla/4.0 (compatible; MSIE 6.0; Windows NT 5.1)"
207.23.96.10 - - [16/Jun/2004:13:54:55 -0700] "GET /%3fbeaver2.jpg HTTP/1.1" 200 302 "http://phunny.drghetto.com/" "Mozilla/4.0 (compatible; MSIE 6.0; Windows NT 5.1)"
207.23.96.10 - - [16/Jun/2004:13:54:55 -0700] "GET /beaver2.jpg HTTP/1.1" 200 75877 "http://phunny.drghetto.com/%3fbeaver2.jpg" "Mozilla/4.0 (compatible; MSIE 6.0; Windows NT 5.1)"
207.23.96.10 - - [16/Jun/2004:13:55:04 -0700] "GET /BZP4.jpg HTTP/1.1" 200 93362 "http://phunny.drghetto.com/" "Mozilla/4.0 (compatible; MSIE 6.0; Windows NT 5.1)"
207.23.96.10 - - [16/Jun/2004:13:55:09 -0700] "GET /Best%20Company%20Name%20Ever.jpg HTTP/1.1" 200 23261 "http://phunny.drghetto.com/" "Mozilla/4.0 (compatible; MSIE 6.0; Windows NT 5.1)"
207.23.96.10 - - [16/Jun/2004:13:55:14 -0700] "GET /Bruiser.jpg HTTP/1.1" 200 48332 "http://phunny.drghetto.com/" "Mozilla/4.0 (compatible; MSIE 6.0; Windows NT 5.1)"
207.23.96.10 - - [16/Jun/2004:13:55:19 -0700] "GET /FBI-MCSOTerroristFlyer-Back.jpg HTTP/1.1" 200 169336 "http://phunny.drghetto.com/" "Mozilla/4.0 (compatible; MSIE 6.0; Windows NT 5.1)"
207.23.96.10 - - [16/Jun/2004:13:55:22 -0700] "GET /Florida2004.jpg HTTP/1.1" 200 44408 "http://phunny.drghetto.com/" "Mozilla/4.0 (compatible; MSIE 6.0; Windows NT 5.1)"
207.23.96.10 - - [16/Jun/2004:13:55:28 -0700] "GET /IRISH%20babys.jpg HTTP/1.1" 200 20352 "http://phunny.drghetto.com/" "Mozilla/4.0 (compatible; MSIE 6.0; Windows NT 5.1)"
207.23.96.10 - - [16/Jun/2004:13:55:34 -0700] "GET /Kabul-Forcast.jpg HTTP/1.1" 200 96421 "http://phunny.drghetto.com/" "Mozilla/4.0 (compatible; MSIE 6.0; Windows NT 5.1)"
207.23.96.10 - - [16/Jun/2004:13:55:40 -0700] "GET /Kitty.jpg HTTP/1.1" 200 26867 "http://phunny.drghetto.com/" "Mozilla/4.0 (compatible; MSIE 6.0; Windows NT 5.1)"
207.23.96.10 - - [16/Jun/2004:13:55:48 -0700] "GET /MSLili01.jpeg HTTP/1.1" 200 144179 "http://phunny.drghetto.com/" "Mozilla/4.0 (compatible; MSIE 6.0; Windows NT 5.1)"
207.23.96.10 - - [16/Jun/2004:13:56:00 -0700] "GET /McD'S.jpg HTTP/1.1" 200 167571 "http://phunny.drghetto.com/" "Mozilla/4.0 (compatible; MSIE 6.0; Windows NT 5.1)"
207.23.96.10 - - [16/Jun/2004:13:56:08 -0700] "GET /Power.jpg HTTP/1.1" 200 37264 "http://phunny.drghetto.com/" "Mozilla/4.0 (compatible; MSIE 6.0; Windows NT 5.1)"
207.23.96.10 - - [16/Jun/2004:13:56:19 -0700] "GET /Santa_Drunk.jpg HTTP/1.1" 200 44875 "http://phunny.drghetto.com/" "Mozilla/4.0 (compatible; MSIE 6.0; Windows NT 5.1)"
207.23.96.10 - - [16/Jun/2004:13:56:22 -0700] "GET /Trucker.jpg HTTP/1.1" 200 30072 "http://phunny.drghetto.com/" "Mozilla/4.0 (compatible; MSIE 6.0; Windows NT 5.1)"
207.23.96.10 - - [16/Jun/2004:13:56:25 -0700] "GET /WomanDrivers1.jpg HTTP/1.1" 200 49553 "http://phunny.drghetto.com/" "Mozilla/4.0 (compatible; MSIE 6.0; Windows NT 5.1)"
207.23.96.10 - - [16/Jun/2004:13:56:29 -0700] "GET / HTTP/1.1" 200 30727 "-" "Mozilla/4.0 (compatible; MSIE 6.0; Windows NT 5.1)"
207.23.96.10 - - [16/Jun/2004:13:56:29 -0700] "GET /icons/blank.gif HTTP/1.1" 200 148 "http://phunny.drghetto.com/" "Mozilla/4.0 (compatible; MSIE 6.0; Windows NT 5.1)"
207.23.96.10 - - [16/Jun/2004:13:56:29 -0700] "GET /icons/back.gif HTTP/1.1" 200 216 "http://phunny.drghetto.com/" "Mozilla/4.0 (compatible; MSIE 6.0; Windows NT 5.1)"
207.23.96.10 - - [16/Jun/2004:13:56:29 -0700] "GET /icons/image2.gif HTTP/1.1" 200 309 "http://phunny.drghetto.com/" "Mozilla/4.0 (compatible; MSIE 6.0; Windows NT 5.1)"
207.23.96.10 - - [16/Jun/2004:13:56:29 -0700] "GET /icons/movie.gif HTTP/1.1" 200 243 "http://phunny.drghetto.com/" "Mozilla/4.0 (compatible; MSIE 6.0; Windows NT 5.1)"
207.23.96.10 - - [16/Jun/2004:13:56:29 -0700] "GET /icons/unknown.gif HTTP/1.1" 200 245 "http://phunny.drghetto.com/" "Mozilla/4.0 (compatible; MSIE 6.0; Windows NT 5.1)"
207.23.96.10 - - [16/Jun/2004:13:56:29 -0700] "GET /icons/sound2.gif HTTP/1.1" 200 221 "http://phunny.drghetto.com/" "Mozilla/4.0 (compatible; MSIE 6.0; Windows NT 5.1)"
207.23.96.10 - - [16/Jun/2004:13:56:29 -0700] "GET /icons/folder.gif HTTP/1.1" 200 225 "http://phunny.drghetto.com/" "Mozilla/4.0 (compatible; MSIE 6.0; Windows NT 5.1)"
207.23.96.10 - - [16/Jun/2004:13:56:30 -0700] "GET /a3fSJake.jpg HTTP/1.1" 200 5971 "http://phunny.drghetto.com/" "Mozilla/4.0 (compatible; MSIE 6.0; Windows NT 5.1)"
207.23.96.10 - - [16/Jun/2004:13:56:32 -0700] "GET /384033.1.jpg HTTP/1.1" 200 63822 "http://phunny.drghetto.com/" "Mozilla/4.0 (compatible; MSIE 6.0; Windows NT 5.1)"
207.23.96.10 - - [16/Jun/2004:13:56:33 -0700] "GET /abnormalcy-1043712735.jpg HTTP/1.1" 200 0 "http://phunny.drghetto.com/" "Mozilla/4.0 (compatible; MSIE 6.0; Windows NT 5.1)"
207.23.96.10 - - [16/Jun/2004:13:56:35 -0700] "GET /alexisrules.gif HTTP/1.1" 200 28676 "http://phunny.drghetto.com/" "Mozilla/4.0 (compatible; MSIE 6.0; Windows NT 5.1)"
207.23.96.10 - - [16/Jun/2004:13:56:38 -0700] "GET /arkie_quarter.jpg HTTP/1.1" 200 46319 "http://phunny.drghetto.com/" "Mozilla/4.0 (compatible; MSIE 6.0; Windows NT 5.1)"
207.23.96.10 - - [16/Jun/2004:13:56:42 -0700] "GET /aytabtu_big.gif HTTP/1.1" 200 125646 "http://phunny.drghetto.com/" "Mozilla/4.0 (compatible; MSIE 6.0; Windows NT 5.1)"
207.23.96.10 - - [16/Jun/2004:13:56:51 -0700] "GET /bigbread.JPG HTTP/1.1" 200 18286 "http://phunny.drghetto.com/" "Mozilla/4.0 (compatible; MSIE 6.0; Windows NT 5.1)"
207.23.96.10 - - [16/Jun/2004:13:56:54 -0700] "GET /binladen.jpg HTTP/1.1" 200 88953 "http://phunny.drghetto.com/" "Mozilla/4.0 (compatible; MSIE 6.0; Windows NT 5.1)"
68.224.63.70 - - [16/Jun/2004:13:56:59 -0700] "GET / HTTP/1.1" 200 30727 "http://www.google.com/search?hl=en&ie=UTF-8&q=+drghetto" "Mozilla/4.0 (compatible; MSIE 6.0; Windows 98)"
68.224.63.70 - - [16/Jun/2004:13:56:59 -0700] "GET /icons/blank.gif HTTP/1.1" 200 148 "http://phunny.drghetto.com/" "Mozilla/4.0 (compatible; MSIE 6.0; Windows 98)"
68.224.63.70 - - [16/Jun/2004:13:56:59 -0700] "GET /icons/back.gif HTTP/1.1" 200 216 "http://phunny.drghetto.com/" "Mozilla/4.0 (compatible; MSIE 6.0; Windows 98)"
68.224.63.70 - - [16/Jun/2004:13:57:00 -0700] "GET /icons/movie.gif HTTP/1.1" 200 243 "http://phunny.drghetto.com/" "Mozilla/4.0 (compatible; MSIE 6.0; Windows 98)"
68.224.63.70 - - [16/Jun/2004:13:57:00 -0700] "GET /icons/image2.gif HTTP/1.1" 200 309 "http://phunny.drghetto.com/" "Mozilla/4.0 (compatible; MSIE 6.0; Windows 98)"
68.224.63.70 - - [16/Jun/2004:13:57:00 -0700] "GET /icons/unknown.gif HTTP/1.1" 200 245 "http://phunny.drghetto.com/" "Mozilla/4.0 (compatible; MSIE 6.0; Windows 98)"
68.224.63.70 - - [16/Jun/2004:13:57:00 -0700] "GET /icons/sound2.gif HTTP/1.1" 200 221 "http://phunny.drghetto.com/" "Mozilla/4.0 (compatible; MSIE 6.0; Windows 98)"
68.224.63.70 - - [16/Jun/2004:13:57:00 -0700] "GET /icons/folder.gif HTTP/1.1" 200 225 "http://phunny.drghetto.com/" "Mozilla/4.0 (compatible; MSIE 6.0; Windows 98)"
207.23.96.10 - - [16/Jun/2004:13:57:29 -0700] "GET /camp4.jpg HTTP/1.1" 200 20457 "http://phunny.drghetto.com/" "Mozilla/4.0 (compatible; MSIE 6.0; Windows NT 5.1)"
207.23.96.10 - - [16/Jun/2004:13:57:43 -0700] "GET /57629.jpg HTTP/1.1" 200 59218 "http://phunny.drghetto.com/" "Mozilla/4.0 (compatible; MSIE 6.0; Windows NT 5.1)"
207.23.96.10 - - [16/Jun/2004:13:57:44 -0700] "GET /build_a_plane.jpg HTTP/1.1" 200 177091 "http://phunny.drghetto.com/" "Mozilla/4.0 (compatible; MSIE 6.0; Windows NT 5.1)"
207.23.96.10 - - [16/Jun/2004:13:57:47 -0700] "GET /brochure.jpg HTTP/1.1" 200 174700 "http://phunny.drghetto.com/" "Mozilla/4.0 (compatible; MSIE 6.0; Windows NT 5.1)"
207.23.96.10 - - [16/Jun/2004:13:57:48 -0700] "GET /70756.jpg HTTP/1.1" 200 24647 "http://phunny.drghetto.com/" "Mozilla/4.0 (compatible; MSIE 6.0; Windows NT 5.1)"
207.23.96.10 - - [16/Jun/2004:13:57:49 -0700] "GET /blowup.mpg HTTP/1.1" 200 15572992 "http://phunny.drghetto.com/" "Mozilla/4.0 (compatible; MSIE 6.0; Windows NT 5.1)"
68.224.63.70 - - [16/Jun/2004:13:58:05 -0700] "GET /saddam_mobilescuds.jpg HTTP/1.1" 200 27119 "http://phunny.drghetto.com/" "Mozilla/4.0 (compatible; MSIE 6.0; Windows 98)"
207.23.96.10 - - [16/Jun/2004:13:58:06 -0700] "GET /%3fbeaver2.jpg HTTP/1.1" 200 302 "http://phunny.drghetto.com/" "Mozilla/4.0 (compatible; MSIE 6.0; Windows NT 5.1)"
207.23.96.10 - - [16/Jun/2004:13:58:06 -0700] "GET /beaver2.jpg HTTP/1.1" 200 75877 "http://phunny.drghetto.com/%3fbeaver2.jpg" "Mozilla/4.0 (compatible; MSIE 6.0; Windows NT 5.1)"
207.23.96.10 - - [16/Jun/2004:13:58:10 -0700] "GET /BZP4.jpg HTTP/1.1" 200 93362 "http://phunny.drghetto.com/" "Mozilla/4.0 (compatible; MSIE 6.0; Windows NT 5.1)"
68.224.63.70 - - [16/Jun/2004:13:58:47 -0700] "GET / HTTP/1.1" 200 30727 "http://www.google.com/search?hl=en&ie=UTF-8&q=drghetto" "Mozilla/4.0 (compatible; MSIE 6.0; Windows 98)"
68.224.63.70 - - [16/Jun/2004:13:58:47 -0700] "GET /icons/blank.gif HTTP/1.1" 200 148 "http://phunny.drghetto.com/" "Mozilla/4.0 (compatible; MSIE 6.0; Windows 98)"
68.224.63.70 - - [16/Jun/2004:13:58:47 -0700] "GET /icons/back.gif HTTP/1.1" 200 216 "http://phunny.drghetto.com/" "Mozilla/4.0 (compatible; MSIE 6.0; Windows 98)"
68.224.63.70 - - [16/Jun/2004:13:58:47 -0700] "GET /icons/movie.gif HTTP/1.1" 200 243 "http://phunny.drghetto.com/" "Mozilla/4.0 (compatible; MSIE 6.0; Windows 98)"
68.224.63.70 - - [16/Jun/2004:13:58:47 -0700] "GET /icons/image2.gif HTTP/1.1" 200 309 "http://phunny.drghetto.com/" "Mozilla/4.0 (compatible; MSIE 6.0; Windows 98)"
68.224.63.70 - - [16/Jun/2004:13:58:47 -0700] "GET /icons/unknown.gif HTTP/1.1" 200 245 "http://phunny.drghetto.com/" "Mozilla/4.0 (compatible; MSIE 6.0; Windows 98)"
68.224.63.70 - - [16/Jun/2004:13:58:47 -0700] "GET /icons/sound2.gif HTTP/1.1" 200 221 "http://phunny.drghetto.com/" "Mozilla/4.0 (compatible; MSIE 6.0; Windows 98)"
68.224.63.70 - - [16/Jun/2004:13:58:47 -0700] "GET /icons/folder.gif HTTP/1.1" 200 225 "http://phunny.drghetto.com/" "Mozilla/4.0 (compatible; MSIE 6.0; Windows 98)"
69.194.100.210 - - [16/Jun/2004:14:00:43 -0700] "GET /Group_X_video.swf HTTP/1.1" 200 41959 "-" "Mozilla/4.0 (compatible; MSIE 5.01; Windows NT 5.0; FunWebProducts)"
69.194.100.210 - - [16/Jun/2004:14:00:44 -0700] "GET /Group_X_video.swf HTTP/1.1" 206 27362 "-" "contype"
69.194.100.210 - - [16/Jun/2004:14:01:01 -0700] "GET /Group_X_video.swf HTTP/1.1" 206 215656 "-" "Mozilla/4.0 (compatible; MSIE 5.01; Windows NT 5.0; FunWebProducts)"
68.224.63.70 - - [16/Jun/2004:14:11:49 -0700] "GET / HTTP/1.1" 200 30727 "http://www.google.com/search?hl=en&ie=UTF-8&q=drghetto" "Mozilla/4.0 (compatible; MSIE 6.0; Windows 98)"
68.224.63.70 - - [16/Jun/2004:14:11:49 -0700] "GET /icons/blank.gif HTTP/1.1" 304 - "http://phunny.drghetto.com/" "Mozilla/4.0 (compatible; MSIE 6.0; Windows 98)"
68.224.63.70 - - [16/Jun/2004:14:11:49 -0700] "GET /icons/back.gif HTTP/1.1" 304 - "http://phunny.drghetto.com/" "Mozilla/4.0 (compatible; MSIE 6.0; Windows 98)"
68.224.63.70 - - [16/Jun/2004:14:11:50 -0700] "GET /icons/movie.gif HTTP/1.1" 304 - "http://phunny.drghetto.com/" "Mozilla/4.0 (compatible; MSIE 6.0; Windows 98)"
68.224.63.70 - - [16/Jun/2004:14:11:50 -0700] "GET /icons/image2.gif HTTP/1.1" 304 - "http://phunny.drghetto.com/" "Mozilla/4.0 (compatible; MSIE 6.0; Windows 98)"
68.224.63.70 - - [16/Jun/2004:14:11:50 -0700] "GET /icons/unknown.gif HTTP/1.1" 304 - "http://phunny.drghetto.com/" "Mozilla/4.0 (compatible; MSIE 6.0; Windows 98)"
68.224.63.70 - - [16/Jun/2004:14:11:50 -0700] "GET /icons/sound2.gif HTTP/1.1" 304 - "http://phunny.drghetto.com/" "Mozilla/4.0 (compatible; MSIE 6.0; Windows 98)"
68.224.63.70 - - [16/Jun/2004:14:11:50 -0700] "GET /icons/folder.gif HTTP/1.1" 304 - "http://phunny.drghetto.com/" "Mozilla/4.0 (compatible; MSIE 6.0; Windows 98)"
207.23.96.10 - - [16/Jun/2004:14:12:35 -0700] "GET /Best%20Company%20Name%20Ever.jpg HTTP/1.1" 200 23261 "http://phunny.drghetto.com/" "Mozilla/4.0 (compatible; MSIE 6.0; Windows NT 5.1)"
207.23.96.10 - - [16/Jun/2004:14:12:39 -0700] "GET /Bruiser.jpg HTTP/1.1" 200 48332 "http://phunny.drghetto.com/" "Mozilla/4.0 (compatible; MSIE 6.0; Windows NT 5.1)"
207.23.96.10 - - [16/Jun/2004:14:12:57 -0700] "GET /Divorce_Sept_11_Style.jpg HTTP/1.1" 200 26289 "http://phunny.drghetto.com/" "Mozilla/4.0 (compatible; MSIE 6.0; Windows NT 5.1)"
207.23.96.10 - - [16/Jun/2004:14:13:37 -0700] "GET /FBI-MCSOTerroristFlyer-Back.jpg HTTP/1.1" 200 169336 "http://phunny.drghetto.com/" "Mozilla/4.0 (compatible; MSIE 6.0; Windows NT 5.1)"
68.224.63.70 - - [16/Jun/2004:14:13:41 -0700] "GET /naughty_kitty.mpg HTTP/1.1" 200 49896 "http://phunny.drghetto.com/" "Mozilla/4.0 (compatible; MSIE 6.0; Windows 98)"
207.23.96.10 - - [16/Jun/2004:14:13:42 -0700] "GET /FBI-MCSOTerroristFlyer-Front.jpg HTTP/1.1" 200 138882 "http://phunny.drghetto.com/" "Mozilla/4.0 (compatible; MSIE 6.0; Windows NT 5.1)"
207.23.96.10 - - [16/Jun/2004:14:13:49 -0700] "GET /Flag%20burning%20terrorist.jpg HTTP/1.1" 200 32489 "http://phunny.drghetto.com/" "Mozilla/4.0 (compatible; MSIE 6.0; Windows NT 5.1)"
207.23.96.10 - - [16/Jun/2004:14:13:59 -0700] "GET /Florida2004.jpg HTTP/1.1" 200 44408 "http://phunny.drghetto.com/" "Mozilla/4.0 (compatible; MSIE 6.0; Windows NT 5.1)"
68.224.63.70 - - [16/Jun/2004:14:13:59 -0700] "GET /naughty_kitty.mpg HTTP/1.1" 206 1438261 "-" "Mozilla/4.0 (compatible; MSIE 6.0; Windows 98)"
207.23.96.10 - - [16/Jun/2004:14:14:10 -0700] "GET /IRISH%20babys.jpg HTTP/1.1" 200 20352 "http://phunny.drghetto.com/" "Mozilla/4.0 (compatible; MSIE 6.0; Windows NT 5.1)"
207.23.96.10 - - [16/Jun/2004:14:14:14 -0700] "GET /Kabul-Forcast.jpg HTTP/1.1" 200 96421 "http://phunny.drghetto.com/" "Mozilla/4.0 (compatible; MSIE 6.0; Windows NT 5.1)"
68.224.63.70 - - [16/Jun/2004:14:14:14 -0700] "GET /punchie.mov HTTP/1.1" 200 334219 "http://phunny.drghetto.com/" "Mozilla/4.0 (compatible; MSIE 6.0; Windows 98)"
207.23.96.10 - - [16/Jun/2004:14:14:21 -0700] "GET /Kitty.jpg HTTP/1.1" 200 26867 "http://phunny.drghetto.com/" "Mozilla/4.0 (compatible; MSIE 6.0; Windows NT 5.1)"
207.23.96.10 - - [16/Jun/2004:14:14:27 -0700] "GET /MSLili01.jpeg HTTP/1.1" 200 150019 "http://phunny.drghetto.com/" "Mozilla/4.0 (compatible; MSIE 6.0; Windows NT 5.1)"
207.23.96.10 - - [16/Jun/2004:14:14:36 -0700] "GET /McD'S.jpg HTTP/1.1" 200 167571 "http://phunny.drghetto.com/" "Mozilla/4.0 (compatible; MSIE 6.0; Windows NT 5.1)"
68.224.63.70 - - [16/Jun/2004:14:14:39 -0700] "GET /conan-starwars.wmv HTTP/1.1" 200 57054 "http://phunny.drghetto.com/" "Mozilla/4.0 (compatible; MSIE 6.0; Windows 98)"
207.23.96.10 - - [16/Jun/2004:14:14:40 -0700] "GET /Power.jpg HTTP/1.1" 200 37264 "http://phunny.drghetto.com/" "Mozilla/4.0 (compatible; MSIE 6.0; Windows NT 5.1)"
207.23.96.10 - - [16/Jun/2004:14:14:49 -0700] "GET /Santa_Drunk.jpg HTTP/1.1" 200 44875 "http://phunny.drghetto.com/" "Mozilla/4.0 (compatible; MSIE 6.0; Windows NT 5.1)"
207.23.96.10 - - [16/Jun/2004:14:14:54 -0700] "GET /Trucker.jpg HTTP/1.1" 200 30072 "http://phunny.drghetto.com/" "Mozilla/4.0 (compatible; MSIE 6.0; Windows NT 5.1)"
207.23.96.10 - - [16/Jun/2004:14:15:02 -0700] "GET /WomanDrivers1.jpg HTTP/1.1" 200 49553 "http://phunny.drghetto.com/" "Mozilla/4.0 (compatible; MSIE 6.0; Windows NT 5.1)"
68.224.63.70 - - [16/Jun/2004:14:15:03 -0700] "GET /conan-starwars.wmv HTTP/1.0" 200 48476 "-" "NSPlayer/4.1.0.3925"
207.23.96.10 - - [16/Jun/2004:14:15:06 -0700] "GET /a3fSJake.jpg HTTP/1.1" 200 5971 "http://phunny.drghetto.com/" "Mozilla/4.0 (compatible; MSIE 6.0; Windows NT 5.1)"
207.23.96.10 - - [16/Jun/2004:14:15:09 -0700] "GET /abnormalcy-1043712735.jpg HTTP/1.1" 200 0 "http://phunny.drghetto.com/" "Mozilla/4.0 (compatible; MSIE 6.0; Windows NT 5.1)"
207.23.96.10 - - [16/Jun/2004:14:15:12 -0700] "GET /arkie_quarter.jpg HTTP/1.1" 200 46319 "http://phunny.drghetto.com/" "Mozilla/4.0 (compatible; MSIE 6.0; Windows NT 5.1)"
207.23.96.10 - - [16/Jun/2004:14:15:21 -0700] "GET /aytabtu_big.gif HTTP/1.1" 200 125646 "http://phunny.drghetto.com/" "Mozilla/4.0 (compatible; MSIE 6.0; Windows NT 5.1)"
207.23.96.10 - - [16/Jun/2004:14:15:22 -0700] "GET /babyteeth(TwistedHumor.com).jpg HTTP/1.1" 200 24716 "http://phunny.drghetto.com/" "Mozilla/4.0 (compatible; MSIE 6.0; Windows NT 5.1)"
207.23.96.10 - - [16/Jun/2004:14:15:27 -0700] "GET /bigbread.JPG HTTP/1.1" 200 18286 "http://phunny.drghetto.com/" "Mozilla/4.0 (compatible; MSIE 6.0; Windows NT 5.1)"
68.224.63.70 - - [16/Jun/2004:14:16:13 -0700] "GET /domohuge.jpg HTTP/1.1" 200 85162 "http://phunny.drghetto.com/" "Mozilla/4.0 (compatible; MSIE 6.0; Windows 98)"
68.224.63.70 - - [16/Jun/2004:14:16:51 -0700] "GET / HTTP/1.1" 200 30727 "http://www.google.com/search?hl=en&ie=UTF-8&q=drghetto" "Mozilla/4.0 (compatible; MSIE 6.0; Windows 98)"
68.224.63.70 - - [16/Jun/2004:14:16:52 -0700] "GET /icons/blank.gif HTTP/1.1" 200 148 "http://phunny.drghetto.com/" "Mozilla/4.0 (compatible; MSIE 6.0; Windows 98)"
68.224.63.70 - - [16/Jun/2004:14:16:52 -0700] "GET /icons/back.gif HTTP/1.1" 200 216 "http://phunny.drghetto.com/" "Mozilla/4.0 (compatible; MSIE 6.0; Windows 98)"
68.224.63.70 - - [16/Jun/2004:14:16:52 -0700] "GET /icons/movie.gif HTTP/1.1" 200 243 "http://phunny.drghetto.com/" "Mozilla/4.0 (compatible; MSIE 6.0; Windows 98)"
68.224.63.70 - - [16/Jun/2004:14:16:52 -0700] "GET /icons/image2.gif HTTP/1.1" 200 309 "http://phunny.drghetto.com/" "Mozilla/4.0 (compatible; MSIE 6.0; Windows 98)"
68.224.63.70 - - [16/Jun/2004:14:16:52 -0700] "GET /icons/unknown.gif HTTP/1.1" 200 245 "http://phunny.drghetto.com/" "Mozilla/4.0 (compatible; MSIE 6.0; Windows 98)"
68.224.63.70 - - [16/Jun/2004:14:16:52 -0700] "GET /icons/sound2.gif HTTP/1.1" 200 221 "http://phunny.drghetto.com/" "Mozilla/4.0 (compatible; MSIE 6.0; Windows 98)"
68.224.63.70 - - [16/Jun/2004:14:16:52 -0700] "GET /icons/folder.gif HTTP/1.1" 200 225 "http://phunny.drghetto.com/" "Mozilla/4.0 (compatible; MSIE 6.0; Windows 98)"
68.224.63.70 - - [16/Jun/2004:14:17:15 -0700] "GET /Santa_Drunk.jpg HTTP/1.1" 200 44875 "http://phunny.drghetto.com/" "Mozilla/4.0 (compatible; MSIE 6.0; Windows 98)"
68.224.63.70 - - [16/Jun/2004:14:18:26 -0700] "GET / HTTP/1.1" 200 30727 "http://www.google.com/search?hl=en&ie=UTF-8&q=drghetto" "Mozilla/4.0 (compatible; MSIE 6.0; Windows 98)"
68.224.63.70 - - [16/Jun/2004:14:18:26 -0700] "GET /icons/blank.gif HTTP/1.1" 200 148 "http://phunny.drghetto.com/" "Mozilla/4.0 (compatible; MSIE 6.0; Windows 98)"
68.224.63.70 - - [16/Jun/2004:14:18:27 -0700] "GET /icons/back.gif HTTP/1.1" 200 216 "http://phunny.drghetto.com/" "Mozilla/4.0 (compatible; MSIE 6.0; Windows 98)"
68.224.63.70 - - [16/Jun/2004:14:18:27 -0700] "GET /icons/movie.gif HTTP/1.1" 200 243 "http://phunny.drghetto.com/" "Mozilla/4.0 (compatible; MSIE 6.0; Windows 98)"
68.224.63.70 - - [16/Jun/2004:14:18:27 -0700] "GET /icons/image2.gif HTTP/1.1" 200 309 "http://phunny.drghetto.com/" "Mozilla/4.0 (compatible; MSIE 6.0; Windows 98)"
68.224.63.70 - - [16/Jun/2004:14:18:27 -0700] "GET /icons/unknown.gif HTTP/1.1" 200 245 "http://phunny.drghetto.com/" "Mozilla/4.0 (compatible; MSIE 6.0; Windows 98)"
68.224.63.70 - - [16/Jun/2004:14:18:27 -0700] "GET /icons/sound2.gif HTTP/1.1" 200 221 "http://phunny.drghetto.com/" "Mozilla/4.0 (compatible; MSIE 6.0; Windows 98)"
68.224.63.70 - - [16/Jun/2004:14:18:27 -0700] "GET /icons/folder.gif HTTP/1.1" 200 225 "http://phunny.drghetto.com/" "Mozilla/4.0 (compatible; MSIE 6.0; Windows 98)"
