212.149.136.204 - - [16/Jun/2004:12:19:12 -0700] "GET /smogcheck.jpg HTTP/1.1" 200 47851 "-" "Mozilla/4.0 (compatible; MSIE 6.0; Windows NT 5.1; .NET CLR 1.1.4322)"
212.149.155.107 - - [16/Jun/2004:12:20:11 -0700] "GET /sooty.jpg HTTP/1.1" 200 108672 "http://phunny.drghetto.com/" "Mozilla/4.0 (compatible; MSIE 5.0; Windows 98; DigExt; (R1 1.5))"
80.221.100.158 - - [16/Jun/2004:12:20:37 -0700] "GET /smogcheck.jpg HTTP/1.1" 200 47851 "-" "Mozilla/4.0 (compatible; MSIE 6.0; Windows NT 5.1; .NET CLR 1.1.4322)"
212.149.155.107 - - [16/Jun/2004:12:20:37 -0700] "GET /sooty.jpg.1 HTTP/1.1" 200 103298 "http://phunny.drghetto.com/" "Mozilla/4.0 (compatible; MSIE 5.0; Windows 98; DigExt; (R1 1.5))"
212.149.155.107 - - [16/Jun/2004:12:20:44 -0700] "GET /squirrel.jpg HTTP/1.1" 200 61112 "http://phunny.drghetto.com/" "Mozilla/4.0 (compatible; MSIE 5.0; Windows 98; DigExt; (R1 1.5))"
212.149.155.107 - - [16/Jun/2004:12:20:49 -0700] "GET /switch.jpg HTTP/1.1" 200 42050 "http://phunny.drghetto.com/" "Mozilla/4.0 (compatible; MSIE 5.0; Windows 98; DigExt; (R1 1.5))"
212.149.155.107 - - [16/Jun/2004:12:20:58 -0700] "GET /tarmkoll.jpg HTTP/1.1" 200 67833 "http://phunny.drghetto.com/" "Mozilla/4.0 (compatible; MSIE 5.0; Windows 98; DigExt; (R1 1.5))"
212.149.155.107 - - [16/Jun/2004:12:21:25 -0700] "GET /tercel_xwing.jpg HTTP/1.1" 200 35108 "http://phunny.drghetto.com/" "Mozilla/4.0 (compatible; MSIE 5.0; Windows 98; DigExt; (R1 1.5))"
80.221.100.158 - - [16/Jun/2004:12:21:25 -0700] "GET /smogcheck.jpg HTTP/1.1" 304 - "-" "Mozilla/4.0 (compatible; MSIE 6.0; Windows NT 5.1; .NET CLR 1.1.4322)"
80.223.139.43 - - [16/Jun/2004:12:21:28 -0700] "GET /smogcheck.jpg HTTP/1.1" 200 47851 "-" "Mozilla/4.0 (compatible; MSIE 6.0; Windows NT 5.1)"
212.149.155.107 - - [16/Jun/2004:12:21:33 -0700] "GET /think-of-the-domokun.jpg HTTP/1.1" 200 54204 "http://phunny.drghetto.com/" "Mozilla/4.0 (compatible; MSIE 5.0; Windows 98; DigExt; (R1 1.5))"
212.149.155.107 - - [16/Jun/2004:12:21:53 -0700] "GET /thumbsup.jpg HTTP/1.1" 200 21400 "http://phunny.drghetto.com/" "Mozilla/4.0 (compatible; MSIE 5.0; Windows 98; DigExt; (R1 1.5))"
80.223.139.43 - - [16/Jun/2004:12:22:13 -0700] "GET /thumbsup.jpg HTTP/1.1" 200 21400 "-" "Mozilla/4.0 (compatible; MSIE 6.0; Windows NT 5.1)"
80.221.100.158 - - [16/Jun/2004:12:22:14 -0700] "GET /thumbsup.jpg HTTP/1.1" 200 21400 "-" "Mozilla/4.0 (compatible; MSIE 6.0; Windows NT 5.1; .NET CLR 1.1.4322)"
212.149.155.107 - - [16/Jun/2004:12:22:38 -0700] "GET /wc270.gif HTTP/1.1" 200 54675 "http://phunny.drghetto.com/" "Mozilla/4.0 (compatible; MSIE 5.0; Windows 98; DigExt; (R1 1.5))"
212.149.155.107 - - [16/Jun/2004:12:22:50 -0700] "GET /wedding.jpg HTTP/1.1" 200 259167 "http://phunny.drghetto.com/" "Mozilla/4.0 (compatible; MSIE 5.0; Windows 98; DigExt; (R1 1.5))"
212.149.155.107 - - [16/Jun/2004:12:23:04 -0700] "GET /weeddude.jpg HTTP/1.1" 200 36259 "http://phunny.drghetto.com/" "Mozilla/4.0 (compatible; MSIE 5.0; Windows 98; DigExt; (R1 1.5))"
212.149.155.107 - - [16/Jun/2004:12:23:13 -0700] "GET /weird021.jpg HTTP/1.1" 200 59367 "http://phunny.drghetto.com/" "Mozilla/4.0 (compatible; MSIE 5.0; Windows 98; DigExt; (R1 1.5))"
212.149.155.107 - - [16/Jun/2004:12:23:22 -0700] "GET /whatapredicament.jpg HTTP/1.1" 200 36216 "http://phunny.drghetto.com/" "Mozilla/4.0 (compatible; MSIE 5.0; Windows 98; DigExt; (R1 1.5))"
212.149.155.107 - - [16/Jun/2004:12:23:29 -0700] "GET /whoops.jpg HTTP/1.1" 200 58576 "http://phunny.drghetto.com/" "Mozilla/4.0 (compatible; MSIE 5.0; Windows 98; DigExt; (R1 1.5))"
212.149.155.107 - - [16/Jun/2004:12:23:48 -0700] "GET /whoslineanyway.jpg HTTP/1.1" 200 70269 "http://phunny.drghetto.com/" "Mozilla/4.0 (compatible; MSIE 5.0; Windows 98; DigExt; (R1 1.5))"
212.149.155.107 - - [16/Jun/2004:12:23:56 -0700] "GET /wierdantics.jpg HTTP/1.1" 200 88169 "http://phunny.drghetto.com/" "Mozilla/4.0 (compatible; MSIE 5.0; Windows 98; DigExt; (R1 1.5))"
80.223.139.43 - - [16/Jun/2004:12:24:15 -0700] "GET /wierdantics.jpg HTTP/1.1" 200 88169 "-" "Mozilla/4.0 (compatible; MSIE 6.0; Windows NT 5.1)"
80.221.100.158 - - [16/Jun/2004:12:24:21 -0700] "GET /wierdantics.jpg HTTP/1.1" 200 88169 "-" "Mozilla/4.0 (compatible; MSIE 6.0; Windows NT 5.1; .NET CLR 1.1.4322)"
212.149.155.107 - - [16/Jun/2004:12:26:54 -0700] "GET /blah/ HTTP/1.1" 200 45594 "http://phunny.drghetto.com/" "Mozilla/4.0 (compatible; MSIE 5.0; Windows 98; DigExt; (R1 1.5))"
212.149.155.107 - - [16/Jun/2004:12:26:57 -0700] "GET /icons/blank.gif HTTP/1.1" 304 - "http://phunny.drghetto.com/blah/" "Mozilla/4.0 (compatible; MSIE 5.0; Windows 98; DigExt; (R1 1.5))"
212.149.155.107 - - [16/Jun/2004:12:26:57 -0700] "GET /icons/back.gif HTTP/1.1" 304 - "http://phunny.drghetto.com/blah/" "Mozilla/4.0 (compatible; MSIE 5.0; Windows 98; DigExt; (R1 1.5))"
212.149.155.107 - - [16/Jun/2004:12:26:57 -0700] "GET /icons/image2.gif HTTP/1.1" 304 - "http://phunny.drghetto.com/blah/" "Mozilla/4.0 (compatible; MSIE 5.0; Windows 98; DigExt; (R1 1.5))"
212.149.155.107 - - [16/Jun/2004:12:26:58 -0700] "GET /icons/unknown.gif HTTP/1.1" 304 - "http://phunny.drghetto.com/blah/" "Mozilla/4.0 (compatible; MSIE 5.0; Windows 98; DigExt; (R1 1.5))"
212.149.155.107 - - [16/Jun/2004:12:26:58 -0700] "GET /icons/sound2.gif HTTP/1.1" 304 - "http://phunny.drghetto.com/blah/" "Mozilla/4.0 (compatible; MSIE 5.0; Windows 98; DigExt; (R1 1.5))"
212.149.155.107 - - [16/Jun/2004:12:26:58 -0700] "GET /icons/compressed.gif HTTP/1.1" 200 1038 "http://phunny.drghetto.com/blah/" "Mozilla/4.0 (compatible; MSIE 5.0; Windows 98; DigExt; (R1 1.5))"
212.149.155.107 - - [16/Jun/2004:12:27:12 -0700] "GET /blah/015.jpg HTTP/1.1" 200 31553 "http://phunny.drghetto.com/blah/" "Mozilla/4.0 (compatible; MSIE 5.0; Windows 98; DigExt; (R1 1.5))"
80.221.100.158 - - [16/Jun/2004:12:27:36 -0700] "GET /blah/015.jpg HTTP/1.1" 200 31553 "-" "Mozilla/4.0 (compatible; MSIE 6.0; Windows NT 5.1; .NET CLR 1.1.4322)"
80.223.139.43 - - [16/Jun/2004:12:27:45 -0700] "GET /blah/015.jpg HTTP/1.1" 200 31553 "-" "Mozilla/4.0 (compatible; MSIE 6.0; Windows NT 5.1)"
212.149.155.107 - - [16/Jun/2004:12:27:56 -0700] "GET /blah/1.jpg HTTP/1.1" 200 56001 "http://phunny.drghetto.com/blah/" "Mozilla/4.0 (compatible; MSIE 5.0; Windows 98; DigExt; (R1 1.5))"
212.149.155.107 - - [16/Jun/2004:12:28:04 -0700] "GET /blah/3.jpg HTTP/1.1" 200 21945 "http://phunny.drghetto.com/blah/" "Mozilla/4.0 (compatible; MSIE 5.0; Windows 98; DigExt; (R1 1.5))"
80.221.100.158 - - [16/Jun/2004:12:28:17 -0700] "GET /blah/3.jpg HTTP/1.1" 200 21945 "-" "Mozilla/4.0 (compatible; MSIE 6.0; Windows NT 5.1; .NET CLR 1.1.4322)"
212.149.155.107 - - [16/Jun/2004:12:28:26 -0700] "GET /blah/Adam_Eve.jpg HTTP/1.1" 200 32959 "http://phunny.drghetto.com/blah/" "Mozilla/4.0 (compatible; MSIE 5.0; Windows 98; DigExt; (R1 1.5))"
212.149.155.107 - - [16/Jun/2004:12:28:34 -0700] "GET /blah/Attach.jpg HTTP/1.1" 200 65632 "http://phunny.drghetto.com/blah/" "Mozilla/4.0 (compatible; MSIE 5.0; Windows 98; DigExt; (R1 1.5))"
212.149.155.107 - - [16/Jun/2004:12:28:55 -0700] "GET /blah/BabyMoses.jpg HTTP/1.1" 200 33845 "http://phunny.drghetto.com/blah/" "Mozilla/4.0 (compatible; MSIE 5.0; Windows 98; DigExt; (R1 1.5))"
212.149.155.107 - - [16/Jun/2004:12:29:23 -0700] "GET /blah/Big%20One.jpg HTTP/1.1" 200 65257 "http://phunny.drghetto.com/blah/" "Mozilla/4.0 (compatible; MSIE 5.0; Windows 98; DigExt; (R1 1.5))"
212.149.155.107 - - [16/Jun/2004:12:30:08 -0700] "GET /blah/Bodypaint_4PAINT~1.jpg HTTP/1.1" 200 69178 "http://phunny.drghetto.com/blah/" "Mozilla/4.0 (compatible; MSIE 5.0; Windows 98; DigExt; (R1 1.5))"
80.223.139.43 - - [16/Jun/2004:12:30:32 -0700] "GET /blah/Bodypaint_4PAINT~1.jpg HTTP/1.1" 200 69178 "-" "Mozilla/4.0 (compatible; MSIE 6.0; Windows NT 5.1)"
212.149.155.107 - - [16/Jun/2004:12:30:38 -0700] "GET /blah/Bodypaint_CHEETA~1.jpg HTTP/1.1" 200 56081 "http://phunny.drghetto.com/blah/" "Mozilla/4.0 (compatible; MSIE 5.0; Windows 98; DigExt; (R1 1.5))"
212.149.155.107 - - [16/Jun/2004:12:30:46 -0700] "GET /blah/Bodypaint_GREEN.jpg HTTP/1.1" 200 63769 "http://phunny.drghetto.com/blah/" "Mozilla/4.0 (compatible; MSIE 5.0; Windows 98; DigExt; (R1 1.5))"
80.221.100.158 - - [16/Jun/2004:12:30:51 -0700] "GET /blah/Bodypaint_4PAINT~1.jpg HTTP/1.1" 200 69178 "-" "Mozilla/4.0 (compatible; MSIE 6.0; Windows NT 5.1; .NET CLR 1.1.4322)"
212.149.155.107 - - [16/Jun/2004:12:30:52 -0700] "GET /blah/Bodypaint_MYSTIQUE.jpg HTTP/1.1" 200 59489 "http://phunny.drghetto.com/blah/" "Mozilla/4.0 (compatible; MSIE 5.0; Windows 98; DigExt; (R1 1.5))"
212.149.155.107 - - [16/Jun/2004:12:31:05 -0700] "GET /blah/Bodypaint_SILVER.jpg HTTP/1.1" 200 59694 "http://phunny.drghetto.com/blah/" "Mozilla/4.0 (compatible; MSIE 5.0; Windows 98; DigExt; (R1 1.5))"
212.149.155.107 - - [16/Jun/2004:12:31:11 -0700] "GET /blah/Bodypaint_TRIPLETS.jpg HTTP/1.1" 200 60284 "http://phunny.drghetto.com/blah/" "Mozilla/4.0 (compatible; MSIE 5.0; Windows 98; DigExt; (R1 1.5))"
212.149.155.107 - - [16/Jun/2004:12:31:18 -0700] "GET /blah/Cold%20Zipper.jpg HTTP/1.1" 200 66306 "http://phunny.drghetto.com/blah/" "Mozilla/4.0 (compatible; MSIE 5.0; Windows 98; DigExt; (R1 1.5))"
212.149.155.107 - - [16/Jun/2004:12:31:43 -0700] "GET /blah/Computer-expert.jpg HTTP/1.1" 200 53970 "http://phunny.drghetto.com/blah/" "Mozilla/4.0 (compatible; MSIE 5.0; Windows 98; DigExt; (R1 1.5))"
80.221.100.158 - - [16/Jun/2004:12:31:51 -0700] "GET /blah/Cold%20Zipper.jpg HTTP/1.1" 200 66306 "-" "Mozilla/4.0 (compatible; MSIE 6.0; Windows NT 5.1; .NET CLR 1.1.4322)"
212.149.155.107 - - [16/Jun/2004:12:32:10 -0700] "GET /blah/DIRTYJ10.jpg HTTP/1.1" 200 17082 "http://phunny.drghetto.com/blah/" "Mozilla/4.0 (compatible; MSIE 5.0; Windows 98; DigExt; (R1 1.5))"
212.149.155.107 - - [16/Jun/2004:12:32:18 -0700] "GET /blah/DIRTYJO1.jpg HTTP/1.1" 200 47511 "http://phunny.drghetto.com/blah/" "Mozilla/4.0 (compatible; MSIE 5.0; Windows 98; DigExt; (R1 1.5))"
212.149.155.107 - - [16/Jun/2004:12:32:32 -0700] "GET /blah/DIRTYJO5.jpg HTTP/1.1" 200 43850 "http://phunny.drghetto.com/blah/" "Mozilla/4.0 (compatible; MSIE 5.0; Windows 98; DigExt; (R1 1.5))"
212.149.155.107 - - [16/Jun/2004:12:32:37 -0700] "GET /blah/Discreet.jpg HTTP/1.1" 200 21846 "http://phunny.drghetto.com/blah/" "Mozilla/4.0 (compatible; MSIE 5.0; Windows 98; DigExt; (R1 1.5))"
212.149.155.107 - - [16/Jun/2004:12:32:44 -0700] "GET /blah/Eight%20Reasons%20to%20Love%20Summer.jpg HTTP/1.1" 200 56847 "http://phunny.drghetto.com/blah/" "Mozilla/4.0 (compatible; MSIE 5.0; Windows 98; DigExt; (R1 1.5))"
80.223.139.43 - - [16/Jun/2004:12:33:06 -0700] "GET /blah/Eight%20Reasons%20to%20Love%20Summer.jpg HTTP/1.1" 200 56847 "-" "Mozilla/4.0 (compatible; MSIE 6.0; Windows NT 5.1)"
80.221.100.158 - - [16/Jun/2004:12:33:21 -0700] "GET /blah/Eight%20Reasons%20to%20Love%20Summer.jpg HTTP/1.1" 200 56847 "-" "Mozilla/4.0 (compatible; MSIE 6.0; Windows NT 5.1; .NET CLR 1.1.4322)"
212.149.155.107 - - [16/Jun/2004:12:34:26 -0700] "GET /blah/FIRST.GIF HTTP/1.1" 200 65507 "http://phunny.drghetto.com/blah/" "Mozilla/4.0 (compatible; MSIE 5.0; Windows 98; DigExt; (R1 1.5))"
212.149.155.107 - - [16/Jun/2004:12:34:39 -0700] "GET /blah/GANJA.JPG HTTP/1.1" 200 7398 "http://phunny.drghetto.com/blah/" "Mozilla/4.0 (compatible; MSIE 5.0; Windows 98; DigExt; (R1 1.5))"
212.149.155.107 - - [16/Jun/2004:12:34:44 -0700] "GET /blah/HALFBA~1.JPG HTTP/1.1" 200 7156 "http://phunny.drghetto.com/blah/" "Mozilla/4.0 (compatible; MSIE 5.0; Windows 98; DigExt; (R1 1.5))"
212.149.155.107 - - [16/Jun/2004:12:34:49 -0700] "GET /blah/HERBER.GIF HTTP/1.1" 200 44021 "http://phunny.drghetto.com/blah/" "Mozilla/4.0 (compatible; MSIE 5.0; Windows 98; DigExt; (R1 1.5))"
212.149.155.107 - - [16/Jun/2004:12:34:54 -0700] "GET /blah/HONEY.JPG HTTP/1.1" 200 42227 "http://phunny.drghetto.com/blah/" "Mozilla/4.0 (compatible; MSIE 5.0; Windows 98; DigExt; (R1 1.5))"
80.223.139.43 - - [16/Jun/2004:12:35:09 -0700] "GET /blah/HONEY.JPG HTTP/1.1" 200 42227 "-" "Mozilla/4.0 (compatible; MSIE 6.0; Windows NT 5.1)"
80.221.100.158 - - [16/Jun/2004:12:35:09 -0700] "GET /blah/HONEY.JPG HTTP/1.1" 200 42227 "-" "Mozilla/4.0 (compatible; MSIE 6.0; Windows NT 5.1; .NET CLR 1.1.4322)"
212.149.155.107 - - [16/Jun/2004:12:35:12 -0700] "GET /blah/HOT_DOG__1_1.jpg HTTP/1.1" 200 40243 "http://phunny.drghetto.com/blah/" "Mozilla/4.0 (compatible; MSIE 5.0; Windows 98; DigExt; (R1 1.5))"
80.223.139.43 - - [16/Jun/2004:12:35:27 -0700] "GET /blah/HOT_DOG__1_1.jpg HTTP/1.1" 200 40243 "-" "Mozilla/4.0 (compatible; MSIE 6.0; Windows NT 5.1)"
80.221.100.158 - - [16/Jun/2004:12:35:31 -0700] "GET /blah/HOT_DOG__1_1.jpg HTTP/1.1" 200 40243 "-" "Mozilla/4.0 (compatible; MSIE 6.0; Windows NT 5.1; .NET CLR 1.1.4322)"
212.149.155.107 - - [16/Jun/2004:12:35:44 -0700] "GET /blah/Holiday%20Baking.jpg HTTP/1.1" 200 74642 "http://phunny.drghetto.com/blah/" "Mozilla/4.0 (compatible; MSIE 5.0; Windows 98; DigExt; (R1 1.5))"
212.149.155.107 - - [16/Jun/2004:12:36:10 -0700] "GET /blah/Hotdogs.jpg HTTP/1.1" 200 26310 "http://phunny.drghetto.com/blah/" "Mozilla/4.0 (compatible; MSIE 5.0; Windows 98; DigExt; (R1 1.5))"
212.149.136.204 - - [16/Jun/2004:12:36:15 -0700] "GET /blah/HOT_DOG__1_1.jpg HTTP/1.1" 200 40243 "-" "Mozilla/4.0 (compatible; MSIE 6.0; Windows NT 5.1; .NET CLR 1.1.4322)"
80.221.100.158 - - [16/Jun/2004:12:36:35 -0700] "GET /blah/Hotdogs.jpg HTTP/1.1" 200 26310 "-" "Mozilla/4.0 (compatible; MSIE 6.0; Windows NT 5.1; .NET CLR 1.1.4322)"
80.223.139.43 - - [16/Jun/2004:12:36:39 -0700] "GET /blah/Hotdogs.jpg HTTP/1.1" 200 26310 "-" "Mozilla/4.0 (compatible; MSIE 6.0; Windows NT 5.1)"
212.149.155.107 - - [16/Jun/2004:12:36:46 -0700] "GET /blah/Jpeg1.jpg HTTP/1.1" 200 36029 "http://phunny.drghetto.com/blah/" "Mozilla/4.0 (compatible; MSIE 5.0; Windows 98; DigExt; (R1 1.5))"
80.221.100.158 - - [16/Jun/2004:12:37:04 -0700] "GET /blah/Jpeg1.jpg HTTP/1.1" 200 36029 "-" "Mozilla/4.0 (compatible; MSIE 6.0; Windows NT 5.1; .NET CLR 1.1.4322)"
80.223.139.43 - - [16/Jun/2004:12:37:05 -0700] "GET /blah/Jpeg1.jpg HTTP/1.1" 200 36029 "-" "Mozilla/4.0 (compatible; MSIE 6.0; Windows NT 5.1)"
212.149.155.107 - - [16/Jun/2004:12:37:10 -0700] "GET /blah/Kitty-Kitty.jpg HTTP/1.1" 200 27587 "http://phunny.drghetto.com/blah/" "Mozilla/4.0 (compatible; MSIE 5.0; Windows 98; DigExt; (R1 1.5))"
80.221.100.158 - - [16/Jun/2004:12:37:28 -0700] "GET /blah/Kitty-Kitty.jpg HTTP/1.1" 200 27587 "-" "Mozilla/4.0 (compatible; MSIE 6.0; Windows NT 5.1; .NET CLR 1.1.4322)"
212.149.155.107 - - [16/Jun/2004:12:37:30 -0700] "GET /blah/MALE-BRA.GIF HTTP/1.1" 200 10352 "http://phunny.drghetto.com/blah/" "Mozilla/4.0 (compatible; MSIE 5.0; Windows 98; DigExt; (R1 1.5))"
80.223.139.43 - - [16/Jun/2004:12:37:31 -0700] "GET /blah/Kitty-Kitty.jpg HTTP/1.1" 200 27587 "-" "Mozilla/4.0 (compatible; MSIE 6.0; Windows NT 5.1)"
212.149.155.107 - - [16/Jun/2004:12:37:51 -0700] "GET /blah/Male%20Brain.jpg HTTP/1.1" 200 17664 "http://phunny.drghetto.com/blah/" "Mozilla/4.0 (compatible; MSIE 5.0; Windows 98; DigExt; (R1 1.5))"
212.149.155.107 - - [16/Jun/2004:12:37:56 -0700] "GET /blah/Milking2.jpg HTTP/1.1" 200 39193 "http://phunny.drghetto.com/blah/" "Mozilla/4.0 (compatible; MSIE 5.0; Windows 98; DigExt; (R1 1.5))"
212.149.155.107 - - [16/Jun/2004:12:38:07 -0700] "GET /blah/Minnesota%20Most%20Dangerous.jpg HTTP/1.1" 200 64276 "http://phunny.drghetto.com/blah/" "Mozilla/4.0 (compatible; MSIE 5.0; Windows 98; DigExt; (R1 1.5))"
212.149.155.107 - - [16/Jun/2004:12:38:36 -0700] "GET /blah/NATURALE.jpg HTTP/1.1" 200 14890 "http://phunny.drghetto.com/blah/" "Mozilla/4.0 (compatible; MSIE 5.0; Windows 98; DigExt; (R1 1.5))"
212.149.155.107 - - [16/Jun/2004:12:38:40 -0700] "GET /blah/NATURALE2.jpg HTTP/1.1" 200 22151 "http://phunny.drghetto.com/blah/" "Mozilla/4.0 (compatible; MSIE 5.0; Windows 98; DigExt; (R1 1.5))"
212.149.155.107 - - [16/Jun/2004:12:38:45 -0700] "GET /blah/NATURALE5.jpg HTTP/1.1" 200 36398 "http://phunny.drghetto.com/blah/" "Mozilla/4.0 (compatible; MSIE 5.0; Windows 98; DigExt; (R1 1.5))"
212.149.155.107 - - [16/Jun/2004:12:38:49 -0700] "GET /blah/NATURALE6.jpg HTTP/1.1" 200 14361 "http://phunny.drghetto.com/blah/" "Mozilla/4.0 (compatible; MSIE 5.0; Windows 98; DigExt; (R1 1.5))"
212.149.155.107 - - [16/Jun/2004:12:38:54 -0700] "GET /blah/New_Jeans.jpg HTTP/1.1" 200 38896 "http://phunny.drghetto.com/blah/" "Mozilla/4.0 (compatible; MSIE 5.0; Windows 98; DigExt; (R1 1.5))"
212.149.155.107 - - [16/Jun/2004:12:39:01 -0700] "GET /blah/Nice__image_(1).jpg HTTP/1.1" 200 24930 "http://phunny.drghetto.com/blah/" "Mozilla/4.0 (compatible; MSIE 5.0; Windows 98; DigExt; (R1 1.5))"
212.149.155.11 - - [16/Jun/2004:12:39:11 -0700] "GET /blah/HOT_DOG__1_1.jpg HTTP/1.1" 200 40243 "-" "Mozilla/4.0 (compatible; MSIE 6.0; Windows NT 5.1)"
80.223.139.43 - - [16/Jun/2004:12:39:18 -0700] "GET /blah/Nice__image_(1).jpg HTTP/1.1" 200 24930 "-" "Mozilla/4.0 (compatible; MSIE 6.0; Windows NT 5.1)"
80.221.100.158 - - [16/Jun/2004:12:39:18 -0700] "GET /blah/Nice__image_(1).jpg HTTP/1.1" 200 24930 "-" "Mozilla/4.0 (compatible; MSIE 6.0; Windows NT 5.1; .NET CLR 1.1.4322)"
212.149.155.107 - - [16/Jun/2004:12:39:39 -0700] "GET /blah/Organograma0_1.jpg HTTP/1.1" 200 40934 "http://phunny.drghetto.com/blah/" "Mozilla/4.0 (compatible; MSIE 5.0; Windows 98; DigExt; (R1 1.5))"
212.149.155.107 - - [16/Jun/2004:12:39:45 -0700] "GET /blah/PHART.GIF HTTP/1.1" 200 42773 "http://phunny.drghetto.com/blah/" "Mozilla/4.0 (compatible; MSIE 5.0; Windows 98; DigExt; (R1 1.5))"
212.149.155.107 - - [16/Jun/2004:12:39:52 -0700] "GET /blah/PIC1-nail.jpg HTTP/1.1" 200 22692 "http://phunny.drghetto.com/blah/" "Mozilla/4.0 (compatible; MSIE 5.0; Windows 98; DigExt; (R1 1.5))"
212.149.155.107 - - [16/Jun/2004:12:39:57 -0700] "GET /blah/PIC3pen.jpg HTTP/1.1" 200 13593 "http://phunny.drghetto.com/blah/" "Mozilla/4.0 (compatible; MSIE 5.0; Windows 98; DigExt; (R1 1.5))"
212.149.155.107 - - [16/Jun/2004:12:40:12 -0700] "GET /blah/POKERNIGHT.jpg HTTP/1.1" 200 46256 "http://phunny.drghetto.com/blah/" "Mozilla/4.0 (compatible; MSIE 5.0; Windows 98; DigExt; (R1 1.5))"
212.149.155.107 - - [16/Jun/2004:12:40:29 -0700] "GET /blah/Password1.jpg HTTP/1.1" 200 29615 "http://phunny.drghetto.com/blah/" "Mozilla/4.0 (compatible; MSIE 5.0; Windows 98; DigExt; (R1 1.5))"
80.221.100.158 - - [16/Jun/2004:12:40:29 -0700] "GET /blah/POKERNIGHT.jpg HTTP/1.1" 200 46256 "-" "Mozilla/4.0 (compatible; MSIE 6.0; Windows NT 5.1; .NET CLR 1.1.4322)"
80.223.139.43 - - [16/Jun/2004:12:40:30 -0700] "GET /blah/POKERNIGHT.jpg HTTP/1.1" 200 46256 "-" "Mozilla/4.0 (compatible; MSIE 6.0; Windows NT 5.1)"
80.223.139.43 - - [16/Jun/2004:12:40:47 -0700] "GET /blah/Password1.jpg HTTP/1.1" 200 29615 "-" "Mozilla/4.0 (compatible; MSIE 6.0; Windows NT 5.1)"
80.221.100.158 - - [16/Jun/2004:12:40:50 -0700] "GET /blah/Password1.jpg HTTP/1.1" 200 29615 "-" "Mozilla/4.0 (compatible; MSIE 6.0; Windows NT 5.1; .NET CLR 1.1.4322)"
212.149.155.107 - - [16/Jun/2004:12:40:59 -0700] "GET /blah/Peanuts-Last-Strip.gif HTTP/1.1" 200 363326 "http://phunny.drghetto.com/blah/" "Mozilla/4.0 (compatible; MSIE 5.0; Windows 98; DigExt; (R1 1.5))"
212.149.155.107 - - [16/Jun/2004:12:41:20 -0700] "GET /blah/Power_of_love_31.jpg HTTP/1.1" 200 31465 "http://phunny.drghetto.com/blah/" "Mozilla/4.0 (compatible; MSIE 5.0; Windows 98; DigExt; (R1 1.5))"
212.149.155.107 - - [16/Jun/2004:12:41:26 -0700] "GET /blah/REEFER4.GIF HTTP/1.1" 200 8136 "http://phunny.drghetto.com/blah/" "Mozilla/4.0 (compatible; MSIE 5.0; Windows 98; DigExt; (R1 1.5))"
212.149.155.107 - - [16/Jun/2004:12:41:36 -0700] "GET /blah/ROADKILL.JPG HTTP/1.1" 200 40622 "http://phunny.drghetto.com/blah/" "Mozilla/4.0 (compatible; MSIE 5.0; Windows 98; DigExt; (R1 1.5))"
212.149.155.107 - - [16/Jun/2004:12:41:43 -0700] "GET /blah/RP67LP.JPG HTTP/1.1" 200 53658 "http://phunny.drghetto.com/blah/" "Mozilla/4.0 (compatible; MSIE 5.0; Windows 98; DigExt; (R1 1.5))"
212.149.155.107 - - [16/Jun/2004:12:41:49 -0700] "GET /blah/Rhino.jpg HTTP/1.1" 200 42756 "http://phunny.drghetto.com/blah/" "Mozilla/4.0 (compatible; MSIE 5.0; Windows 98; DigExt; (R1 1.5))"
212.149.155.107 - - [16/Jun/2004:12:42:04 -0700] "GET /blah/SWIMMERS.JPG HTTP/1.1" 200 98185 "http://phunny.drghetto.com/blah/" "Mozilla/4.0 (compatible; MSIE 5.0; Windows 98; DigExt; (R1 1.5))"
212.149.155.107 - - [16/Jun/2004:12:42:10 -0700] "GET /blah/Santa_bad.jpg HTTP/1.1" 200 37663 "http://phunny.drghetto.com/blah/" "Mozilla/4.0 (compatible; MSIE 5.0; Windows 98; DigExt; (R1 1.5))"
212.149.155.107 - - [16/Jun/2004:12:42:14 -0700] "GET /blah/Save.jpg HTTP/1.1" 200 21299 "http://phunny.drghetto.com/blah/" "Mozilla/4.0 (compatible; MSIE 5.0; Windows 98; DigExt; (R1 1.5))"
212.149.155.107 - - [16/Jun/2004:12:42:19 -0700] "GET /blah/Shirt1.jpg HTTP/1.1" 200 7735 "http://phunny.drghetto.com/blah/" "Mozilla/4.0 (compatible; MSIE 5.0; Windows 98; DigExt; (R1 1.5))"
212.149.155.107 - - [16/Jun/2004:12:42:26 -0700] "GET /blah/Shirt2.jpg HTTP/1.1" 200 18236 "http://phunny.drghetto.com/blah/" "Mozilla/4.0 (compatible; MSIE 5.0; Windows 98; DigExt; (R1 1.5))"
80.223.139.43 - - [16/Jun/2004:12:42:42 -0700] "GET /blah/Shirt2.jpg HTTP/1.1" 200 18236 "-" "Mozilla/4.0 (compatible; MSIE 6.0; Windows NT 5.1)"
80.221.100.158 - - [16/Jun/2004:12:42:43 -0700] "GET /blah/Shirt2.jpg HTTP/1.1" 200 18236 "-" "Mozilla/4.0 (compatible; MSIE 6.0; Windows NT 5.1; .NET CLR 1.1.4322)"
212.149.155.107 - - [16/Jun/2004:12:42:45 -0700] "GET /blah/Shirt3.jpg HTTP/1.1" 200 19822 "http://phunny.drghetto.com/blah/" "Mozilla/4.0 (compatible; MSIE 5.0; Windows 98; DigExt; (R1 1.5))"
212.149.155.107 - - [16/Jun/2004:12:42:54 -0700] "GET /blah/Shirt4.jpg HTTP/1.1" 200 41882 "http://phunny.drghetto.com/blah/" "Mozilla/4.0 (compatible; MSIE 5.0; Windows 98; DigExt; (R1 1.5))"
212.149.155.107 - - [16/Jun/2004:12:43:06 -0700] "GET /blah/Shirt5.jpg HTTP/1.1" 200 33225 "http://phunny.drghetto.com/blah/" "Mozilla/4.0 (compatible; MSIE 5.0; Windows 98; DigExt; (R1 1.5))"
212.149.155.107 - - [16/Jun/2004:12:43:13 -0700] "GET /blah/Shirt6.jpg HTTP/1.1" 200 23110 "http://phunny.drghetto.com/blah/" "Mozilla/4.0 (compatible; MSIE 5.0; Windows 98; DigExt; (R1 1.5))"
212.149.155.107 - - [16/Jun/2004:12:43:19 -0700] "GET /blah/Slide10.JPG HTTP/1.1" 200 32688 "http://phunny.drghetto.com/blah/" "Mozilla/4.0 (compatible; MSIE 5.0; Windows 98; DigExt; (R1 1.5))"
212.149.155.107 - - [16/Jun/2004:12:43:51 -0700] "GET /blah/Slide11.JPG HTTP/1.1" 200 39436 "http://phunny.drghetto.com/blah/" "Mozilla/4.0 (compatible; MSIE 5.0; Windows 98; DigExt; (R1 1.5))"
212.149.155.107 - - [16/Jun/2004:12:43:56 -0700] "GET /blah/Slide12.JPG HTTP/1.1" 200 32850 "http://phunny.drghetto.com/blah/" "Mozilla/4.0 (compatible; MSIE 5.0; Windows 98; DigExt; (R1 1.5))"
80.223.139.43 - - [16/Jun/2004:12:44:27 -0700] "GET /thumbsup.jpg HTTP/1.1" 304 - "-" "Mozilla/4.0 (compatible; MSIE 6.0; Windows NT 5.1)"
80.221.100.158 - - [16/Jun/2004:12:44:32 -0700] "GET /blah/Slide12.JPG HTTP/1.1" 200 32850 "-" "Mozilla/4.0 (compatible; MSIE 6.0; Windows NT 5.1; .NET CLR 1.1.4322)"
212.149.155.107 - - [16/Jun/2004:12:44:34 -0700] "GET /blah/Slide13.JPG HTTP/1.1" 200 42306 "http://phunny.drghetto.com/blah/" "Mozilla/4.0 (compatible; MSIE 5.0; Windows 98; DigExt; (R1 1.5))"
80.223.139.43 - - [16/Jun/2004:12:44:36 -0700] "GET /blah/Slide12.JPG HTTP/1.1" 200 32850 "-" "Mozilla/4.0 (compatible; MSIE 6.0; Windows NT 5.1)"
80.223.139.43 - - [16/Jun/2004:12:44:51 -0700] "GET /blah/Slide13.JPG HTTP/1.1" 200 42306 "-" "Mozilla/4.0 (compatible; MSIE 6.0; Windows NT 5.1)"
212.149.155.107 - - [16/Jun/2004:12:44:55 -0700] "GET /blah/Slide3.JPG HTTP/1.1" 200 40896 "http://phunny.drghetto.com/blah/" "Mozilla/4.0 (compatible; MSIE 5.0; Windows 98; DigExt; (R1 1.5))"
80.221.100.158 - - [16/Jun/2004:12:44:59 -0700] "GET /blah/Slide13.JPG HTTP/1.1" 200 42306 "-" "Mozilla/4.0 (compatible; MSIE 6.0; Windows NT 5.1; .NET CLR 1.1.4322)"
80.223.139.43 - - [16/Jun/2004:12:45:05 -0700] "GET /blah/Slide12.JPG HTTP/1.1" 304 - "-" "Mozilla/4.0 (compatible; MSIE 6.0; Windows NT 5.1)"
80.221.100.158 - - [16/Jun/2004:12:45:15 -0700] "GET /blah/Slide3.JPG HTTP/1.1" 200 40896 "-" "Mozilla/4.0 (compatible; MSIE 6.0; Windows NT 5.1; .NET CLR 1.1.4322)"
80.223.139.43 - - [16/Jun/2004:12:45:18 -0700] "GET /blah/Slide3.JPG HTTP/1.1" 200 40896 "-" "Mozilla/4.0 (compatible; MSIE 6.0; Windows NT 5.1)"
212.149.155.107 - - [16/Jun/2004:12:45:27 -0700] "GET /blah/Slide5.JPG HTTP/1.1" 200 38045 "http://phunny.drghetto.com/blah/" "Mozilla/4.0 (compatible; MSIE 5.0; Windows 98; DigExt; (R1 1.5))"
80.221.100.158 - - [16/Jun/2004:12:45:42 -0700] "GET /blah/Slide5.JPG HTTP/1.1" 200 38045 "-" "Mozilla/4.0 (compatible; MSIE 6.0; Windows NT 5.1; .NET CLR 1.1.4322)"
212.149.155.107 - - [16/Jun/2004:12:45:44 -0700] "GET /blah/Slide9.JPG HTTP/1.1" 200 43707 "http://phunny.drghetto.com/blah/" "Mozilla/4.0 (compatible; MSIE 5.0; Windows 98; DigExt; (R1 1.5))"
80.223.139.43 - - [16/Jun/2004:12:45:45 -0700] "GET /blah/Slide5.JPG HTTP/1.1" 200 38045 "-" "Mozilla/4.0 (compatible; MSIE 6.0; Windows NT 5.1)"
212.149.155.107 - - [16/Jun/2004:12:46:00 -0700] "GET /blah/Speed.jpg HTTP/1.1" 200 16295 "http://phunny.drghetto.com/blah/" "Mozilla/4.0 (compatible; MSIE 5.0; Windows 98; DigExt; (R1 1.5))"
80.221.100.158 - - [16/Jun/2004:12:46:00 -0700] "GET /blah/Slide9.JPG HTTP/1.1" 200 43707 "-" "Mozilla/4.0 (compatible; MSIE 6.0; Windows NT 5.1; .NET CLR 1.1.4322)"
80.223.139.43 - - [16/Jun/2004:12:46:01 -0700] "GET /blah/Slide9.JPG HTTP/1.1" 200 43707 "-" "Mozilla/4.0 (compatible; MSIE 6.0; Windows NT 5.1)"
80.221.100.158 - - [16/Jun/2004:12:46:24 -0700] "GET /blah/Speed.jpg HTTP/1.1" 200 16295 "-" "Mozilla/4.0 (compatible; MSIE 6.0; Windows NT 5.1; .NET CLR 1.1.4322)"
80.223.139.43 - - [16/Jun/2004:12:46:24 -0700] "GET /blah/Speed.jpg HTTP/1.1" 200 16295 "-" "Mozilla/4.0 (compatible; MSIE 6.0; Windows NT 5.1)"
80.221.100.158 - - [16/Jun/2004:12:46:42 -0700] "GET /imdf19112001142708a.jpg HTTP/1.1" 304 - "-" "Mozilla/4.0 (compatible; MSIE 6.0; Windows NT 5.1; .NET CLR 1.1.4322)"
80.221.100.158 - - [16/Jun/2004:12:46:58 -0700] "GET /blah/Jpeg1.jpg HTTP/1.1" 304 - "-" "Mozilla/4.0 (compatible; MSIE 6.0; Windows NT 5.1; .NET CLR 1.1.4322)"
80.221.100.158 - - [16/Jun/2004:12:47:23 -0700] "GET /blah/Eight%20Reasons%20to%20Love%20Summer.jpg HTTP/1.1" 304 - "-" "Mozilla/4.0 (compatible; MSIE 6.0; Windows NT 5.1; .NET CLR 1.1.4322)"
212.149.155.107 - - [16/Jun/2004:12:47:56 -0700] "GET /blah/Thong.jpg HTTP/1.1" 200 37894 "http://phunny.drghetto.com/blah/" "Mozilla/4.0 (compatible; MSIE 5.0; Windows 98; DigExt; (R1 1.5))"
212.149.155.107 - - [16/Jun/2004:12:48:27 -0700] "GET /blah/Toiletseat.jpg HTTP/1.1" 200 11993 "http://phunny.drghetto.com/blah/" "Mozilla/4.0 (compatible; MSIE 5.0; Windows 98; DigExt; (R1 1.5))"
212.149.155.107 - - [16/Jun/2004:12:49:14 -0700] "GET /blah/WEIGHT.jpg HTTP/1.1" 200 23419 "http://phunny.drghetto.com/blah/" "Mozilla/4.0 (compatible; MSIE 5.0; Windows 98; DigExt; (R1 1.5))"
212.149.155.107 - - [16/Jun/2004:12:49:22 -0700] "GET /blah/WhatEveryOfficeNeeds.jpg HTTP/1.1" 200 28782 "http://phunny.drghetto.com/blah/" "Mozilla/4.0 (compatible; MSIE 5.0; Windows 98; DigExt; (R1 1.5))"
212.149.155.107 - - [16/Jun/2004:12:49:30 -0700] "GET /blah/X-MAS%20OUTFIT!.jpg HTTP/1.1" 200 53778 "http://phunny.drghetto.com/blah/" "Mozilla/4.0 (compatible; MSIE 5.0; Windows 98; DigExt; (R1 1.5))"
212.149.155.107 - - [16/Jun/2004:12:49:41 -0700] "GET /blah/XMas%201.jpg HTTP/1.1" 200 33152 "http://phunny.drghetto.com/blah/" "Mozilla/4.0 (compatible; MSIE 5.0; Windows 98; DigExt; (R1 1.5))"
212.149.155.107 - - [16/Jun/2004:12:49:49 -0700] "GET /blah/XMas%202.jpg HTTP/1.1" 200 41204 "http://phunny.drghetto.com/blah/" "Mozilla/4.0 (compatible; MSIE 5.0; Windows 98; DigExt; (R1 1.5))"
212.149.155.107 - - [16/Jun/2004:12:49:55 -0700] "GET /blah/XMas%203.jpg HTTP/1.1" 200 36680 "http://phunny.drghetto.com/blah/" "Mozilla/4.0 (compatible; MSIE 5.0; Windows 98; DigExt; (R1 1.5))"
212.149.155.107 - - [16/Jun/2004:12:50:01 -0700] "GET /blah/XMas%204.jpg HTTP/1.1" 200 35809 "http://phunny.drghetto.com/blah/" "Mozilla/4.0 (compatible; MSIE 5.0; Windows 98; DigExt; (R1 1.5))"
212.149.155.107 - - [16/Jun/2004:12:50:06 -0700] "GET /blah/XMas%205.jpg HTTP/1.1" 200 12240 "http://phunny.drghetto.com/blah/" "Mozilla/4.0 (compatible; MSIE 5.0; Windows 98; DigExt; (R1 1.5))"
212.149.155.107 - - [16/Jun/2004:12:50:15 -0700] "GET /blah/XMas%206.jpg HTTP/1.1" 200 46693 "http://phunny.drghetto.com/blah/" "Mozilla/4.0 (compatible; MSIE 5.0; Windows 98; DigExt; (R1 1.5))"
212.149.155.107 - - [16/Jun/2004:12:50:25 -0700] "GET /blah/XMas%207.jpg HTTP/1.1" 200 37240 "http://phunny.drghetto.com/blah/" "Mozilla/4.0 (compatible; MSIE 5.0; Windows 98; DigExt; (R1 1.5))"
212.149.155.107 - - [16/Jun/2004:12:50:35 -0700] "GET /blah/%5bX-BUDDiES%5d200205.jpg HTTP/1.1" 200 13918 "http://phunny.drghetto.com/blah/" "Mozilla/4.0 (compatible; MSIE 5.0; Windows 98; DigExt; (R1 1.5))"
212.149.155.107 - - [16/Jun/2004:12:50:46 -0700] "GET /blah/afganistan_after_war.jpg HTTP/1.1" 200 59603 "http://phunny.drghetto.com/blah/" "Mozilla/4.0 (compatible; MSIE 5.0; Windows 98; DigExt; (R1 1.5))"
212.149.155.107 - - [16/Jun/2004:12:50:55 -0700] "GET /blah/airport.jpg HTTP/1.1" 200 124550 "http://phunny.drghetto.com/blah/" "Mozilla/4.0 (compatible; MSIE 5.0; Windows 98; DigExt; (R1 1.5))"
212.149.155.107 - - [16/Jun/2004:12:51:00 -0700] "GET /blah/amishter.jpg HTTP/1.1" 200 72054 "http://phunny.drghetto.com/blah/" "Mozilla/4.0 (compatible; MSIE 5.0; Windows 98; DigExt; (R1 1.5))"
212.149.155.107 - - [16/Jun/2004:12:51:15 -0700] "GET /blah/arkans~1.jpg HTTP/1.1" 200 108341 "http://phunny.drghetto.com/blah/" "Mozilla/4.0 (compatible; MSIE 5.0; Windows 98; DigExt; (R1 1.5))"
212.149.155.107 - - [16/Jun/2004:12:51:22 -0700] "GET /blah/asign(TwistedHumor.com).jpg HTTP/1.1" 200 32991 "http://phunny.drghetto.com/blah/" "Mozilla/4.0 (compatible; MSIE 5.0; Windows 98; DigExt; (R1 1.5))"
212.149.155.107 - - [16/Jun/2004:12:51:36 -0700] "GET /blah/ass.jpg HTTP/1.1" 200 16523 "http://phunny.drghetto.com/blah/" "Mozilla/4.0 (compatible; MSIE 5.0; Windows 98; DigExt; (R1 1.5))"
212.149.155.107 - - [16/Jun/2004:12:51:42 -0700] "GET /blah/b4coffee.jpg HTTP/1.1" 200 16993 "http://phunny.drghetto.com/blah/" "Mozilla/4.0 (compatible; MSIE 5.0; Windows 98; DigExt; (R1 1.5))"
212.149.155.107 - - [16/Jun/2004:12:51:50 -0700] "GET /blah/badaim.gif HTTP/1.1" 200 17424 "http://phunny.drghetto.com/blah/" "Mozilla/4.0 (compatible; MSIE 5.0; Windows 98; DigExt; (R1 1.5))"
212.149.155.107 - - [16/Jun/2004:12:51:58 -0700] "GET /blah/banheira1.jpg HTTP/1.1" 200 28404 "http://phunny.drghetto.com/blah/" "Mozilla/4.0 (compatible; MSIE 5.0; Windows 98; DigExt; (R1 1.5))"
212.149.155.107 - - [16/Jun/2004:12:52:10 -0700] "GET /blah/bestcostume.jpg HTTP/1.1" 200 57936 "http://phunny.drghetto.com/blah/" "Mozilla/4.0 (compatible; MSIE 5.0; Windows 98; DigExt; (R1 1.5))"
212.149.155.107 - - [16/Jun